-- https://www.phpmyadmin.net/
--

START TRANSACTION;



--
-- Database: `projectsciphersq_project`
--

-- --------------------------------------------------------

--
-- Table structure for table `activity_log`
--

CREATE TABLE `activity_log` (
  `id` bigint(20) UNSIGNED NOT NULL,
  `log_name` varchar(161) COLLATE utf8mb4_unicode_ci DEFAULT NULL,
  `description` text COLLATE utf8mb4_unicode_ci NOT NULL,
  `subject_type` varchar(161) COLLATE utf8mb4_unicode_ci DEFAULT NULL,
  `subject_id` bigint(20) UNSIGNED DEFAULT NULL,
  `causer_type` varchar(161) COLLATE utf8mb4_unicode_ci DEFAULT NULL,
  `causer_id` bigint(20) UNSIGNED DEFAULT NULL,
  `properties` longtext COLLATE utf8mb4_unicode_ci,
  `created_at` timestamp NULL DEFAULT NULL,
  `updated_at` timestamp NULL DEFAULT NULL
) ENGINE=InnoDB DEFAULT CHARSET=utf8mb4 COLLATE=utf8mb4_unicode_ci;

--
-- Dumping data for table `activity_log`
--

INSERT INTO `activity_log` (`id`, `log_name`, `description`, `subject_type`, `subject_id`, `causer_type`, `causer_id`, `properties`, `created_at`, `updated_at`) VALUES
(1, 'New Role created.', 'New Role DESIGNER created.', 'App\\Models\\Role', 5, 'App\\Models\\User', 1, '{\"modal\":\"App\\\\Models\\\\Role\",\"data\":\"\"}', '2022-06-16 03:30:56', '2022-06-16 03:30:56'),
(2, 'New Client created.', 'New Client Vidcom created.', 'App\\Models\\Client', 1, 'App\\Models\\User', 1, '{\"modal\":\"App\\\\Models\\\\Client\",\"data\":\"\"}', '2022-06-16 19:32:14', '2022-06-16 19:32:14'),
(3, 'New Client created.', 'New Client Paysprint created.', 'App\\Models\\Client', 2, 'App\\Models\\User', 1, '{\"modal\":\"App\\\\Models\\\\Client\",\"data\":\"\"}', '2022-06-16 19:33:23', '2022-06-16 19:33:23'),
(4, 'Project Assign To User', 'Assigned kyc to Pankaj,Sheetal', 'App\\Models\\Project', 1, 'App\\Models\\User', 1, '{\"modal\":\"App\\\\Models\\\\Project\",\"data\":\"\"}', '2022-06-16 19:49:03', '2022-06-16 19:49:03'),
(5, 'Project Created', 'Created project', 'App\\Models\\Project', 1, 'App\\Models\\User', 1, '{\"modal\":\"App\\\\Models\\\\Project\",\"data\":\" kyc\"}', '2022-06-16 19:49:03', '2022-06-16 19:49:03'),
(6, 'Task Created', 'Created new task Kyc login', 'App\\Models\\Project', 1, 'App\\Models\\User', 2, '{\"modal\":\"App\\\\Models\\\\Task\",\"data\":\"of kyc\"}', '2022-06-16 20:21:41', '2022-06-16 20:21:41'),
(7, 'User Assigned to Project', 'Assigned salary to project', 'App\\Models\\Project', 1, 'App\\Models\\User', 1, '{\"modal\":\"App\\\\Models\\\\User\",\"data\":\"kyc\"}', '2022-06-16 21:15:43', '2022-06-16 21:15:43'),
(8, 'User Assigned to Project', 'Assigned Shivam to project', 'App\\Models\\Project', 1, 'App\\Models\\User', 1, '{\"modal\":\"App\\\\Models\\\\User\",\"data\":\"kyc\"}', '2022-06-17 00:18:50', '2022-06-17 00:18:50'),
(9, 'User Assigned to Project', 'Assigned Raju to project', 'App\\Models\\Project', 1, 'App\\Models\\User', 1, '{\"modal\":\"App\\\\Models\\\\User\",\"data\":\"kyc\"}', '2022-06-17 18:22:37', '2022-06-17 18:22:37'),
(10, 'Project Assign To User', 'Assigned Quziz to salary', 'App\\Models\\Project', 2, 'App\\Models\\User', 1, '{\"modal\":\"App\\\\Models\\\\Project\",\"data\":\"\"}', '2022-06-18 18:12:59', '2022-06-18 18:12:59'),
(11, 'Project Created', 'Created project', 'App\\Models\\Project', 2, 'App\\Models\\User', 1, '{\"modal\":\"App\\\\Models\\\\Project\",\"data\":\" Quziz\"}', '2022-06-18 18:12:59', '2022-06-18 18:12:59'),
(12, 'Project Assign To User', 'Assigned kyc to Pankaj', 'App\\Models\\Project', 3, 'App\\Models\\User', 1, '{\"modal\":\"App\\\\Models\\\\Project\",\"data\":\"\"}', '2022-06-18 18:16:38', '2022-06-18 18:16:38'),
(13, 'Project Created', 'Created project', 'App\\Models\\Project', 3, 'App\\Models\\User', 1, '{\"modal\":\"App\\\\Models\\\\Project\",\"data\":\" kyc\"}', '2022-06-18 18:16:38', '2022-06-18 18:16:38'),
(14, 'Project Assign To User', 'Assigned kyc to salary', 'App\\Models\\Project', 4, 'App\\Models\\User', 1, '{\"modal\":\"App\\\\Models\\\\Project\",\"data\":\"\"}', '2022-06-18 18:18:15', '2022-06-18 18:18:15'),
(15, 'Project Created', 'Created project', 'App\\Models\\Project', 4, 'App\\Models\\User', 1, '{\"modal\":\"App\\\\Models\\\\Project\",\"data\":\" kyc\"}', '2022-06-18 18:18:15', '2022-06-18 18:18:15'),
(16, 'Project Assign To User', 'Assigned kyc to salary', 'App\\Models\\Project', 5, 'App\\Models\\User', 1, '{\"modal\":\"App\\\\Models\\\\Project\",\"data\":\"\"}', '2022-06-18 18:21:09', '2022-06-18 18:21:09'),
(17, 'Project Created', 'Created project', 'App\\Models\\Project', 5, 'App\\Models\\User', 1, '{\"modal\":\"App\\\\Models\\\\Project\",\"data\":\" kyc\"}', '2022-06-18 18:21:09', '2022-06-18 18:21:09'),
(18, 'Project Assign To User', 'Assigned kyc to salary', 'App\\Models\\Project', 6, 'App\\Models\\User', 1, '{\"modal\":\"App\\\\Models\\\\Project\",\"data\":\"\"}', '2022-06-18 18:23:35', '2022-06-18 18:23:35'),
(19, 'Project Created', 'Created project', 'App\\Models\\Project', 6, 'App\\Models\\User', 1, '{\"modal\":\"App\\\\Models\\\\Project\",\"data\":\" kyc\"}', '2022-06-18 18:23:35', '2022-06-18 18:23:35'),
(20, 'Project Assign To User', 'Assigned kyc to salary', 'App\\Models\\Project', 7, 'App\\Models\\User', 1, '{\"modal\":\"App\\\\Models\\\\Project\",\"data\":\"\"}', '2022-06-18 18:25:41', '2022-06-18 18:25:41'),
(21, 'Project Created', 'Created project', 'App\\Models\\Project', 7, 'App\\Models\\User', 1, '{\"modal\":\"App\\\\Models\\\\Project\",\"data\":\" kyc\"}', '2022-06-18 18:25:41', '2022-06-18 18:25:41'),
(22, 'Project Assign To User', 'Assigned kyc to salary', 'App\\Models\\Project', 8, 'App\\Models\\User', 1, '{\"modal\":\"App\\\\Models\\\\Project\",\"data\":\"\"}', '2022-06-18 18:36:28', '2022-06-18 18:36:28'),
(23, 'Project Created', 'Created project', 'App\\Models\\Project', 8, 'App\\Models\\User', 1, '{\"modal\":\"App\\\\Models\\\\Project\",\"data\":\" kyc\"}', '2022-06-18 18:36:28', '2022-06-18 18:36:28'),
(24, 'Project Assign To User', 'Assigned quiz to salary', 'App\\Models\\Project', 9, 'App\\Models\\User', 1, '{\"modal\":\"App\\\\Models\\\\Project\",\"data\":\"\"}', '2022-06-18 18:38:19', '2022-06-18 18:38:19'),
(25, 'Project Created', 'Created project', 'App\\Models\\Project', 9, 'App\\Models\\User', 1, '{\"modal\":\"App\\\\Models\\\\Project\",\"data\":\" quiz\"}', '2022-06-18 18:38:19', '2022-06-18 18:38:19'),
(26, 'Project Assign To User', 'Assigned kyc to salary', 'App\\Models\\Project', 10, 'App\\Models\\User', 1, '{\"modal\":\"App\\\\Models\\\\Project\",\"data\":\"\"}', '2022-06-18 18:42:31', '2022-06-18 18:42:31'),
(27, 'Project Created', 'Created project', 'App\\Models\\Project', 10, 'App\\Models\\User', 1, '{\"modal\":\"App\\\\Models\\\\Project\",\"data\":\" kyc\"}', '2022-06-18 18:42:31', '2022-06-18 18:42:31'),
(28, 'Project Assign To User', 'Assigned kuuy to salary', 'App\\Models\\Project', 11, 'App\\Models\\User', 1, '{\"modal\":\"App\\\\Models\\\\Project\",\"data\":\"\"}', '2022-06-18 18:43:41', '2022-06-18 18:43:41'),
(29, 'Project Created', 'Created project', 'App\\Models\\Project', 11, 'App\\Models\\User', 1, '{\"modal\":\"App\\\\Models\\\\Project\",\"data\":\" kuuy\"}', '2022-06-18 18:43:41', '2022-06-18 18:43:41'),
(30, 'Project Assign To User', 'Assigned kyc to salary', 'App\\Models\\Project', 12, 'App\\Models\\User', 1, '{\"modal\":\"App\\\\Models\\\\Project\",\"data\":\"\"}', '2022-06-19 05:14:19', '2022-06-19 05:14:19'),
(31, 'Project Created', 'Created project', 'App\\Models\\Project', 12, 'App\\Models\\User', 1, '{\"modal\":\"App\\\\Models\\\\Project\",\"data\":\" kyc\"}', '2022-06-19 05:14:19', '2022-06-19 05:14:19'),
(32, 'Project Assign To User', 'Assigned kyc to salary', 'App\\Models\\Project', 13, 'App\\Models\\User', 1, '{\"modal\":\"App\\\\Models\\\\Project\",\"data\":\"\"}', '2022-06-19 05:15:25', '2022-06-19 05:15:25'),
(33, 'Project Created', 'Created project', 'App\\Models\\Project', 13, 'App\\Models\\User', 1, '{\"modal\":\"App\\\\Models\\\\Project\",\"data\":\" kyc\"}', '2022-06-19 05:15:25', '2022-06-19 05:15:25'),
(34, 'Project Assign To User', 'Assigned fgh to Pankaj,salary', 'App\\Models\\Project', 14, 'App\\Models\\User', 1, '{\"modal\":\"App\\\\Models\\\\Project\",\"data\":\"\"}', '2022-06-19 05:18:51', '2022-06-19 05:18:51'),
(35, 'Project Created', 'Created project', 'App\\Models\\Project', 14, 'App\\Models\\User', 1, '{\"modal\":\"App\\\\Models\\\\Project\",\"data\":\" fgh\"}', '2022-06-19 05:18:51', '2022-06-19 05:18:51'),
(36, 'Project Assign To User', 'Assigned hf to salary', 'App\\Models\\Project', 15, 'App\\Models\\User', 1, '{\"modal\":\"App\\\\Models\\\\Project\",\"data\":\"\"}', '2022-06-19 05:20:56', '2022-06-19 05:20:56'),
(37, 'Project Created', 'Created project', 'App\\Models\\Project', 15, 'App\\Models\\User', 1, '{\"modal\":\"App\\\\Models\\\\Project\",\"data\":\" hf\"}', '2022-06-19 05:20:56', '2022-06-19 05:20:56'),
(38, 'Project Assign To User', 'Assigned dsd to salary', 'App\\Models\\Project', 16, 'App\\Models\\User', 1, '{\"modal\":\"App\\\\Models\\\\Project\",\"data\":\"\"}', '2022-06-19 05:27:54', '2022-06-19 05:27:54'),
(39, 'Project Created', 'Created project', 'App\\Models\\Project', 16, 'App\\Models\\User', 1, '{\"modal\":\"App\\\\Models\\\\Project\",\"data\":\" dsd\"}', '2022-06-19 05:27:54', '2022-06-19 05:27:54'),
(40, 'Project Assign To User', 'Assigned bn to salary', 'App\\Models\\Project', 17, 'App\\Models\\User', 1, '{\"modal\":\"App\\\\Models\\\\Project\",\"data\":\"\"}', '2022-06-19 05:45:36', '2022-06-19 05:45:36'),
(41, 'Project Created', 'Created project', 'App\\Models\\Project', 17, 'App\\Models\\User', 1, '{\"modal\":\"App\\\\Models\\\\Project\",\"data\":\" bn\"}', '2022-06-19 05:45:36', '2022-06-19 05:45:36'),
(42, 'Project Assign To User', 'Assigned fgh to salary', 'App\\Models\\Project', 18, 'App\\Models\\User', 1, '{\"modal\":\"App\\\\Models\\\\Project\",\"data\":\"\"}', '2022-06-19 18:58:35', '2022-06-19 18:58:35'),
(43, 'Project Created', 'Created project', 'App\\Models\\Project', 18, 'App\\Models\\User', 1, '{\"modal\":\"App\\\\Models\\\\Project\",\"data\":\" fgh\"}', '2022-06-19 18:58:35', '2022-06-19 18:58:35'),
(44, 'Project Assign To User', 'Assigned fg to RNFI', 'App\\Models\\Project', 19, 'App\\Models\\User', 1, '{\"modal\":\"App\\\\Models\\\\Project\",\"data\":\"\"}', '2022-06-19 19:36:40', '2022-06-19 19:36:40'),
(45, 'Project Created', 'Created project', 'App\\Models\\Project', 19, 'App\\Models\\User', 1, '{\"modal\":\"App\\\\Models\\\\Project\",\"data\":\" fg\"}', '2022-06-19 19:36:40', '2022-06-19 19:36:40'),
(46, 'Project Assign To User', 'Assigned dfgh to salary', 'App\\Models\\Project', 20, 'App\\Models\\User', 1, '{\"modal\":\"App\\\\Models\\\\Project\",\"data\":\"\"}', '2022-06-19 19:44:38', '2022-06-19 19:44:38'),
(47, 'Project Created', 'Created project', 'App\\Models\\Project', 20, 'App\\Models\\User', 1, '{\"modal\":\"App\\\\Models\\\\Project\",\"data\":\" dfgh\"}', '2022-06-19 19:44:38', '2022-06-19 19:44:38'),
(48, 'Project Assign To User', 'Assigned kyc to RNFI', 'App\\Models\\Project', 21, 'App\\Models\\User', 1, '{\"modal\":\"App\\\\Models\\\\Project\",\"data\":\"\"}', '2022-06-19 20:00:48', '2022-06-19 20:00:48'),
(49, 'Project Created', 'Created project', 'App\\Models\\Project', 21, 'App\\Models\\User', 1, '{\"modal\":\"App\\\\Models\\\\Project\",\"data\":\" kyc\"}', '2022-06-19 20:00:48', '2022-06-19 20:00:48'),
(50, 'Project Assign To User', 'Assigned tgf to Pankaj,salary', 'App\\Models\\Project', 22, 'App\\Models\\User', 1, '{\"modal\":\"App\\\\Models\\\\Project\",\"data\":\"\"}', '2022-06-19 20:02:20', '2022-06-19 20:02:20'),
(51, 'Project Created', 'Created project', 'App\\Models\\Project', 22, 'App\\Models\\User', 1, '{\"modal\":\"App\\\\Models\\\\Project\",\"data\":\" tgf\"}', '2022-06-19 20:02:20', '2022-06-19 20:02:20'),
(52, 'Project Assign To User', 'Assigned ghjfk to Pankaj,salary', 'App\\Models\\Project', 23, 'App\\Models\\User', 1, '{\"modal\":\"App\\\\Models\\\\Project\",\"data\":\"\"}', '2022-06-19 20:11:02', '2022-06-19 20:11:02'),
(53, 'Project Created', 'Created project', 'App\\Models\\Project', 23, 'App\\Models\\User', 1, '{\"modal\":\"App\\\\Models\\\\Project\",\"data\":\" ghjfk\"}', '2022-06-19 20:11:02', '2022-06-19 20:11:02'),
(54, 'Project Assign To User', 'Assigned Rohit to Pankaj,salary', 'App\\Models\\Project', 24, 'App\\Models\\User', 1, '{\"modal\":\"App\\\\Models\\\\Project\",\"data\":\"\"}', '2022-06-19 20:13:11', '2022-06-19 20:13:11'),
(55, 'Project Created', 'Created project', 'App\\Models\\Project', 24, 'App\\Models\\User', 1, '{\"modal\":\"App\\\\Models\\\\Project\",\"data\":\" Rohit\"}', '2022-06-19 20:13:11', '2022-06-19 20:13:11'),
(56, 'Project Assign To User', 'Assigned Quiz to salary', 'App\\Models\\Project', 25, 'App\\Models\\User', 1, '{\"modal\":\"App\\\\Models\\\\Project\",\"data\":\"\"}', '2022-06-19 20:38:15', '2022-06-19 20:38:15'),
(57, 'Project Created', 'Created project', 'App\\Models\\Project', 25, 'App\\Models\\User', 1, '{\"modal\":\"App\\\\Models\\\\Project\",\"data\":\" Quiz\"}', '2022-06-19 20:38:15', '2022-06-19 20:38:15'),
(58, 'Project Assign To User', 'Assigned kyc to salary', 'App\\Models\\Project', 26, 'App\\Models\\User', 1, '{\"modal\":\"App\\\\Models\\\\Project\",\"data\":\"\"}', '2022-06-19 20:41:51', '2022-06-19 20:41:51'),
(59, 'Project Created', 'Created project', 'App\\Models\\Project', 26, 'App\\Models\\User', 1, '{\"modal\":\"App\\\\Models\\\\Project\",\"data\":\" kyc\"}', '2022-06-19 20:41:51', '2022-06-19 20:41:51'),
(60, 'Project Assign To User', 'Assigned Quzi to Pankaj,Sheetal,salary', 'App\\Models\\Project', 27, 'App\\Models\\User', 1, '{\"modal\":\"App\\\\Models\\\\Project\",\"data\":\"\"}', '2022-06-19 21:11:38', '2022-06-19 21:11:38'),
(61, 'Project Created', 'Created project', 'App\\Models\\Project', 27, 'App\\Models\\User', 1, '{\"modal\":\"App\\\\Models\\\\Project\",\"data\":\" Quzi\"}', '2022-06-19 21:11:38', '2022-06-19 21:11:38'),
(62, 'Project Assign To User', 'Assigned ghjn to Pankaj,Sheetal,salary', 'App\\Models\\Project', 28, 'App\\Models\\User', 1, '{\"modal\":\"App\\\\Models\\\\Project\",\"data\":\"\"}', '2022-06-19 22:10:48', '2022-06-19 22:10:48'),
(63, 'Project Created', 'Created project', 'App\\Models\\Project', 28, 'App\\Models\\User', 1, '{\"modal\":\"App\\\\Models\\\\Project\",\"data\":\" ghjn\"}', '2022-06-19 22:10:48', '2022-06-19 22:10:48'),
(64, 'Project Assign To User', 'Assigned png to Pankaj,Sheetal,salary', 'App\\Models\\Project', 29, 'App\\Models\\User', 1, '{\"modal\":\"App\\\\Models\\\\Project\",\"data\":\"\"}', '2022-06-19 22:22:56', '2022-06-19 22:22:56'),
(65, 'Project Created', 'Created project', 'App\\Models\\Project', 29, 'App\\Models\\User', 1, '{\"modal\":\"App\\\\Models\\\\Project\",\"data\":\" png\"}', '2022-06-19 22:22:56', '2022-06-19 22:22:56'),
(66, 'Project Assign To User', 'Assigned ghd to Pankaj,Sheetal,salary', 'App\\Models\\Project', 30, 'App\\Models\\User', 1, '{\"modal\":\"App\\\\Models\\\\Project\",\"data\":\"\"}', '2022-06-19 22:37:29', '2022-06-19 22:37:29'),
(67, 'Project Created', 'Created project', 'App\\Models\\Project', 30, 'App\\Models\\User', 1, '{\"modal\":\"App\\\\Models\\\\Project\",\"data\":\" ghd\"}', '2022-06-19 22:37:29', '2022-06-19 22:37:29'),
(68, 'Project Assign To User', 'Assigned xcgdfh to salary', 'App\\Models\\Project', 31, 'App\\Models\\User', 1, '{\"modal\":\"App\\\\Models\\\\Project\",\"data\":\"\"}', '2022-06-19 22:40:33', '2022-06-19 22:40:33'),
(69, 'Project Created', 'Created project', 'App\\Models\\Project', 31, 'App\\Models\\User', 1, '{\"modal\":\"App\\\\Models\\\\Project\",\"data\":\" xcgdfh\"}', '2022-06-19 22:40:33', '2022-06-19 22:40:33'),
(70, 'Project Assign To User', 'Assigned dfg to salary', 'App\\Models\\Project', 32, 'App\\Models\\User', 1, '{\"modal\":\"App\\\\Models\\\\Project\",\"data\":\"\"}', '2022-06-19 22:42:13', '2022-06-19 22:42:13'),
(71, 'Project Created', 'Created project', 'App\\Models\\Project', 32, 'App\\Models\\User', 1, '{\"modal\":\"App\\\\Models\\\\Project\",\"data\":\" dfg\"}', '2022-06-19 22:42:13', '2022-06-19 22:42:13'),
(72, 'Project Assign To User', 'Assigned hghg to salary', 'App\\Models\\Project', 33, 'App\\Models\\User', 1, '{\"modal\":\"App\\\\Models\\\\Project\",\"data\":\"\"}', '2022-06-19 22:45:37', '2022-06-19 22:45:37'),
(73, 'Project Created', 'Created project', 'App\\Models\\Project', 33, 'App\\Models\\User', 1, '{\"modal\":\"App\\\\Models\\\\Project\",\"data\":\" hghg\"}', '2022-06-19 22:45:37', '2022-06-19 22:45:37'),
(74, 'Project Assign To User', 'Assigned ghf to Pankaj', 'App\\Models\\Project', 34, 'App\\Models\\User', 1, '{\"modal\":\"App\\\\Models\\\\Project\",\"data\":\"\"}', '2022-06-19 22:46:41', '2022-06-19 22:46:41'),
(75, 'Project Created', 'Created project', 'App\\Models\\Project', 34, 'App\\Models\\User', 1, '{\"modal\":\"App\\\\Models\\\\Project\",\"data\":\" ghf\"}', '2022-06-19 22:46:41', '2022-06-19 22:46:41'),
(76, 'Project Assign To User', 'Assigned dfgh to salary', 'App\\Models\\Project', 35, 'App\\Models\\User', 1, '{\"modal\":\"App\\\\Models\\\\Project\",\"data\":\"\"}', '2022-06-19 22:48:53', '2022-06-19 22:48:53'),
(77, 'Project Created', 'Created project', 'App\\Models\\Project', 35, 'App\\Models\\User', 1, '{\"modal\":\"App\\\\Models\\\\Project\",\"data\":\" dfgh\"}', '2022-06-19 22:48:53', '2022-06-19 22:48:53'),
(78, 'New Client created.', 'New Client Reliwellness created.', 'App\\Models\\Client', 3, 'App\\Models\\User', 1, '{\"modal\":\"App\\\\Models\\\\Client\",\"data\":\"\"}', '2022-06-20 00:23:09', '2022-06-20 00:23:09'),
(79, 'New Client created.', 'New Client RNFI created.', 'App\\Models\\Client', 4, 'App\\Models\\User', 1, '{\"modal\":\"App\\\\Models\\\\Client\",\"data\":\"\"}', '2022-06-20 00:23:54', '2022-06-20 00:23:54'),
(80, 'New Client created.', 'New Client Relimoney created.', 'App\\Models\\Client', 5, 'App\\Models\\User', 1, '{\"modal\":\"App\\\\Models\\\\Client\",\"data\":\"\"}', '2022-06-20 00:27:06', '2022-06-20 00:27:06'),
(81, 'New Client created.', 'New Client Reliconnect created.', 'App\\Models\\Client', 6, 'App\\Models\\User', 1, '{\"modal\":\"App\\\\Models\\\\Client\",\"data\":\"\"}', '2022-06-20 00:27:45', '2022-06-20 00:27:45'),
(82, 'New Client created.', 'New Client ReliCollect created.', 'App\\Models\\Client', 7, 'App\\Models\\User', 1, '{\"modal\":\"App\\\\Models\\\\Client\",\"data\":\"\"}', '2022-06-20 00:28:32', '2022-06-20 00:28:32'),
(83, 'New Department created.', 'New Department General created.', 'App\\Models\\Department', 5, 'App\\Models\\User', 1, '{\"modal\":\"App\\\\Models\\\\Department\",\"data\":\"\"}', '2022-06-20 01:15:15', '2022-06-20 01:15:15'),
(84, 'Project Assign To User', 'Assigned CipherPay to Rishav Kumar', 'App\\Models\\Project', 36, 'App\\Models\\User', 1, '{\"modal\":\"App\\\\Models\\\\Project\",\"data\":\"\"}', '2022-06-20 01:18:20', '2022-06-20 01:18:20'),
(85, 'Project Created', 'Created project', 'App\\Models\\Project', 36, 'App\\Models\\User', 1, '{\"modal\":\"App\\\\Models\\\\Project\",\"data\":\" CipherPay\"}', '2022-06-20 01:18:20', '2022-06-20 01:18:20'),
(86, 'Task Created', 'Created new task CipherPay Website Designing', 'App\\Models\\Project', 36, 'App\\Models\\User', 1, '{\"modal\":\"App\\\\Models\\\\Task\",\"data\":\"of CipherPay\"}', '2022-06-20 01:19:54', '2022-06-20 01:19:54'),
(87, 'Project Assign To User', 'Assigned Book My Forex to Nisar,Pallavi Singh', 'App\\Models\\Project', 37, 'App\\Models\\User', 1, '{\"modal\":\"App\\\\Models\\\\Project\",\"data\":\"\"}', '2022-06-20 01:36:46', '2022-06-20 01:36:46'),
(88, 'Project Created', 'Created project', 'App\\Models\\Project', 37, 'App\\Models\\User', 1, '{\"modal\":\"App\\\\Models\\\\Project\",\"data\":\" Book My Forex\"}', '2022-06-20 01:36:46', '2022-06-20 01:36:46'),
(89, 'Task Created', 'Created new task Code setup', 'App\\Models\\Project', 37, 'App\\Models\\User', 1, '{\"modal\":\"App\\\\Models\\\\Task\",\"data\":\"of Book My Forex\"}', '2022-06-20 01:46:27', '2022-06-20 01:46:27'),
(90, 'Task Created', 'Created new task Demo Tomorrow', 'App\\Models\\Project', 37, 'App\\Models\\User', 1, '{\"modal\":\"App\\\\Models\\\\Task\",\"data\":\"of Book My Forex\"}', '2022-06-20 02:16:10', '2022-06-20 02:16:10'),
(91, 'Project Assignee Updated', 'Assigned Book My Forex to Rishav Singh', 'App\\Models\\Project', 37, 'App\\Models\\User', 34, '{\"modal\":\"App\\\\Models\\\\Project\",\"data\":\"\"}', '2022-06-20 20:57:36', '2022-06-20 20:57:36'),
(92, 'Project Assign To User', 'Assigned ReliPay to Neha,Tulsi Bhardwaj,Raman Arora', 'App\\Models\\Project', 38, 'App\\Models\\User', 34, '{\"modal\":\"App\\\\Models\\\\Project\",\"data\":\"\"}', '2022-06-21 06:42:01', '2022-06-21 06:42:01'),
(93, 'Project Created', 'Created project', 'App\\Models\\Project', 38, 'App\\Models\\User', 34, '{\"modal\":\"App\\\\Models\\\\Project\",\"data\":\" ReliPay\"}', '2022-06-21 06:42:01', '2022-06-21 06:42:01'),
(94, 'Task Created', 'Created new task DMT', 'App\\Models\\Project', 38, 'App\\Models\\User', 34, '{\"modal\":\"App\\\\Models\\\\Task\",\"data\":\"of ReliPay\"}', '2022-06-21 06:47:11', '2022-06-21 06:47:11'),
(95, 'Task Created', 'Created new task BBPS STATEMENT', 'App\\Models\\Project', 38, 'App\\Models\\User', 34, '{\"modal\":\"App\\\\Models\\\\Task\",\"data\":\"of ReliPay\"}', '2022-06-21 06:51:05', '2022-06-21 06:51:05'),
(96, 'Project Assignee Updated', 'Assigned ReliPay to Rishav Singh', 'App\\Models\\Project', 38, 'App\\Models\\User', 34, '{\"modal\":\"App\\\\Models\\\\Project\",\"data\":\"\"}', '2022-06-21 06:52:57', '2022-06-21 06:52:57'),
(97, 'Task Created', 'Created new task AEPS Favorite Bank', 'App\\Models\\Project', 38, 'App\\Models\\User', 34, '{\"modal\":\"App\\\\Models\\\\Task\",\"data\":\"of ReliPay\"}', '2022-06-21 06:56:01', '2022-06-21 06:56:01'),
(98, 'Task Created', 'Created new task Profile Section', 'App\\Models\\Project', 38, 'App\\Models\\User', 34, '{\"modal\":\"App\\\\Models\\\\Task\",\"data\":\"of ReliPay\"}', '2022-06-21 06:57:27', '2022-06-21 06:57:27'),
(99, 'Task Created', 'Created new task Fino bank sdk', 'App\\Models\\Project', 38, 'App\\Models\\User', 36, '{\"modal\":\"App\\\\Models\\\\Task\",\"data\":\"of ReliPay\"}', '2022-06-21 18:13:16', '2022-06-21 18:13:16'),
(100, 'Project Assign To User', 'Assigned Android  Development to Sarthak Srivastav', 'App\\Models\\Project', 39, 'App\\Models\\User', 36, '{\"modal\":\"App\\\\Models\\\\Project\",\"data\":\"\"}', '2022-06-21 18:14:44', '2022-06-21 18:14:44'),
(101, 'Project Created', 'Created project', 'App\\Models\\Project', 39, 'App\\Models\\User', 36, '{\"modal\":\"App\\\\Models\\\\Project\",\"data\":\" Android  Development\"}', '2022-06-21 18:14:44', '2022-06-21 18:14:44'),
(102, 'Project Assign To User', 'Assigned Android_vidcom to Sarthak Srivastav', 'App\\Models\\Project', 40, 'App\\Models\\User', 36, '{\"modal\":\"App\\\\Models\\\\Project\",\"data\":\"\"}', '2022-06-21 18:15:46', '2022-06-21 18:15:46'),
(103, 'Project Created', 'Created project', 'App\\Models\\Project', 40, 'App\\Models\\User', 36, '{\"modal\":\"App\\\\Models\\\\Project\",\"data\":\" Android_vidcom\"}', '2022-06-21 18:15:46', '2022-06-21 18:15:46'),
(104, 'Project Assign To User', 'Assigned Reliwellness to Deepak Kumar', 'App\\Models\\Project', 41, 'App\\Models\\User', 34, '{\"modal\":\"App\\\\Models\\\\Project\",\"data\":\"\"}', '2022-06-21 18:40:32', '2022-06-21 18:40:32'),
(105, 'Project Created', 'Created project', 'App\\Models\\Project', 41, 'App\\Models\\User', 34, '{\"modal\":\"App\\\\Models\\\\Project\",\"data\":\" Reliwellness\"}', '2022-06-21 18:40:32', '2022-06-21 18:40:32'),
(106, 'Project Assignee Updated', 'Assigned Reliwellness to Lokesh Goyal', 'App\\Models\\Project', 41, 'App\\Models\\User', 34, '{\"modal\":\"App\\\\Models\\\\Project\",\"data\":\"\"}', '2022-06-21 18:42:16', '2022-06-21 18:42:16'),
(107, 'Project Assign To User', 'Assigned Fino CMS Biller Testing to Anisha Goyal', 'App\\Models\\Project', 42, 'App\\Models\\User', 37, '{\"modal\":\"App\\\\Models\\\\Project\",\"data\":\"\"}', '2022-06-21 18:42:58', '2022-06-21 18:42:58'),
(108, 'Project Created', 'Created project', 'App\\Models\\Project', 42, 'App\\Models\\User', 37, '{\"modal\":\"App\\\\Models\\\\Project\",\"data\":\" Fino CMS Biller Testing\"}', '2022-06-21 18:42:58', '2022-06-21 18:42:58'),
(109, 'Task Created', 'Created new task Marg Api Intregration On Reliwellness', 'App\\Models\\Project', 41, 'App\\Models\\User', 34, '{\"modal\":\"App\\\\Models\\\\Task\",\"data\":\"of Reliwellness\"}', '2022-06-21 18:44:33', '2022-06-21 18:44:33'),
(110, 'Task Created', 'Created new task Create Jwt Token For Paysprint', 'App\\Models\\Project', 41, 'App\\Models\\User', 34, '{\"modal\":\"App\\\\Models\\\\Task\",\"data\":\"of Reliwellness\"}', '2022-06-21 18:48:47', '2022-06-21 18:48:47'),
(111, 'New Client created.', 'New Client Fino created.', 'App\\Models\\Client', 9, 'App\\Models\\User', 1, '{\"modal\":\"App\\\\Models\\\\Client\",\"data\":\"\"}', '2022-06-21 18:51:14', '2022-06-21 18:51:14'),
(112, 'Project Assign To User', 'Assigned Fino to Rishav Singh,Sushma Pal', 'App\\Models\\Project', 43, 'App\\Models\\User', 34, '{\"modal\":\"App\\\\Models\\\\Project\",\"data\":\"\"}', '2022-06-21 18:52:55', '2022-06-21 18:52:55'),
(113, 'Project Created', 'Created project', 'App\\Models\\Project', 43, 'App\\Models\\User', 34, '{\"modal\":\"App\\\\Models\\\\Project\",\"data\":\" Fino\"}', '2022-06-21 18:52:55', '2022-06-21 18:52:55'),
(114, 'Task Created', 'Created new task Fixed the Design Issue', 'App\\Models\\Project', 43, 'App\\Models\\User', 34, '{\"modal\":\"App\\\\Models\\\\Task\",\"data\":\"of Fino\"}', '2022-06-21 18:54:33', '2022-06-21 18:54:33'),
(115, 'Project Assign To User', 'Assigned Recharge Validation AND MNP to Anisha Goyal', 'App\\Models\\Project', 44, 'App\\Models\\User', 37, '{\"modal\":\"App\\\\Models\\\\Project\",\"data\":\"\"}', '2022-06-21 18:58:20', '2022-06-21 18:58:20'),
(116, 'Project Created', 'Created project', 'App\\Models\\Project', 44, 'App\\Models\\User', 37, '{\"modal\":\"App\\\\Models\\\\Project\",\"data\":\" Recharge Validation AND MNP\"}', '2022-06-21 18:58:20', '2022-06-21 18:58:20'),
(117, 'Project Assignee Updated', 'Assigned Fino CMS Biller Testing to Shubham Jain', 'App\\Models\\Project', 42, 'App\\Models\\User', 37, '{\"modal\":\"App\\\\Models\\\\Project\",\"data\":\"\"}', '2022-06-21 19:02:15', '2022-06-21 19:02:15'),
(118, 'Project Updated', 'Updated Project', 'App\\Models\\Project', 42, 'App\\Models\\User', 37, '{\"modal\":\"App\\\\Models\\\\Project\",\"data\":\" Fino CMS Biller Testing\"}', '2022-06-21 19:02:15', '2022-06-21 19:02:15'),
(119, 'Project Assignee Updated', 'Assigned Recharge Validation AND MNP to Shubham Jain', 'App\\Models\\Project', 44, 'App\\Models\\User', 37, '{\"modal\":\"App\\\\Models\\\\Project\",\"data\":\"\"}', '2022-06-21 19:02:48', '2022-06-21 19:02:48'),
(120, 'Project Updated', 'Updated Project', 'App\\Models\\Project', 44, 'App\\Models\\User', 37, '{\"modal\":\"App\\\\Models\\\\Project\",\"data\":\" Recharge Validation AND MNP\"}', '2022-06-21 19:02:48', '2022-06-21 19:02:48'),
(121, 'Project Updated', 'Updated Project', 'App\\Models\\Project', 44, 'App\\Models\\User', 37, '{\"modal\":\"App\\\\Models\\\\Project\",\"data\":\" Recharge Validation | Get Mobile Port status\"}', '2022-06-21 19:23:38', '2022-06-21 19:23:38'),
(122, 'Project Updated', 'Updated Project', 'App\\Models\\Project', 44, 'App\\Models\\User', 37, '{\"modal\":\"App\\\\Models\\\\Project\",\"data\":\" Recharge Validation | Get Mobile Port status\"}', '2022-06-21 19:24:07', '2022-06-21 19:24:07'),
(123, 'Project Assign To User', 'Assigned Gift Voucher to Shubham Jain,Avinash Kumar', 'App\\Models\\Project', 45, 'App\\Models\\User', 37, '{\"modal\":\"App\\\\Models\\\\Project\",\"data\":\"\"}', '2022-06-21 19:24:48', '2022-06-21 19:24:48'),
(124, 'Project Created', 'Created project', 'App\\Models\\Project', 45, 'App\\Models\\User', 37, '{\"modal\":\"App\\\\Models\\\\Project\",\"data\":\" Gift Voucher\"}', '2022-06-21 19:24:48', '2022-06-21 19:24:48'),
(125, 'Project Assign To User', 'Assigned NSDL Pan Card Creation to Shubham Jain,Avinash Kumar', 'App\\Models\\Project', 46, 'App\\Models\\User', 37, '{\"modal\":\"App\\\\Models\\\\Project\",\"data\":\"\"}', '2022-06-21 19:25:25', '2022-06-21 19:25:25'),
(126, 'Project Created', 'Created project', 'App\\Models\\Project', 46, 'App\\Models\\User', 37, '{\"modal\":\"App\\\\Models\\\\Project\",\"data\":\" NSDL Pan Card Creation\"}', '2022-06-21 19:25:25', '2022-06-21 19:25:25'),
(127, 'Project Assign To User', 'Assigned ICICI UPI QR (Dynamic and Intent) to Shubham Jain,Avinash Kumar', 'App\\Models\\Project', 47, 'App\\Models\\User', 37, '{\"modal\":\"App\\\\Models\\\\Project\",\"data\":\"\"}', '2022-06-21 20:59:09', '2022-06-21 20:59:09'),
(128, 'Project Created', 'Created project', 'App\\Models\\Project', 47, 'App\\Models\\User', 37, '{\"modal\":\"App\\\\Models\\\\Project\",\"data\":\" ICICI UPI QR (Dynamic and Intent)\"}', '2022-06-21 20:59:09', '2022-06-21 20:59:09'),
(129, 'Task Created', 'Created new task Biller testing', 'App\\Models\\Project', 42, 'App\\Models\\User', 37, '{\"modal\":\"App\\\\Models\\\\Task\",\"data\":\"of Fino CMS Biller Testing\"}', '2022-06-21 21:00:42', '2022-06-21 21:00:42'),
(130, 'Task Created', 'Created new task NSDL Pan documentation reading', 'App\\Models\\Project', 46, 'App\\Models\\User', 37, '{\"modal\":\"App\\\\Models\\\\Task\",\"data\":\"of NSDL Pan Card Creation\"}', '2022-06-21 21:12:55', '2022-06-21 21:12:55'),
(131, 'Task Created', 'Created new task Start Implementing', 'App\\Models\\Project', 47, 'App\\Models\\User', 37, '{\"modal\":\"App\\\\Models\\\\Task\",\"data\":\"of ICICI UPI QR (Dynamic and Intent)\"}', '2022-06-21 21:24:22', '2022-06-21 21:24:22'),
(132, 'Task Created', 'Created new task Test the biller details', 'App\\Models\\Project', 42, 'App\\Models\\User', 37, '{\"modal\":\"App\\\\Models\\\\Task\",\"data\":\"of Fino CMS Biller Testing\"}', '2022-06-22 18:10:44', '2022-06-22 18:10:44'),
(133, 'Task Created', 'Created new task Test Gift Voucher', 'App\\Models\\Project', 45, 'App\\Models\\User', 37, '{\"modal\":\"App\\\\Models\\\\Task\",\"data\":\"of Gift Voucher\"}', '2022-06-22 18:15:35', '2022-06-22 18:15:35'),
(134, 'Project Assign To User', 'Assigned VIDCOM Yesbank DMT EKYC to Shubham Jain,Priya Pandey', 'App\\Models\\Project', 48, 'App\\Models\\User', 37, '{\"modal\":\"App\\\\Models\\\\Project\",\"data\":\"\"}', '2022-06-22 18:31:01', '2022-06-22 18:31:01'),
(135, 'Project Created', 'Created project', 'App\\Models\\Project', 48, 'App\\Models\\User', 37, '{\"modal\":\"App\\\\Models\\\\Project\",\"data\":\" VIDCOM Yesbank DMT EKYC\"}', '2022-06-22 18:31:01', '2022-06-22 18:31:01'),
(136, 'Task Created', 'Created new task Ledger Creation In SUPERADMIN', 'App\\Models\\Project', 48, 'App\\Models\\User', 37, '{\"modal\":\"App\\\\Models\\\\Task\",\"data\":\"of VIDCOM Yesbank DMT EKYC\"}', '2022-06-22 18:32:37', '2022-06-22 18:32:37'),
(137, 'Task Created', 'Created new task Cron creation', 'App\\Models\\Project', 48, 'App\\Models\\User', 37, '{\"modal\":\"App\\\\Models\\\\Task\",\"data\":\"of VIDCOM Yesbank DMT EKYC\"}', '2022-06-22 18:38:14', '2022-06-22 18:38:14'),
(138, 'New Client created.', 'New Client Relipay created.', 'App\\Models\\Client', 10, 'App\\Models\\User', 1, '{\"modal\":\"App\\\\Models\\\\Client\",\"data\":\"\"}', '2022-06-22 18:41:54', '2022-06-22 18:41:54'),
(139, 'New Department created.', 'New Department Python Development created.', 'App\\Models\\Department', 6, 'App\\Models\\User', 1, '{\"modal\":\"App\\\\Models\\\\Department\",\"data\":\"\"}', '2022-06-22 18:45:17', '2022-06-22 18:45:17'),
(140, 'Task Created', 'Created new task Recahrge Validation and MNP Testing', 'App\\Models\\Project', 44, 'App\\Models\\User', 37, '{\"modal\":\"App\\\\Models\\\\Task\",\"data\":\"of Recharge Validation | Get Mobile Port status\"}', '2022-06-22 18:46:01', '2022-06-22 18:46:01'),
(141, 'New Client created.', 'New Client Microkred created.', 'App\\Models\\Client', 11, 'App\\Models\\User', 1, '{\"modal\":\"App\\\\Models\\\\Client\",\"data\":\"\"}', '2022-06-22 18:46:23', '2022-06-22 18:46:23'),
(142, 'Project Assign To User', 'Assigned RNFI Yesbank DMT Ekyc to Shubham Jain,Priya Pandey', 'App\\Models\\Project', 49, 'App\\Models\\User', 37, '{\"modal\":\"App\\\\Models\\\\Project\",\"data\":\"\"}', '2022-06-22 18:47:42', '2022-06-22 18:47:42'),
(143, 'Project Created', 'Created project', 'App\\Models\\Project', 49, 'App\\Models\\User', 37, '{\"modal\":\"App\\\\Models\\\\Project\",\"data\":\" RNFI Yesbank DMT Ekyc\"}', '2022-06-22 18:47:42', '2022-06-22 18:47:42'),
(144, 'New Client created.', 'New Client MicroBi created.', 'App\\Models\\Client', 12, 'App\\Models\\User', 1, '{\"modal\":\"App\\\\Models\\\\Client\",\"data\":\"\"}', '2022-06-22 18:49:47', '2022-06-22 18:49:47'),
(145, 'Project Assign To User', 'Assigned Microkred to Rajat Biala', 'App\\Models\\Project', 50, 'App\\Models\\User', 49, '{\"modal\":\"App\\\\Models\\\\Project\",\"data\":\"\"}', '2022-06-22 18:51:36', '2022-06-22 18:51:36'),
(146, 'Project Created', 'Created project', 'App\\Models\\Project', 50, 'App\\Models\\User', 49, '{\"modal\":\"App\\\\Models\\\\Project\",\"data\":\" Microkred\"}', '2022-06-22 18:51:36', '2022-06-22 18:51:36'),
(147, 'Task Created', 'Created new task Test and verify Bene Add and transaction flow', 'App\\Models\\Project', 49, 'App\\Models\\User', 37, '{\"modal\":\"App\\\\Models\\\\Task\",\"data\":\"of RNFI Yesbank DMT Ekyc\"}', '2022-06-22 18:52:06', '2022-06-22 18:52:06'),
(148, 'Project Updated', 'Updated Project', 'App\\Models\\Project', 50, 'App\\Models\\User', 49, '{\"modal\":\"App\\\\Models\\\\Project\",\"data\":\" Microkred\"}', '2022-06-22 18:53:32', '2022-06-22 18:53:32'),
(149, 'Project Updated', 'Updated Project', 'App\\Models\\Project', 50, 'App\\Models\\User', 49, '{\"modal\":\"App\\\\Models\\\\Project\",\"data\":\" Microkred\"}', '2022-06-22 18:53:40', '2022-06-22 18:53:40'),
(150, 'Project Assign To User', 'Assigned MicroBi to Rajat Biala,Gourav Gangwar', 'App\\Models\\Project', 51, 'App\\Models\\User', 49, '{\"modal\":\"App\\\\Models\\\\Project\",\"data\":\"\"}', '2022-06-22 18:54:57', '2022-06-22 18:54:57'),
(151, 'Project Created', 'Created project', 'App\\Models\\Project', 51, 'App\\Models\\User', 49, '{\"modal\":\"App\\\\Models\\\\Project\",\"data\":\" MicroBi\"}', '2022-06-22 18:54:57', '2022-06-22 18:54:57'),
(152, 'Project Assign To User', 'Assigned WhatsApp Chatbot to Rajat Biala,Gourav Gangwar', 'App\\Models\\Project', 52, 'App\\Models\\User', 49, '{\"modal\":\"App\\\\Models\\\\Project\",\"data\":\"\"}', '2022-06-22 18:55:38', '2022-06-22 18:55:38'),
(153, 'Project Created', 'Created project', 'App\\Models\\Project', 52, 'App\\Models\\User', 49, '{\"modal\":\"App\\\\Models\\\\Project\",\"data\":\" WhatsApp Chatbot\"}', '2022-06-22 18:55:38', '2022-06-22 18:55:38'),
(154, 'Project Assignee Updated', 'Assigned NSDL Pan Card Creation to Anisha Goyal', 'App\\Models\\Project', 46, 'App\\Models\\User', 37, '{\"modal\":\"App\\\\Models\\\\Project\",\"data\":\"\"}', '2022-06-22 19:04:05', '2022-06-22 19:04:05'),
(155, 'Task Created', 'Created new task Two way user interface', 'App\\Models\\Project', 52, 'App\\Models\\User', 49, '{\"modal\":\"App\\\\Models\\\\Task\",\"data\":\"of WhatsApp Chatbot\"}', '2022-06-22 21:19:38', '2022-06-22 21:19:38'),
(156, 'Task Created', 'Created new task Connect Module (Upload Part Only)', 'App\\Models\\Project', 51, 'App\\Models\\User', 49, '{\"modal\":\"App\\\\Models\\\\Task\",\"data\":\"of MicroBi\"}', '2022-06-22 21:25:01', '2022-06-22 21:25:01'),
(157, 'Project Assignee Updated', 'Assigned MicroBi to Keshav Kumar,Mrityunjay Kumar Singh', 'App\\Models\\Project', 51, 'App\\Models\\User', 49, '{\"modal\":\"App\\\\Models\\\\Project\",\"data\":\"\"}', '2022-06-22 21:35:12', '2022-06-22 21:35:12'),
(158, 'Project Updated', 'Updated Project', 'App\\Models\\Project', 51, 'App\\Models\\User', 49, '{\"modal\":\"App\\\\Models\\\\Project\",\"data\":\" MicroBi\"}', '2022-06-22 21:35:12', '2022-06-22 21:35:12'),
(159, 'Task Created', 'Created new task Branch Transaction Report Fixes', 'App\\Models\\Project', 50, 'App\\Models\\User', 49, '{\"modal\":\"App\\\\Models\\\\Task\",\"data\":\"of Microkred\"}', '2022-06-22 23:06:39', '2022-06-22 23:06:39'),
(160, 'Project Assign To User', 'Assigned Bank Of India Portal to Shubham Jain,Anisha Goyal', 'App\\Models\\Project', 53, 'App\\Models\\User', 37, '{\"modal\":\"App\\\\Models\\\\Project\",\"data\":\"\"}', '2022-06-23 02:50:21', '2022-06-23 02:50:21'),
(161, 'Project Created', 'Created project', 'App\\Models\\Project', 53, 'App\\Models\\User', 37, '{\"modal\":\"App\\\\Models\\\\Project\",\"data\":\" Bank Of India Portal\"}', '2022-06-23 02:50:21', '2022-06-23 02:50:21'),
(162, 'Project Assign To User', 'Assigned FinoSdk to Sarthak Srivastav', 'App\\Models\\Project', 54, 'App\\Models\\User', 36, '{\"modal\":\"App\\\\Models\\\\Project\",\"data\":\"\"}', '2022-06-23 18:52:30', '2022-06-23 18:52:30'),
(163, 'Project Created', 'Created project', 'App\\Models\\Project', 54, 'App\\Models\\User', 36, '{\"modal\":\"App\\\\Models\\\\Project\",\"data\":\" FinoSdk\"}', '2022-06-23 18:52:30', '2022-06-23 18:52:30'),
(164, 'Project Assign To User', 'Assigned Lyra_Rnfi_Integration to Sarthak Srivastav', 'App\\Models\\Project', 55, 'App\\Models\\User', 36, '{\"modal\":\"App\\\\Models\\\\Project\",\"data\":\"\"}', '2022-06-23 18:53:02', '2022-06-23 18:53:02'),
(165, 'Project Created', 'Created project', 'App\\Models\\Project', 55, 'App\\Models\\User', 36, '{\"modal\":\"App\\\\Models\\\\Project\",\"data\":\" Lyra_Rnfi_Integration\"}', '2022-06-23 18:53:02', '2022-06-23 18:53:02'),
(166, 'Project Assign To User', 'Assigned Vidcom to Sarthak Srivastav', 'App\\Models\\Project', 56, 'App\\Models\\User', 36, '{\"modal\":\"App\\\\Models\\\\Project\",\"data\":\"\"}', '2022-06-23 18:54:23', '2022-06-23 18:54:23'),
(167, 'Project Created', 'Created project', 'App\\Models\\Project', 56, 'App\\Models\\User', 36, '{\"modal\":\"App\\\\Models\\\\Project\",\"data\":\" Vidcom\"}', '2022-06-23 18:54:23', '2022-06-23 18:54:23'),
(168, 'Project Assign To User', 'Assigned Firebase_Chat_Base to Shivam Kumar', 'App\\Models\\Project', 57, 'App\\Models\\User', 36, '{\"modal\":\"App\\\\Models\\\\Project\",\"data\":\"\"}', '2022-06-23 18:57:46', '2022-06-23 18:57:46'),
(169, 'Project Created', 'Created project', 'App\\Models\\Project', 57, 'App\\Models\\User', 36, '{\"modal\":\"App\\\\Models\\\\Project\",\"data\":\" Firebase_Chat_Base\"}', '2022-06-23 18:57:46', '2022-06-23 18:57:46'),
(170, 'Project Assign To User', 'Assigned #Android_Vidcom to Sarthak Srivastav', 'App\\Models\\Project', 58, 'App\\Models\\User', 36, '{\"modal\":\"App\\\\Models\\\\Project\",\"data\":\"\"}', '2022-06-23 19:05:04', '2022-06-23 19:05:04'),
(171, 'Project Created', 'Created project', 'App\\Models\\Project', 58, 'App\\Models\\User', 36, '{\"modal\":\"App\\\\Models\\\\Project\",\"data\":\" #Android_Vidcom\"}', '2022-06-23 19:05:04', '2022-06-23 19:05:04'),
(172, 'Project Assignee Updated', 'Assigned #Android_Vidcom to Abdul Moeed', 'App\\Models\\Project', 58, 'App\\Models\\User', 36, '{\"modal\":\"App\\\\Models\\\\Project\",\"data\":\"\"}', '2022-06-23 19:06:12', '2022-06-23 19:06:12'),
(173, 'Task Created', 'Created new task #vidcom_reports', 'App\\Models\\Project', 58, 'App\\Models\\User', 36, '{\"modal\":\"App\\\\Models\\\\Task\",\"data\":\"of #Android_Vidcom\"}', '2022-06-23 19:06:43', '2022-06-23 19:06:43'),
(174, 'Project Assign To User', 'Assigned #Android_Vidcom_app to Sarthak Srivastav,Abdul Moeed', 'App\\Models\\Project', 59, 'App\\Models\\User', 36, '{\"modal\":\"App\\\\Models\\\\Project\",\"data\":\"\"}', '2022-06-23 19:14:28', '2022-06-23 19:14:28'),
(175, 'Project Created', 'Created project', 'App\\Models\\Project', 59, 'App\\Models\\User', 36, '{\"modal\":\"App\\\\Models\\\\Project\",\"data\":\" #Android_Vidcom_app\"}', '2022-06-23 19:14:28', '2022-06-23 19:14:28'),
(176, 'Project Assign To User', 'Assigned MobiaOcean to Abdul Moeed', 'App\\Models\\Project', 60, 'App\\Models\\User', 36, '{\"modal\":\"App\\\\Models\\\\Project\",\"data\":\"\"}', '2022-06-23 19:24:33', '2022-06-23 19:24:33'),
(177, 'Project Created', 'Created project', 'App\\Models\\Project', 60, 'App\\Models\\User', 36, '{\"modal\":\"App\\\\Models\\\\Project\",\"data\":\" MobiaOcean\"}', '2022-06-23 19:24:33', '2022-06-23 19:24:33'),
(178, 'Task Created', 'Created new task Agent Assigning on checking online or offline', 'App\\Models\\Project', 52, 'App\\Models\\User', 49, '{\"modal\":\"App\\\\Models\\\\Task\",\"data\":\"of WhatsApp Chatbot\"}', '2022-06-24 03:02:18', '2022-06-24 03:02:18'),
(179, 'Project Assign To User', 'Assigned Surepass Verification Apis to Shubham Jain,Avinash Kumar', 'App\\Models\\Project', 61, 'App\\Models\\User', 37, '{\"modal\":\"App\\\\Models\\\\Project\",\"data\":\"\"}', '2022-06-26 18:28:06', '2022-06-26 18:28:06'),
(180, 'Project Created', 'Created project', 'App\\Models\\Project', 61, 'App\\Models\\User', 37, '{\"modal\":\"App\\\\Models\\\\Project\",\"data\":\" Surepass Verification Apis\"}', '2022-06-26 18:28:06', '2022-06-26 18:28:06'),
(181, 'Task Created', 'Created new task Start studing and implementation of the apis', 'App\\Models\\Project', 61, 'App\\Models\\User', 37, '{\"modal\":\"App\\\\Models\\\\Task\",\"data\":\"of Surepass Verification Apis\"}', '2022-06-26 18:29:18', '2022-06-26 18:29:18'),
(182, 'Project Assign To User', 'Assigned Apiportal-Paysh to Shriram,Vivek Kumar,Arun Jain', 'App\\Models\\Project', 62, 'App\\Models\\User', 33, '{\"modal\":\"App\\\\Models\\\\Project\",\"data\":\"\"}', '2022-06-26 19:13:36', '2022-06-26 19:13:36'),
(183, 'Project Created', 'Created project', 'App\\Models\\Project', 62, 'App\\Models\\User', 33, '{\"modal\":\"App\\\\Models\\\\Project\",\"data\":\" Apiportal-Paysh\"}', '2022-06-26 19:13:36', '2022-06-26 19:13:36'),
(184, 'Project Assign To User', 'Assigned Ostopay to Shriram,Md. Razzee,Vivek Kumar,Arun Jain', 'App\\Models\\Project', 63, 'App\\Models\\User', 33, '{\"modal\":\"App\\\\Models\\\\Project\",\"data\":\"\"}', '2022-06-26 19:23:59', '2022-06-26 19:23:59'),
(185, 'Project Created', 'Created project', 'App\\Models\\Project', 63, 'App\\Models\\User', 33, '{\"modal\":\"App\\\\Models\\\\Project\",\"data\":\" Ostopay\"}', '2022-06-26 19:23:59', '2022-06-26 19:23:59'),
(186, 'Task Created', 'Created new task 270622', 'App\\Models\\Project', 63, 'App\\Models\\User', 33, '{\"modal\":\"App\\\\Models\\\\Task\",\"data\":\"of Ostopay\"}', '2022-06-26 19:25:57', '2022-06-26 19:25:57'),
(187, 'Task Created', 'Created new task Agent Mobile Edit On Validation Errros', 'App\\Models\\Project', 48, 'App\\Models\\User', 37, '{\"modal\":\"App\\\\Models\\\\Task\",\"data\":\"of VIDCOM Yesbank DMT EKYC\"}', '2022-06-26 19:30:37', '2022-06-26 19:30:37'),
(188, 'Task Created', 'Created new task Retailer onboarding Process issue /recommendation', 'App\\Models\\Project', 48, 'App\\Models\\User', 37, '{\"modal\":\"App\\\\Models\\\\Task\",\"data\":\"of VIDCOM Yesbank DMT EKYC\"}', '2022-06-26 19:54:11', '2022-06-26 19:54:11'),
(189, 'Task Created', 'Created new task Changes In ledger', 'App\\Models\\Project', 48, 'App\\Models\\User', 37, '{\"modal\":\"App\\\\Models\\\\Task\",\"data\":\"of VIDCOM Yesbank DMT EKYC\"}', '2022-06-26 19:57:22', '2022-06-26 19:57:22'),
(190, 'Task Created', 'Created new task Refund with OTP in Both cases', 'App\\Models\\Project', 48, 'App\\Models\\User', 37, '{\"modal\":\"App\\\\Models\\\\Task\",\"data\":\"of VIDCOM Yesbank DMT EKYC\"}', '2022-06-26 19:58:13', '2022-06-26 19:58:13'),
(191, 'Task Created', 'Created new task Penedrop changes', 'App\\Models\\Project', 48, 'App\\Models\\User', 37, '{\"modal\":\"App\\\\Models\\\\Task\",\"data\":\"of VIDCOM Yesbank DMT EKYC\"}', '2022-06-26 19:59:16', '2022-06-26 19:59:16'),
(192, 'Task Created', 'Created new task Make the ledger just like the not kyc dmt process.', 'App\\Models\\Project', 48, 'App\\Models\\User', 37, '{\"modal\":\"App\\\\Models\\\\Task\",\"data\":\"of VIDCOM Yesbank DMT EKYC\"}', '2022-06-26 20:00:44', '2022-06-26 20:00:44'),
(193, 'Task Created', 'Created new task make default transaction type to IMPS', 'App\\Models\\Project', 48, 'App\\Models\\User', 37, '{\"modal\":\"App\\\\Models\\\\Task\",\"data\":\"of VIDCOM Yesbank DMT EKYC\"}', '2022-06-26 20:02:23', '2022-06-26 20:02:23'),
(194, 'Task Created', 'Created new task Login with MPIN', 'App\\Models\\Project', 48, 'App\\Models\\User', 37, '{\"modal\":\"App\\\\Models\\\\Task\",\"data\":\"of VIDCOM Yesbank DMT EKYC\"}', '2022-06-26 20:04:39', '2022-06-26 20:04:39'),
(195, 'Task Created', 'Created new task changes in bene registartrion form', 'App\\Models\\Project', 48, 'App\\Models\\User', 37, '{\"modal\":\"App\\\\Models\\\\Task\",\"data\":\"of VIDCOM Yesbank DMT EKYC\"}', '2022-06-26 20:05:27', '2022-06-26 20:05:27'),
(196, 'Task Created', 'Created new task Mobile number edit option in new customer add form', 'App\\Models\\Project', 48, 'App\\Models\\User', 37, '{\"modal\":\"App\\\\Models\\\\Task\",\"data\":\"of VIDCOM Yesbank DMT EKYC\"}', '2022-06-26 20:06:54', '2022-06-26 20:06:54'),
(197, 'Project Assignee Updated', 'Assigned Apiportal-Paysh to Md. Razzee', 'App\\Models\\Project', 62, 'App\\Models\\User', 33, '{\"modal\":\"App\\\\Models\\\\Project\",\"data\":\"\"}', '2022-06-26 20:25:09', '2022-06-26 20:25:09'),
(198, 'Project Updated', 'Updated Project', 'App\\Models\\Project', 62, 'App\\Models\\User', 33, '{\"modal\":\"App\\\\Models\\\\Project\",\"data\":\" Apiportal-Paysh\"}', '2022-06-26 20:25:09', '2022-06-26 20:25:09'),
(199, 'Task Created', 'Created new task New changes', 'App\\Models\\Project', 62, 'App\\Models\\User', 33, '{\"modal\":\"App\\\\Models\\\\Task\",\"data\":\"of Apiportal-Paysh\"}', '2022-06-26 20:29:05', '2022-06-26 20:29:05'),
(200, 'Project Assign To User', 'Assigned Banksafer to Shriram,Md. Razzee,Vivek Kumar,Arun Jain', 'App\\Models\\Project', 64, 'App\\Models\\User', 33, '{\"modal\":\"App\\\\Models\\\\Project\",\"data\":\"\"}', '2022-06-26 22:59:42', '2022-06-26 22:59:42'),
(201, 'Project Created', 'Created project', 'App\\Models\\Project', 64, 'App\\Models\\User', 33, '{\"modal\":\"App\\\\Models\\\\Project\",\"data\":\" Banksafer\"}', '2022-06-26 22:59:42', '2022-06-26 22:59:42'),
(202, 'Task Created', 'Created new task App beg point', 'App\\Models\\Project', 64, 'App\\Models\\User', 33, '{\"modal\":\"App\\\\Models\\\\Task\",\"data\":\"of Banksafer\"}', '2022-06-26 23:00:19', '2022-06-26 23:00:19'),
(203, 'Task Created', 'Created new task Complete Connect Module', 'App\\Models\\Project', 51, 'App\\Models\\User', 49, '{\"modal\":\"App\\\\Models\\\\Task\",\"data\":\"of MicroBi\"}', '2022-06-27 18:22:32', '2022-06-27 18:22:32'),
(204, 'Project Assign To User', 'Assigned Pigopay to Kaushalendra,Shriram,Md. Razzee,Vipin Harode', 'App\\Models\\Project', 65, 'App\\Models\\User', 33, '{\"modal\":\"App\\\\Models\\\\Project\",\"data\":\"\"}', '2022-06-27 18:42:25', '2022-06-27 18:42:25'),
(205, 'Project Created', 'Created project', 'App\\Models\\Project', 65, 'App\\Models\\User', 33, '{\"modal\":\"App\\\\Models\\\\Project\",\"data\":\" Pigopay\"}', '2022-06-27 18:42:25', '2022-06-27 18:42:25'),
(206, 'Project Assign To User', 'Assigned KYC to Kaushalendra,Sheetal Pundir', 'App\\Models\\Project', 66, 'App\\Models\\User', 52, '{\"modal\":\"App\\\\Models\\\\Project\",\"data\":\"\"}', '2022-06-27 22:07:22', '2022-06-27 22:07:22'),
(207, 'Project Created', 'Created project', 'App\\Models\\Project', 66, 'App\\Models\\User', 52, '{\"modal\":\"App\\\\Models\\\\Project\",\"data\":\" KYC\"}', '2022-06-27 22:07:22', '2022-06-27 22:07:22'),
(208, 'Task Created', 'Created new task KYC Portal', 'App\\Models\\Project', 66, 'App\\Models\\User', 52, '{\"modal\":\"App\\\\Models\\\\Task\",\"data\":\"of KYC\"}', '2022-06-27 22:09:56', '2022-06-27 22:09:56'),
(209, 'Task Created', 'Created new task Frontend Development', 'App\\Models\\Project', 66, 'App\\Models\\User', 52, '{\"modal\":\"App\\\\Models\\\\Task\",\"data\":\"of KYC\"}', '2022-06-27 22:45:57', '2022-06-27 22:45:57'),
(210, 'Task Created', 'Created new task Backend Development', 'App\\Models\\Project', 66, 'App\\Models\\User', 52, '{\"modal\":\"App\\\\Models\\\\Task\",\"data\":\"of KYC\"}', '2022-06-27 22:47:10', '2022-06-27 22:47:10'),
(211, 'Task Created', 'Created new task Voter ID section fixes', 'App\\Models\\Project', 50, 'App\\Models\\User', 49, '{\"modal\":\"App\\\\Models\\\\Task\",\"data\":\"of Microkred\"}', '2022-06-29 23:23:37', '2022-06-29 23:23:37'),
(212, 'Task Created', 'Created new task Last changes', 'App\\Models\\Project', 53, 'App\\Models\\User', 37, '{\"modal\":\"App\\\\Models\\\\Task\",\"data\":\"of Bank Of India Portal\"}', '2022-07-03 21:17:39', '2022-07-03 21:17:39'),
(213, 'Project Updated', 'Updated Project', 'App\\Models\\Project', 49, 'App\\Models\\User', 37, '{\"modal\":\"App\\\\Models\\\\Project\",\"data\":\" RNFI Yesbank DMT Ekyc\"}', '2022-07-04 01:05:37', '2022-07-04 01:05:37'),
(214, 'Task Created', 'Created new task Device testing', 'App\\Models\\Project', 48, 'App\\Models\\User', 37, '{\"modal\":\"App\\\\Models\\\\Task\",\"data\":\"of VIDCOM Yesbank DMT EKYC\"}', '2022-07-04 02:25:02', '2022-07-04 02:25:02'),
(215, 'Task Created', 'Created new task MicroBi Python Code Deployment on AWS', 'App\\Models\\Project', 51, 'App\\Models\\User', 49, '{\"modal\":\"App\\\\Models\\\\Task\",\"data\":\"of MicroBi\"}', '2022-07-04 02:44:32', '2022-07-04 02:44:32'),
(216, 'Project Assign To User', 'Assigned Bank of india portal to Anisha Goyal', 'App\\Models\\Project', 67, 'App\\Models\\User', 37, '{\"modal\":\"App\\\\Models\\\\Project\",\"data\":\"\"}', '2022-07-05 19:03:23', '2022-07-05 19:03:23'),
(217, 'Project Created', 'Created project', 'App\\Models\\Project', 67, 'App\\Models\\User', 37, '{\"modal\":\"App\\\\Models\\\\Project\",\"data\":\" Bank of india portal\"}', '2022-07-05 19:03:23', '2022-07-05 19:03:23'),
(218, 'Task Created', 'Created new task Changes', 'App\\Models\\Project', 67, 'App\\Models\\User', 37, '{\"modal\":\"App\\\\Models\\\\Task\",\"data\":\"of Bank of india portal\"}', '2022-07-05 19:05:49', '2022-07-05 19:05:49'),
(219, 'Project Assign To User', 'Assigned Vidcom-Nsdlpan(App) to Shriram,Abdul Moeed,Priya Pandey', 'App\\Models\\Project', 68, 'App\\Models\\User', 33, '{\"modal\":\"App\\\\Models\\\\Project\",\"data\":\"\"}', '2022-07-05 21:04:47', '2022-07-05 21:04:47'),
(220, 'Project Created', 'Created project', 'App\\Models\\Project', 68, 'App\\Models\\User', 33, '{\"modal\":\"App\\\\Models\\\\Project\",\"data\":\" Vidcom-Nsdlpan(App)\"}', '2022-07-05 21:04:47', '2022-07-05 21:04:47'),
(221, 'Task Created', 'Created new task NsdlPan -App', 'App\\Models\\Project', 68, 'App\\Models\\User', 33, '{\"modal\":\"App\\\\Models\\\\Task\",\"data\":\"of Vidcom-Nsdlpan(App)\"}', '2022-07-05 21:06:20', '2022-07-05 21:06:20'),
(222, 'Task Created', 'Created new task Aadhar verification Api', 'App\\Models\\Project', 61, 'App\\Models\\User', 37, '{\"modal\":\"App\\\\Models\\\\Task\",\"data\":\"of Surepass Verification Apis\"}', '2022-07-07 01:36:40', '2022-07-07 01:36:40');
INSERT INTO `activity_log` (`id`, `log_name`, `description`, `subject_type`, `subject_id`, `causer_type`, `causer_id`, `properties`, `created_at`, `updated_at`) VALUES
(223, 'Task Created', 'Created new task Voter Id Verification', 'App\\Models\\Project', 61, 'App\\Models\\User', 37, '{\"modal\":\"App\\\\Models\\\\Task\",\"data\":\"of Surepass Verification Apis\"}', '2022-07-07 01:37:27', '2022-07-07 01:37:27'),
(224, 'Task Created', 'Created new task Driving Licence Api', 'App\\Models\\Project', 61, 'App\\Models\\User', 37, '{\"modal\":\"App\\\\Models\\\\Task\",\"data\":\"of Surepass Verification Apis\"}', '2022-07-07 01:39:19', '2022-07-07 01:39:19'),
(225, 'Task Created', 'Created new task Gst Verification', 'App\\Models\\Project', 61, 'App\\Models\\User', 37, '{\"modal\":\"App\\\\Models\\\\Task\",\"data\":\"of Surepass Verification Apis\"}', '2022-07-07 01:40:16', '2022-07-07 01:40:16'),
(226, 'Task Created', 'Created new task Passport Verification', 'App\\Models\\Project', 61, 'App\\Models\\User', 37, '{\"modal\":\"App\\\\Models\\\\Task\",\"data\":\"of Surepass Verification Apis\"}', '2022-07-07 01:41:57', '2022-07-07 01:41:57'),
(227, 'Task Created', 'Created new task Udhyam Aadhar Verification', 'App\\Models\\Project', 61, 'App\\Models\\User', 37, '{\"modal\":\"App\\\\Models\\\\Task\",\"data\":\"of Surepass Verification Apis\"}', '2022-07-07 01:42:37', '2022-07-07 01:42:37'),
(228, 'Project Assign To User', 'Assigned Gold issuance - MMTC to Shubham Jain,Avinash Kumar', 'App\\Models\\Project', 69, 'App\\Models\\User', 37, '{\"modal\":\"App\\\\Models\\\\Project\",\"data\":\"\"}', '2022-07-07 01:44:35', '2022-07-07 01:44:35'),
(229, 'Project Created', 'Created project', 'App\\Models\\Project', 69, 'App\\Models\\User', 37, '{\"modal\":\"App\\\\Models\\\\Project\",\"data\":\" Gold issuance - MMTC\"}', '2022-07-07 01:44:35', '2022-07-07 01:44:35'),
(230, 'Task Created', 'Created new task Creating the logs for 7 days', 'App\\Models\\Project', 69, 'App\\Models\\User', 37, '{\"modal\":\"App\\\\Models\\\\Task\",\"data\":\"of Gold issuance - MMTC\"}', '2022-07-07 01:45:31', '2022-07-07 01:45:31'),
(231, 'Task Created', 'Created new task Complete the UAT', 'App\\Models\\Project', 46, 'App\\Models\\User', 37, '{\"modal\":\"App\\\\Models\\\\Task\",\"data\":\"of NSDL Pan Card Creation\"}', '2022-07-07 01:49:26', '2022-07-07 01:49:26'),
(232, 'Project Assignee Updated', 'Assigned Bank of india portal to Shubham Jain', 'App\\Models\\Project', 67, 'App\\Models\\User', 37, '{\"modal\":\"App\\\\Models\\\\Project\",\"data\":\"\"}', '2022-07-07 02:53:24', '2022-07-07 02:53:24'),
(233, 'Task Created', 'Created new task MicroBi Connect Module with some basic visualization', 'App\\Models\\Project', 51, 'App\\Models\\User', 49, '{\"modal\":\"App\\\\Models\\\\Task\",\"data\":\"of MicroBi\"}', '2022-07-07 19:36:14', '2022-07-07 19:36:14'),
(234, 'Task Created', 'Created new task Svatantra Flow Change', 'App\\Models\\Project', 50, 'App\\Models\\User', 49, '{\"modal\":\"App\\\\Models\\\\Task\",\"data\":\"of Microkred\"}', '2022-07-07 19:36:47', '2022-07-07 19:36:47'),
(235, 'Project Assign To User', 'Assigned mosambee_android to Sarthak Srivastav,Shivam Kumar', 'App\\Models\\Project', 70, 'App\\Models\\User', 36, '{\"modal\":\"App\\\\Models\\\\Project\",\"data\":\"\"}', '2022-07-07 19:49:50', '2022-07-07 19:49:50'),
(236, 'Project Created', 'Created project', 'App\\Models\\Project', 70, 'App\\Models\\User', 36, '{\"modal\":\"App\\\\Models\\\\Project\",\"data\":\" mosambee_android\"}', '2022-07-07 19:49:50', '2022-07-07 19:49:50'),
(237, 'Task Created', 'Created new task Connection and Key Injection', 'App\\Models\\Project', 70, 'App\\Models\\User', 36, '{\"modal\":\"App\\\\Models\\\\Task\",\"data\":\"of mosambee_android\"}', '2022-07-07 19:52:06', '2022-07-07 19:52:06'),
(238, 'Task Created', 'Created new task chat', 'App\\Models\\Project', 57, 'App\\Models\\User', 36, '{\"modal\":\"App\\\\Models\\\\Task\",\"data\":\"of Firebase_Chat_Base\"}', '2022-07-07 19:52:40', '2022-07-07 19:52:40'),
(239, 'Task Created', 'Created new task Research and Test', 'App\\Models\\Project', 60, 'App\\Models\\User', 36, '{\"modal\":\"App\\\\Models\\\\Task\",\"data\":\"of MobiaOcean\"}', '2022-07-07 19:54:03', '2022-07-07 19:54:03'),
(240, 'Task Created', 'Created new task Settlement Service', 'App\\Models\\Project', 59, 'App\\Models\\User', 36, '{\"modal\":\"App\\\\Models\\\\Task\",\"data\":\"of #Android_Vidcom_app\"}', '2022-07-07 19:59:49', '2022-07-07 19:59:49'),
(241, 'Task Created', 'Created new task Payments GWay', 'App\\Models\\Project', 59, 'App\\Models\\User', 36, '{\"modal\":\"App\\\\Models\\\\Task\",\"data\":\"of #Android_Vidcom_app\"}', '2022-07-07 20:00:33', '2022-07-07 20:00:33'),
(242, 'Task Created', 'Created new task Set Fino aar in Demo code', 'App\\Models\\Project', 54, 'App\\Models\\User', 36, '{\"modal\":\"App\\\\Models\\\\Task\",\"data\":\"of FinoSdk\"}', '2022-07-07 20:01:07', '2022-07-07 20:01:07'),
(243, 'Task Created', 'Created new task New Suggested Changes  by Obulesu(Mantra)', 'App\\Models\\Project', 55, 'App\\Models\\User', 36, '{\"modal\":\"App\\\\Models\\\\Task\",\"data\":\"of Lyra_Rnfi_Integration\"}', '2022-07-07 20:02:03', '2022-07-07 20:02:03'),
(244, 'Task Created', 'Created new task vidcom slip Download and Share', 'App\\Models\\Project', 59, 'App\\Models\\User', 36, '{\"modal\":\"App\\\\Models\\\\Task\",\"data\":\"of #Android_Vidcom_app\"}', '2022-07-07 20:02:56', '2022-07-07 20:02:56'),
(245, 'Task Created', 'Created new task ITR Verification Apis', 'App\\Models\\Project', 61, 'App\\Models\\User', 37, '{\"modal\":\"App\\\\Models\\\\Task\",\"data\":\"of Surepass Verification Apis\"}', '2022-07-11 18:14:30', '2022-07-11 18:14:30'),
(246, 'Project Assign To User', 'Assigned Health care (Tele_Consultation) to Shubham Jain,Anisha Goyal', 'App\\Models\\Project', 71, 'App\\Models\\User', 37, '{\"modal\":\"App\\\\Models\\\\Project\",\"data\":\"\"}', '2022-07-11 18:15:18', '2022-07-11 18:15:18'),
(247, 'Project Created', 'Created project', 'App\\Models\\Project', 71, 'App\\Models\\User', 37, '{\"modal\":\"App\\\\Models\\\\Project\",\"data\":\" Health care (Tele_Consultation)\"}', '2022-07-11 18:15:18', '2022-07-11 18:15:18'),
(248, 'Task Created', 'Created new task Process the uat', 'App\\Models\\Project', 71, 'App\\Models\\User', 37, '{\"modal\":\"App\\\\Models\\\\Task\",\"data\":\"of Health care (Tele_Consultation)\"}', '2022-07-11 18:16:42', '2022-07-11 18:16:42'),
(249, 'Project Updated', 'Updated Project', 'App\\Models\\Project', 67, 'App\\Models\\User', 37, '{\"modal\":\"App\\\\Models\\\\Project\",\"data\":\" Bank of india portal\"}', '2022-07-11 18:17:15', '2022-07-11 18:17:15'),
(250, 'Task Created', 'Created new task Dynamic Dashboard for Client user only', 'App\\Models\\Project', 51, 'App\\Models\\User', 49, '{\"modal\":\"App\\\\Models\\\\Task\",\"data\":\"of MicroBi\"}', '2022-07-12 02:44:13', '2022-07-12 02:44:13'),
(251, 'Task Created', 'Created new task Connect Module changes', 'App\\Models\\Project', 51, 'App\\Models\\User', 49, '{\"modal\":\"App\\\\Models\\\\Task\",\"data\":\"of MicroBi\"}', '2022-07-13 19:41:06', '2022-07-13 19:41:06'),
(252, 'Task Created', 'Created new task Properties, Tutorials &amp; Content Dynamic section for API and frontend', 'App\\Models\\Project', 51, 'App\\Models\\User', 49, '{\"modal\":\"App\\\\Models\\\\Task\",\"data\":\"of MicroBi\"}', '2022-07-13 20:32:28', '2022-07-13 20:32:28'),
(253, 'Task Created', 'Created new task Dynamic Report Module', 'App\\Models\\Project', 67, 'App\\Models\\User', 37, '{\"modal\":\"App\\\\Models\\\\Task\",\"data\":\"of Bank of india portal\"}', '2022-07-14 18:15:25', '2022-07-14 18:15:25'),
(254, 'Task Created', 'Created new task Dashboard API enhancements &amp; filters addons', 'App\\Models\\Project', 51, 'App\\Models\\User', 49, '{\"modal\":\"App\\\\Models\\\\Task\",\"data\":\"of MicroBi\"}', '2022-07-17 19:10:59', '2022-07-17 19:10:59'),
(255, 'Task Created', 'Created new task Superadmin sections', 'App\\Models\\Project', 51, 'App\\Models\\User', 49, '{\"modal\":\"App\\\\Models\\\\Task\",\"data\":\"of MicroBi\"}', '2022-07-17 22:46:37', '2022-07-17 22:46:37'),
(256, 'Task Created', 'Created new task Aadhaar verification', 'App\\Models\\Project', 50, 'App\\Models\\User', 49, '{\"modal\":\"App\\\\Models\\\\Task\",\"data\":\"of Microkred\"}', '2022-07-18 23:14:58', '2022-07-18 23:14:58'),
(257, 'Task Created', 'Created new task Superadmin forms addons', 'App\\Models\\Project', 51, 'App\\Models\\User', 49, '{\"modal\":\"App\\\\Models\\\\Task\",\"data\":\"of MicroBi\"}', '2022-07-19 00:57:45', '2022-07-19 00:57:45'),
(258, 'Project Assign To User', 'Assigned Recon to Lokesh Goyal', 'App\\Models\\Project', 72, 'App\\Models\\User', 62, '{\"modal\":\"App\\\\Models\\\\Project\",\"data\":\"\"}', '2022-07-19 20:19:51', '2022-07-19 20:19:51'),
(259, 'Project Created', 'Created project', 'App\\Models\\Project', 72, 'App\\Models\\User', 62, '{\"modal\":\"App\\\\Models\\\\Project\",\"data\":\" Recon\"}', '2022-07-19 20:19:51', '2022-07-19 20:19:51'),
(260, 'Task Created', 'Created new task Reconn Full Project', 'App\\Models\\Project', 72, 'App\\Models\\User', 62, '{\"modal\":\"App\\\\Models\\\\Task\",\"data\":\"of Recon\"}', '2022-07-19 20:21:27', '2022-07-19 20:21:27'),
(261, 'Task Created', 'Created new task Week Releases', 'App\\Models\\Project', 51, 'App\\Models\\User', 49, '{\"modal\":\"App\\\\Models\\\\Task\",\"data\":\"of MicroBi\"}', '2022-07-19 20:25:13', '2022-07-19 20:25:13'),
(262, 'Task Created', 'Created new task Whatsapp chatbot template handle', 'App\\Models\\Project', 52, 'App\\Models\\User', 49, '{\"modal\":\"App\\\\Models\\\\Task\",\"data\":\"of WhatsApp Chatbot\"}', '2022-07-19 21:08:39', '2022-07-19 21:08:39'),
(263, 'Task Created', 'Created new task Client Dashboard Changes', 'App\\Models\\Project', 51, 'App\\Models\\User', 49, '{\"modal\":\"App\\\\Models\\\\Task\",\"data\":\"of MicroBi\"}', '2022-07-20 18:06:33', '2022-07-20 18:06:33'),
(264, 'Task Created', 'Created new task Reports Section for Client Dashboard', 'App\\Models\\Project', 51, 'App\\Models\\User', 49, '{\"modal\":\"App\\\\Models\\\\Task\",\"data\":\"of MicroBi\"}', '2022-07-20 23:38:36', '2022-07-20 23:38:36'),
(265, 'Task Created', 'Created new task Report Section for Client (Frontend)', 'App\\Models\\Project', 51, 'App\\Models\\User', 49, '{\"modal\":\"App\\\\Models\\\\Task\",\"data\":\"of MicroBi\"}', '2022-07-21 02:25:22', '2022-07-21 02:25:22'),
(266, 'Task Created', 'Created new task client dashboard changes &amp; bugs fixes', 'App\\Models\\Project', 51, 'App\\Models\\User', 49, '{\"modal\":\"App\\\\Models\\\\Task\",\"data\":\"of MicroBi\"}', '2022-07-24 21:36:24', '2022-07-24 21:36:24'),
(267, 'Task Created', 'Created new task Design Fixes of Client Dashboard', 'App\\Models\\Project', 51, 'App\\Models\\User', 49, '{\"modal\":\"App\\\\Models\\\\Task\",\"data\":\"of MicroBi\"}', '2022-07-25 18:00:40', '2022-07-25 18:00:40'),
(268, 'Task Created', 'Created new task Prediction Module', 'App\\Models\\Project', 51, 'App\\Models\\User', 49, '{\"modal\":\"App\\\\Models\\\\Task\",\"data\":\"of MicroBi\"}', '2022-07-25 18:08:54', '2022-07-25 18:08:54'),
(269, 'Task Created', 'Created new task Prediction Module', 'App\\Models\\Project', 51, 'App\\Models\\User', 49, '{\"modal\":\"App\\\\Models\\\\Task\",\"data\":\"of MicroBi\"}', '2022-07-25 18:10:23', '2022-07-25 18:10:23'),
(270, 'Task Created', 'Created new task MIS Report Changes', 'App\\Models\\Project', 50, 'App\\Models\\User', 49, '{\"modal\":\"App\\\\Models\\\\Task\",\"data\":\"of Microkred\"}', '2022-07-25 21:01:47', '2022-07-25 21:01:47'),
(271, 'Task Created', 'Created new task Whatsapp Checks Maintain', 'App\\Models\\Project', 52, 'App\\Models\\User', 49, '{\"modal\":\"App\\\\Models\\\\Task\",\"data\":\"of WhatsApp Chatbot\"}', '2022-07-26 19:12:01', '2022-07-26 19:12:01'),
(272, 'Task Created', 'Created new task Whatsapp Media (Attachments) maintain on frontend and backend', 'App\\Models\\Project', 52, 'App\\Models\\User', 49, '{\"modal\":\"App\\\\Models\\\\Task\",\"data\":\"of WhatsApp Chatbot\"}', '2022-07-28 20:06:37', '2022-07-28 20:06:37'),
(273, 'Project Assignee Updated', 'Assigned WhatsApp Chatbot to Kavita Negi', 'App\\Models\\Project', 52, 'App\\Models\\User', 49, '{\"modal\":\"App\\\\Models\\\\Project\",\"data\":\"\"}', '2022-07-31 19:44:16', '2022-07-31 19:44:16'),
(274, 'Task Created', 'Created new task Crons Setup and final bugs fixes in part of functionality', 'App\\Models\\Project', 52, 'App\\Models\\User', 49, '{\"modal\":\"App\\\\Models\\\\Task\",\"data\":\"of WhatsApp Chatbot\"}', '2022-07-31 19:44:47', '2022-07-31 19:44:47'),
(275, 'Task Created', 'Created new task Product Enhancement', 'App\\Models\\Project', 52, 'App\\Models\\User', 49, '{\"modal\":\"App\\\\Models\\\\Task\",\"data\":\"of WhatsApp Chatbot\"}', '2022-08-01 19:12:59', '2022-08-01 19:12:59'),
(276, 'Task Created', 'Created new task PHP Code Change to Lumen', 'App\\Models\\Project', 52, 'App\\Models\\User', 49, '{\"modal\":\"App\\\\Models\\\\Task\",\"data\":\"of WhatsApp Chatbot\"}', '2022-08-01 19:13:37', '2022-08-01 19:13:37'),
(277, 'Project Updated', 'Updated Project', 'App\\Models\\Project', 54, 'App\\Models\\User', 36, '{\"modal\":\"App\\\\Models\\\\Project\",\"data\":\" FinoSdk\"}', '2022-08-01 19:14:56', '2022-08-01 19:14:56'),
(278, 'Project Updated', 'Updated Project', 'App\\Models\\Project', 70, 'App\\Models\\User', 36, '{\"modal\":\"App\\\\Models\\\\Project\",\"data\":\" mosambee_android\"}', '2022-08-01 19:16:40', '2022-08-01 19:16:40'),
(279, 'Project Assignee Updated', 'Assigned ReliPay to Vipin Harode', 'App\\Models\\Project', 38, 'App\\Models\\User', 1, '{\"modal\":\"App\\\\Models\\\\Project\",\"data\":\"\"}', '2022-08-01 19:20:01', '2022-08-01 19:20:01'),
(280, 'Project Updated', 'Updated Project', 'App\\Models\\Project', 54, 'App\\Models\\User', 36, '{\"modal\":\"App\\\\Models\\\\Project\",\"data\":\" FinoSdk\"}', '2022-08-01 19:20:03', '2022-08-01 19:20:03'),
(281, 'Project Updated', 'Updated Project', 'App\\Models\\Project', 70, 'App\\Models\\User', 36, '{\"modal\":\"App\\\\Models\\\\Project\",\"data\":\" mosambee_android\"}', '2022-08-01 19:33:54', '2022-08-01 19:33:54'),
(282, 'Project Assign To User', 'Assigned ICICI APP _ NATIVE_JAVA to Abdul Moeed,Shivam Kumar', 'App\\Models\\Project', 73, 'App\\Models\\User', 36, '{\"modal\":\"App\\\\Models\\\\Project\",\"data\":\"\"}', '2022-08-01 19:35:50', '2022-08-01 19:35:50'),
(283, 'Project Created', 'Created project', 'App\\Models\\Project', 73, 'App\\Models\\User', 36, '{\"modal\":\"App\\\\Models\\\\Project\",\"data\":\" ICICI APP _ NATIVE_JAVA\"}', '2022-08-01 19:35:50', '2022-08-01 19:35:50'),
(284, 'Project Assignee Updated', 'Assigned Firebase_Chat_Base to Sarthak Srivastav', 'App\\Models\\Project', 57, 'App\\Models\\User', 36, '{\"modal\":\"App\\\\Models\\\\Project\",\"data\":\"\"}', '2022-08-01 19:38:56', '2022-08-01 19:38:56'),
(285, 'Project Updated', 'Updated Project', 'App\\Models\\Project', 57, 'App\\Models\\User', 36, '{\"modal\":\"App\\\\Models\\\\Project\",\"data\":\" Firebase_Chat_Base\"}', '2022-08-01 19:38:56', '2022-08-01 19:38:56'),
(286, 'Project Updated', 'Updated Project', 'App\\Models\\Project', 70, 'App\\Models\\User', 36, '{\"modal\":\"App\\\\Models\\\\Project\",\"data\":\" mosambee_android\"}', '2022-08-01 19:46:07', '2022-08-01 19:46:07'),
(287, 'Project Assign To User', 'Assigned #ANDROID Pan NSDL VIdcom app plugin to Sarthak Srivastav', 'App\\Models\\Project', 74, 'App\\Models\\User', 36, '{\"modal\":\"App\\\\Models\\\\Project\",\"data\":\"\"}', '2022-08-01 19:47:38', '2022-08-01 19:47:38'),
(288, 'Project Created', 'Created project', 'App\\Models\\Project', 74, 'App\\Models\\User', 36, '{\"modal\":\"App\\\\Models\\\\Project\",\"data\":\" #ANDROID Pan NSDL VIdcom app plugin\"}', '2022-08-01 19:47:38', '2022-08-01 19:47:38'),
(289, 'Task Created', 'Created new task statements', 'App\\Models\\Project', 74, 'App\\Models\\User', 36, '{\"modal\":\"App\\\\Models\\\\Task\",\"data\":\"of #ANDROID Pan NSDL VIdcom app plugin\"}', '2022-08-01 19:49:54', '2022-08-01 19:49:54'),
(290, 'Task Created', 'Created new task new application', 'App\\Models\\Project', 74, 'App\\Models\\User', 36, '{\"modal\":\"App\\\\Models\\\\Task\",\"data\":\"of #ANDROID Pan NSDL VIdcom app plugin\"}', '2022-08-01 19:50:25', '2022-08-01 19:50:25'),
(291, 'Task Created', 'Created new task Merging  Code of multi module', 'App\\Models\\Project', 59, 'App\\Models\\User', 36, '{\"modal\":\"App\\\\Models\\\\Task\",\"data\":\"of #Android_Vidcom_app\"}', '2022-08-01 19:51:32', '2022-08-01 19:51:32'),
(292, 'Project Assign To User', 'Assigned reliassure front to Rishav Singh', 'App\\Models\\Project', 75, 'App\\Models\\User', 1, '{\"modal\":\"App\\\\Models\\\\Project\",\"data\":\"\"}', '2022-08-01 19:54:34', '2022-08-01 19:54:34'),
(293, 'Project Created', 'Created project', 'App\\Models\\Project', 75, 'App\\Models\\User', 1, '{\"modal\":\"App\\\\Models\\\\Project\",\"data\":\" reliassure front\"}', '2022-08-01 19:54:34', '2022-08-01 19:54:34'),
(294, 'Project Assignee Updated', 'Assigned reliassure front to Sheetal Pundir,Himanshu', 'App\\Models\\Project', 75, 'App\\Models\\User', 1, '{\"modal\":\"App\\\\Models\\\\Project\",\"data\":\"\"}', '2022-08-01 19:59:03', '2022-08-01 19:59:03'),
(295, 'Project Assignee Updated', 'Assigned reliassure front to Rishav Singh', 'App\\Models\\Project', 75, 'App\\Models\\User', 1, '{\"modal\":\"App\\\\Models\\\\Project\",\"data\":\"\"}', '2022-08-01 20:05:26', '2022-08-01 20:05:26'),
(296, 'Project Updated', 'Updated Project', 'App\\Models\\Project', 75, 'App\\Models\\User', 1, '{\"modal\":\"App\\\\Models\\\\Project\",\"data\":\" reliassure front\"}', '2022-08-01 20:05:26', '2022-08-01 20:05:26'),
(297, 'Task Created', 'Created new task TEST', 'App\\Models\\Project', 75, 'App\\Models\\User', 1, '{\"modal\":\"App\\\\Models\\\\Task\",\"data\":\"of reliassure front\"}', '2022-08-01 20:10:42', '2022-08-01 20:10:42'),
(298, 'Project Assign To User', 'Assigned Test Project to Himanshu', 'App\\Models\\Project', 76, 'App\\Models\\User', 69, '{\"modal\":\"App\\\\Models\\\\Project\",\"data\":\"\"}', '2022-08-01 20:12:17', '2022-08-01 20:12:17'),
(299, 'Project Created', 'Created project', 'App\\Models\\Project', 76, 'App\\Models\\User', 69, '{\"modal\":\"App\\\\Models\\\\Project\",\"data\":\" Test Project\"}', '2022-08-01 20:12:17', '2022-08-01 20:12:17'),
(300, 'Task Created', 'Created new task Test 1', 'App\\Models\\Project', 76, 'App\\Models\\User', 69, '{\"modal\":\"App\\\\Models\\\\Task\",\"data\":\"of Test Project\"}', '2022-08-01 20:13:44', '2022-08-01 20:13:44'),
(301, 'Project Assign To User', 'Assigned Rnfi Staff Protal APi to Rohit Khatri,Pankaj Kumar', 'App\\Models\\Project', 77, 'App\\Models\\User', 62, '{\"modal\":\"App\\\\Models\\\\Project\",\"data\":\"\"}', '2022-08-02 19:02:55', '2022-08-02 19:02:55'),
(302, 'Project Created', 'Created project', 'App\\Models\\Project', 77, 'App\\Models\\User', 62, '{\"modal\":\"App\\\\Models\\\\Project\",\"data\":\" Rnfi Staff Protal APi\"}', '2022-08-02 19:02:55', '2022-08-02 19:02:55'),
(303, 'Task Created', 'Created new task login api', 'App\\Models\\Project', 77, 'App\\Models\\User', 62, '{\"modal\":\"App\\\\Models\\\\Task\",\"data\":\"of Rnfi Staff Protal APi\"}', '2022-08-02 19:04:11', '2022-08-02 19:04:11'),
(304, 'Task Created', 'Created new task pan biomatric', 'App\\Models\\Project', 74, 'App\\Models\\User', 36, '{\"modal\":\"App\\\\Models\\\\Task\",\"data\":\"of #ANDROID Pan NSDL VIdcom app plugin\"}', '2022-08-02 23:16:47', '2022-08-02 23:16:47'),
(305, 'Project Assignee Updated', 'Assigned ICICI APP _ NATIVE_JAVA to Mohammad Ammar', 'App\\Models\\Project', 73, 'App\\Models\\User', 36, '{\"modal\":\"App\\\\Models\\\\Project\",\"data\":\"\"}', '2022-08-03 01:54:17', '2022-08-03 01:54:17'),
(306, 'Project Updated', 'Updated Project', 'App\\Models\\Project', 73, 'App\\Models\\User', 36, '{\"modal\":\"App\\\\Models\\\\Project\",\"data\":\" ICICI APP _ NATIVE_JAVA\"}', '2022-08-03 01:54:17', '2022-08-03 01:54:17'),
(307, 'Task Created', 'Created new task UI', 'App\\Models\\Project', 73, 'App\\Models\\User', 36, '{\"modal\":\"App\\\\Models\\\\Task\",\"data\":\"of ICICI APP _ NATIVE_JAVA\"}', '2022-08-03 01:54:44', '2022-08-03 01:54:44'),
(308, 'Task Created', 'Created new task UI', 'App\\Models\\Project', 73, 'App\\Models\\User', 36, '{\"modal\":\"App\\\\Models\\\\Task\",\"data\":\"of ICICI APP _ NATIVE_JAVA\"}', '2022-08-03 01:54:54', '2022-08-03 01:54:54'),
(309, 'Task Created', 'Created new task UI', 'App\\Models\\Project', 73, 'App\\Models\\User', 36, '{\"modal\":\"App\\\\Models\\\\Task\",\"data\":\"of ICICI APP _ NATIVE_JAVA\"}', '2022-08-03 01:55:04', '2022-08-03 01:55:04'),
(310, 'Task Created', 'Created new task API_INIT', 'App\\Models\\Project', 73, 'App\\Models\\User', 36, '{\"modal\":\"App\\\\Models\\\\Task\",\"data\":\"of ICICI APP _ NATIVE_JAVA\"}', '2022-08-03 01:55:32', '2022-08-03 01:55:32'),
(311, 'Project Updated', 'Updated Project', 'App\\Models\\Project', 75, 'App\\Models\\User', 69, '{\"modal\":\"App\\\\Models\\\\Project\",\"data\":\" reliassure front\"}', '2022-08-04 01:24:03', '2022-08-04 01:24:03'),
(312, 'Task Created', 'Created new task Multiple Numbers Handle &amp; UI Fixes', 'App\\Models\\Project', 52, 'App\\Models\\User', 49, '{\"modal\":\"App\\\\Models\\\\Task\",\"data\":\"of WhatsApp Chatbot\"}', '2022-08-07 18:48:08', '2022-08-07 18:48:08'),
(313, 'Project Assignee Updated', 'Assigned Microkred to Kaushalendra', 'App\\Models\\Project', 50, 'App\\Models\\User', 49, '{\"modal\":\"App\\\\Models\\\\Project\",\"data\":\"\"}', '2022-08-07 22:56:09', '2022-08-07 22:56:09'),
(314, 'Task Created', 'Created new task KYC portal', 'App\\Models\\Project', 50, 'App\\Models\\User', 49, '{\"modal\":\"App\\\\Models\\\\Task\",\"data\":\"of Microkred\"}', '2022-08-07 22:57:05', '2022-08-07 22:57:05'),
(315, 'Project Assignee Updated', 'Assigned Microkred to Gourav Gangwar', 'App\\Models\\Project', 50, 'App\\Models\\User', 49, '{\"modal\":\"App\\\\Models\\\\Project\",\"data\":\"\"}', '2022-08-09 18:32:01', '2022-08-09 18:32:01'),
(316, 'Task Created', 'Created new task UI Fixes &amp; Template Dynamic', 'App\\Models\\Project', 52, 'App\\Models\\User', 49, '{\"modal\":\"App\\\\Models\\\\Task\",\"data\":\"of WhatsApp Chatbot\"}', '2022-08-09 18:34:26', '2022-08-09 18:34:26'),
(317, 'Task Created', 'Created new task AA Flow Ready', 'App\\Models\\Project', 50, 'App\\Models\\User', 49, '{\"modal\":\"App\\\\Models\\\\Task\",\"data\":\"of Microkred\"}', '2022-08-16 20:25:50', '2022-08-16 20:25:50'),
(318, 'Task Created', 'Created new task UI Fixes &amp; Media Management', 'App\\Models\\Project', 52, 'App\\Models\\User', 49, '{\"modal\":\"App\\\\Models\\\\Task\",\"data\":\"of WhatsApp Chatbot\"}', '2022-08-16 22:42:17', '2022-08-16 22:42:17'),
(319, 'Task Created', 'Created new task Probability Module Deployment', 'App\\Models\\Project', 51, 'App\\Models\\User', 49, '{\"modal\":\"App\\\\Models\\\\Task\",\"data\":\"of MicroBi\"}', '2022-08-17 18:51:22', '2022-08-17 18:51:22'),
(320, 'Task Created', 'Created new task Prediction &amp; Probability Module in frontend', 'App\\Models\\Project', 51, 'App\\Models\\User', 49, '{\"modal\":\"App\\\\Models\\\\Task\",\"data\":\"of MicroBi\"}', '2022-08-18 19:57:57', '2022-08-18 19:57:57'),
(321, 'Task Created', 'Created new task Bank Verification Sandbox Module - KYC', 'App\\Models\\Project', 50, 'App\\Models\\User', 49, '{\"modal\":\"App\\\\Models\\\\Task\",\"data\":\"of Microkred\"}', '2022-08-21 17:57:50', '2022-08-21 17:57:50'),
(322, 'Task Created', 'Created new task Service List &amp; Approval of corporate', 'App\\Models\\Project', 50, 'App\\Models\\User', 49, '{\"modal\":\"App\\\\Models\\\\Task\",\"data\":\"of Microkred\"}', '2022-08-22 22:42:20', '2022-08-22 22:42:20'),
(323, 'Task Created', 'Created new task Complete API Verifications Module with AI APIs', 'App\\Models\\Project', 50, 'App\\Models\\User', 49, '{\"modal\":\"App\\\\Models\\\\Task\",\"data\":\"of Microkred\"}', '2022-08-22 22:43:39', '2022-08-22 22:43:39'),
(324, 'User Assigned to Project', 'Assigned Anand Singh to project', 'App\\Models\\Project', 52, 'App\\Models\\User', 49, '{\"modal\":\"App\\\\Models\\\\User\",\"data\":\"WhatsApp Chatbot\"}', '2022-08-22 22:52:49', '2022-08-22 22:52:49'),
(325, 'Task Created', 'Created new task Whatsapp Layout Changes', 'App\\Models\\Project', 52, 'App\\Models\\User', 49, '{\"modal\":\"App\\\\Models\\\\Task\",\"data\":\"of WhatsApp Chatbot\"}', '2022-08-22 22:57:54', '2022-08-22 22:57:54'),
(326, 'Project Assignee Updated', 'Assigned Microkred to Anand Singh', 'App\\Models\\Project', 50, 'App\\Models\\User', 49, '{\"modal\":\"App\\\\Models\\\\Project\",\"data\":\"\"}', '2022-08-24 01:38:13', '2022-08-24 01:38:13'),
(327, 'Task Created', 'Created new task KYC Portal Design Changes', 'App\\Models\\Project', 50, 'App\\Models\\User', 49, '{\"modal\":\"App\\\\Models\\\\Task\",\"data\":\"of Microkred\"}', '2022-08-24 01:39:23', '2022-08-24 01:39:23'),
(328, 'Project Updated', 'Updated Project', 'App\\Models\\Project', 55, 'App\\Models\\User', 36, '{\"modal\":\"App\\\\Models\\\\Project\",\"data\":\" Lyra_Rnfi_Integration\"}', '2022-08-24 19:20:59', '2022-08-24 19:20:59'),
(329, 'Project Assign To User', 'Assigned Fino aar to Sarthak Srivastav', 'App\\Models\\Project', 78, 'App\\Models\\User', 36, '{\"modal\":\"App\\\\Models\\\\Project\",\"data\":\"\"}', '2022-08-24 19:21:43', '2022-08-24 19:21:43'),
(330, 'Project Created', 'Created project', 'App\\Models\\Project', 78, 'App\\Models\\User', 36, '{\"modal\":\"App\\\\Models\\\\Project\",\"data\":\" Fino aar\"}', '2022-08-24 19:21:43', '2022-08-24 19:21:43'),
(331, 'Project Assign To User', 'Assigned Relipay App to Abdul Moeed,Shivam Kumar', 'App\\Models\\Project', 79, 'App\\Models\\User', 36, '{\"modal\":\"App\\\\Models\\\\Project\",\"data\":\"\"}', '2022-08-24 19:22:08', '2022-08-24 19:22:08'),
(332, 'Project Created', 'Created project', 'App\\Models\\Project', 79, 'App\\Models\\User', 36, '{\"modal\":\"App\\\\Models\\\\Project\",\"data\":\" Relipay App\"}', '2022-08-24 19:22:08', '2022-08-24 19:22:08'),
(333, 'Project Updated', 'Updated Project', 'App\\Models\\Project', 38, 'App\\Models\\User', 28, '{\"modal\":\"App\\\\Models\\\\Project\",\"data\":\" ReliPay\"}', '2022-08-24 20:50:31', '2022-08-24 20:50:31'),
(334, 'Task Created', 'Created new task FINO ANDROID 12 issue', 'App\\Models\\Project', 78, 'App\\Models\\User', 36, '{\"modal\":\"App\\\\Models\\\\Task\",\"data\":\"of Fino aar\"}', '2022-08-24 21:22:24', '2022-08-24 21:22:24'),
(335, 'Project Assignee Updated', 'Assigned #Android_Vidcom_app to Bhushan Lamba', 'App\\Models\\Project', 59, 'App\\Models\\User', 36, '{\"modal\":\"App\\\\Models\\\\Project\",\"data\":\"\"}', '2022-09-02 09:14:40', '2022-09-02 09:14:40'),
(336, 'Project Updated', 'Updated Project', 'App\\Models\\Project', 78, 'App\\Models\\User', 36, '{\"modal\":\"App\\\\Models\\\\Project\",\"data\":\" Fino aar\"}', '2022-09-02 09:15:46', '2022-09-02 09:15:46'),
(337, 'Project Updated', 'Updated Project', 'App\\Models\\Project', 70, 'App\\Models\\User', 36, '{\"modal\":\"App\\\\Models\\\\Project\",\"data\":\" mosambee_android\"}', '2022-09-02 09:16:06', '2022-09-02 09:16:06'),
(338, 'Project Updated', 'Updated Project', 'App\\Models\\Project', 70, 'App\\Models\\User', 36, '{\"modal\":\"App\\\\Models\\\\Project\",\"data\":\" mosambee_android\"}', '2022-09-02 09:16:22', '2022-09-02 09:16:22'),
(339, 'Project Assign To User', 'Assigned abc to Pankaj Kumar', 'App\\Models\\Project', 80, 'App\\Models\\User', 36, '{\"modal\":\"App\\\\Models\\\\Project\",\"data\":\"\"}', '2022-09-02 09:22:06', '2022-09-02 09:22:06'),
(340, 'Project Created', 'Created project', 'App\\Models\\Project', 80, 'App\\Models\\User', 36, '{\"modal\":\"App\\\\Models\\\\Project\",\"data\":\" abc\"}', '2022-09-02 09:22:06', '2022-09-02 09:22:06'),
(341, 'Project Updated', 'Updated Project', 'App\\Models\\Project', 80, 'App\\Models\\User', 35, '{\"modal\":\"App\\\\Models\\\\Project\",\"data\":\" abc\"}', '2022-09-02 09:23:57', '2022-09-02 09:23:57'),
(342, 'Project Updated', 'Updated Project', 'App\\Models\\Project', 73, 'App\\Models\\User', 36, '{\"modal\":\"App\\\\Models\\\\Project\",\"data\":\" ICICI APP _ NATIVE_JAVA\"}', '2022-09-02 09:26:06', '2022-09-02 09:26:06'),
(343, 'Project Updated', 'Updated Project', 'App\\Models\\Project', 73, 'App\\Models\\User', 36, '{\"modal\":\"App\\\\Models\\\\Project\",\"data\":\" ICICI APP _ NATIVE_JAVA\"}', '2022-09-02 09:27:17', '2022-09-02 09:27:17'),
(344, 'Project Assignee Updated', 'Assigned abc to Pinki Sharma', 'App\\Models\\Project', 80, 'App\\Models\\User', 35, '{\"modal\":\"App\\\\Models\\\\Project\",\"data\":\"\"}', '2022-09-02 09:27:31', '2022-09-02 09:27:31'),
(345, 'Project Updated', 'Updated Project', 'App\\Models\\Project', 80, 'App\\Models\\User', 35, '{\"modal\":\"App\\\\Models\\\\Project\",\"data\":\" abc\"}', '2022-09-02 09:27:31', '2022-09-02 09:27:31'),
(346, 'Project Assignee Updated', 'Assigned abc to Sarthak Srivastav', 'App\\Models\\Project', 80, 'App\\Models\\User', 36, '{\"modal\":\"App\\\\Models\\\\Project\",\"data\":\"\"}', '2022-09-02 09:28:58', '2022-09-02 09:28:58'),
(347, 'Task Created', 'Created new task demo', 'App\\Models\\Project', 80, 'App\\Models\\User', 36, '{\"modal\":\"App\\\\Models\\\\Task\",\"data\":\"of abc\"}', '2022-09-02 09:30:08', '2022-09-02 09:30:08'),
(348, 'Project Updated', 'Updated Project', 'App\\Models\\Project', 38, 'App\\Models\\User', 62, '{\"modal\":\"App\\\\Models\\\\Project\",\"data\":\" ReliPay\"}', '2022-09-02 17:27:44', '2022-09-02 17:27:44'),
(349, 'Project Assign To User', 'Assigned Reliassure to Nisar,Pallavi Singh,Vivek Kumar,Divya Passy,Himanshu', 'App\\Models\\Project', 81, 'App\\Models\\User', 62, '{\"modal\":\"App\\\\Models\\\\Project\",\"data\":\"\"}', '2022-09-02 17:32:34', '2022-09-02 17:32:34'),
(350, 'Project Created', 'Created project', 'App\\Models\\Project', 81, 'App\\Models\\User', 62, '{\"modal\":\"App\\\\Models\\\\Project\",\"data\":\" Reliassure\"}', '2022-09-02 17:32:34', '2022-09-02 17:32:34'),
(351, 'Project Assign To User', 'Assigned API PORTAL to Shriram,Vipin Harode,Arun Jain,Rajan', 'App\\Models\\Project', 82, 'App\\Models\\User', 62, '{\"modal\":\"App\\\\Models\\\\Project\",\"data\":\"\"}', '2022-09-02 17:33:30', '2022-09-02 17:33:30'),
(352, 'Project Created', 'Created project', 'App\\Models\\Project', 82, 'App\\Models\\User', 62, '{\"modal\":\"App\\\\Models\\\\Project\",\"data\":\" API PORTAL\"}', '2022-09-02 17:33:30', '2022-09-02 17:33:30'),
(353, 'Project Updated', 'Updated Project', 'App\\Models\\Project', 60, 'App\\Models\\User', 36, '{\"modal\":\"App\\\\Models\\\\Project\",\"data\":\" MobiaOcean\"}', '2022-09-05 09:23:32', '2022-09-05 09:23:32'),
(354, 'Project Updated', 'Updated Project', 'App\\Models\\Project', 60, 'App\\Models\\User', 36, '{\"modal\":\"App\\\\Models\\\\Project\",\"data\":\" MobiaOcean\"}', '2022-09-05 09:24:08', '2022-09-05 09:24:08'),
(355, 'Task Created', 'Created new task check and Test all Reports Section .', 'App\\Models\\Project', 59, 'App\\Models\\User', 36, '{\"modal\":\"App\\\\Models\\\\Task\",\"data\":\"of #Android_Vidcom_app\"}', '2022-09-05 09:26:01', '2022-09-05 09:26:01'),
(356, 'Task Created', 'Created new task Reports Section Test', 'App\\Models\\Project', 59, 'App\\Models\\User', 36, '{\"modal\":\"App\\\\Models\\\\Task\",\"data\":\"of #Android_Vidcom_app\"}', '2022-09-05 09:30:20', '2022-09-05 09:30:20'),
(357, 'Project Assign To User', 'Assigned UBER_CMS_SDK to Abdul Moeed', 'App\\Models\\Project', 83, 'App\\Models\\User', 36, '{\"modal\":\"App\\\\Models\\\\Project\",\"data\":\"\"}', '2022-09-05 09:38:28', '2022-09-05 09:38:28'),
(358, 'Project Created', 'Created project', 'App\\Models\\Project', 83, 'App\\Models\\User', 36, '{\"modal\":\"App\\\\Models\\\\Project\",\"data\":\" UBER_CMS_SDK\"}', '2022-09-05 09:38:28', '2022-09-05 09:38:28'),
(359, 'Project Updated', 'Updated Project', 'App\\Models\\Project', 73, 'App\\Models\\User', 36, '{\"modal\":\"App\\\\Models\\\\Project\",\"data\":\" ICICI APP _ NATIVE_JAVA_SDK\"}', '2022-09-05 09:40:23', '2022-09-05 09:40:23'),
(360, 'Project Updated', 'Updated Project', 'App\\Models\\Project', 73, 'App\\Models\\User', 40, '{\"modal\":\"App\\\\Models\\\\Project\",\"data\":\" ICICI APP _ NATIVE_JAVA_SDK\"}', '2022-09-05 09:42:11', '2022-09-05 09:42:11'),
(361, 'Project Updated', 'Updated Project', 'App\\Models\\Project', 60, 'App\\Models\\User', 40, '{\"modal\":\"App\\\\Models\\\\Project\",\"data\":\" MobiaOcean\"}', '2022-09-05 09:43:15', '2022-09-05 09:43:15'),
(362, 'Task Created', 'Created new task DMT_SERVICES', 'App\\Models\\Project', 79, 'App\\Models\\User', 36, '{\"modal\":\"App\\\\Models\\\\Task\",\"data\":\"of Relipay App\"}', '2022-09-05 09:48:46', '2022-09-05 09:48:46'),
(363, 'Task Created', 'Created new task DMT_SERVICES', 'App\\Models\\Project', 79, 'App\\Models\\User', 36, '{\"modal\":\"App\\\\Models\\\\Task\",\"data\":\"of Relipay App\"}', '2022-09-05 09:51:17', '2022-09-05 09:51:17'),
(364, 'Task Created', 'Created new task UTILITY', 'App\\Models\\Project', 79, 'App\\Models\\User', 36, '{\"modal\":\"App\\\\Models\\\\Task\",\"data\":\"of Relipay App\"}', '2022-09-05 10:01:07', '2022-09-05 10:01:07'),
(365, 'Project Assign To User', 'Assigned SHOUTER_NOTIFICATION_READER to Sarthak Srivastav', 'App\\Models\\Project', 84, 'App\\Models\\User', 36, '{\"modal\":\"App\\\\Models\\\\Project\",\"data\":\"\"}', '2022-09-05 10:13:56', '2022-09-05 10:13:56'),
(366, 'Project Created', 'Created project', 'App\\Models\\Project', 84, 'App\\Models\\User', 36, '{\"modal\":\"App\\\\Models\\\\Project\",\"data\":\" SHOUTER_NOTIFICATION_READER\"}', '2022-09-05 10:13:56', '2022-09-05 10:13:56'),
(367, 'Task Created', 'Created new task KEY INJECTION PROCCESS SETUP', 'App\\Models\\Project', 70, 'App\\Models\\User', 36, '{\"modal\":\"App\\\\Models\\\\Task\",\"data\":\"of mosambee_android\"}', '2022-09-05 10:15:35', '2022-09-05 10:15:35'),
(368, 'Task Created', 'Created new task notifiaction', 'App\\Models\\Project', 84, 'App\\Models\\User', 36, '{\"modal\":\"App\\\\Models\\\\Task\",\"data\":\"of SHOUTER_NOTIFICATION_READER\"}', '2022-09-05 10:15:59', '2022-09-05 10:15:59'),
(369, 'Task Created', 'Created new task Dashboard Fixes of KYC Portal', 'App\\Models\\Project', 50, 'App\\Models\\User', 49, '{\"modal\":\"App\\\\Models\\\\Task\",\"data\":\"of Microkred\"}', '2022-09-05 17:27:08', '2022-09-05 17:27:08'),
(370, 'Task Created', 'Created new task GST, Forgery &amp; Video Verification API Integration in KYC Portal', 'App\\Models\\Project', 50, 'App\\Models\\User', 49, '{\"modal\":\"App\\\\Models\\\\Task\",\"data\":\"of Microkred\"}', '2022-09-05 17:28:22', '2022-09-05 17:28:22'),
(371, 'Task Created', 'Created new task Multi-Number management &amp; some fixes', 'App\\Models\\Project', 52, 'App\\Models\\User', 49, '{\"modal\":\"App\\\\Models\\\\Task\",\"data\":\"of WhatsApp Chatbot\"}', '2022-09-05 17:29:28', '2022-09-05 17:29:28'),
(372, 'Project Assign To User', 'Assigned Indo-Nepal to Deepak Kumar', 'App\\Models\\Project', 85, 'App\\Models\\User', 48, '{\"modal\":\"App\\\\Models\\\\Project\",\"data\":\"\"}', '2022-09-06 17:35:02', '2022-09-06 17:35:02'),
(373, 'Project Created', 'Created project', 'App\\Models\\Project', 85, 'App\\Models\\User', 48, '{\"modal\":\"App\\\\Models\\\\Project\",\"data\":\" Indo-Nepal\"}', '2022-09-06 17:35:02', '2022-09-06 17:35:02'),
(374, 'Project Assign To User', 'Assigned SBI Payout to Deepak Kumar', 'App\\Models\\Project', 86, 'App\\Models\\User', 48, '{\"modal\":\"App\\\\Models\\\\Project\",\"data\":\"\"}', '2022-09-06 17:36:31', '2022-09-06 17:36:31'),
(375, 'Project Created', 'Created project', 'App\\Models\\Project', 86, 'App\\Models\\User', 48, '{\"modal\":\"App\\\\Models\\\\Project\",\"data\":\" SBI Payout\"}', '2022-09-06 17:36:31', '2022-09-06 17:36:31'),
(376, 'Project Assign To User', 'Assigned ReliConnect to Rohit Khatri,Kavita Negi', 'App\\Models\\Project', 87, 'App\\Models\\User', 30, '{\"modal\":\"App\\\\Models\\\\Project\",\"data\":\"\"}', '2022-09-07 09:23:01', '2022-09-07 09:23:01'),
(377, 'Project Created', 'Created project', 'App\\Models\\Project', 87, 'App\\Models\\User', 30, '{\"modal\":\"App\\\\Models\\\\Project\",\"data\":\" ReliConnect\"}', '2022-09-07 09:23:01', '2022-09-07 09:23:01'),
(378, 'Project Assignee Updated', 'Assigned CipherPay to Rohit Khatri', 'App\\Models\\Project', 36, 'App\\Models\\User', 30, '{\"modal\":\"App\\\\Models\\\\Project\",\"data\":\"\"}', '2022-09-07 09:24:59', '2022-09-07 09:24:59'),
(379, 'Task Created', 'Created new task Api bug', 'App\\Models\\Project', 82, 'App\\Models\\User', 1, '{\"modal\":\"App\\\\Models\\\\Task\",\"data\":\"of API PORTAL\"}', '2022-09-07 10:23:10', '2022-09-07 10:23:10'),
(380, 'Task Created', 'Created new task SMTP Mail', 'App\\Models\\Project', 87, 'App\\Models\\User', 30, '{\"modal\":\"App\\\\Models\\\\Task\",\"data\":\"of ReliConnect\"}', '2022-09-07 10:29:10', '2022-09-07 10:29:10'),
(381, 'Project Assignee Updated', 'Assigned CipherPay to Vipin Kumar', 'App\\Models\\Project', 36, 'App\\Models\\User', 30, '{\"modal\":\"App\\\\Models\\\\Project\",\"data\":\"\"}', '2022-09-07 10:29:40', '2022-09-07 10:29:40'),
(382, 'Project Updated', 'Updated Project', 'App\\Models\\Project', 36, 'App\\Models\\User', 30, '{\"modal\":\"App\\\\Models\\\\Project\",\"data\":\" CipherPay\"}', '2022-09-07 10:30:44', '2022-09-07 10:30:44'),
(383, 'Project Assign To User', 'Assigned CipherPay to Rohit Khatri,Pankaj Kumar,Vipin Kumar', 'App\\Models\\Project', 88, 'App\\Models\\User', 1, '{\"modal\":\"App\\\\Models\\\\Project\",\"data\":\"\"}', '2022-09-07 10:37:23', '2022-09-07 10:37:23'),
(384, 'Project Created', 'Created project', 'App\\Models\\Project', 88, 'App\\Models\\User', 1, '{\"modal\":\"App\\\\Models\\\\Project\",\"data\":\" CipherPay\"}', '2022-09-07 10:37:23', '2022-09-07 10:37:23'),
(385, 'Task Created', 'Created new task api integration -Kyc', 'App\\Models\\Project', 88, 'App\\Models\\User', 1, '{\"modal\":\"App\\\\Models\\\\Task\",\"data\":\"of CipherPay\"}', '2022-09-07 10:40:03', '2022-09-07 10:40:03'),
(386, 'Task Created', 'Created new task check functions', 'App\\Models\\Project', 74, 'App\\Models\\User', 36, '{\"modal\":\"App\\\\Models\\\\Task\",\"data\":\"of #ANDROID Pan NSDL VIdcom app plugin\"}', '2022-09-07 12:16:36', '2022-09-07 12:16:36'),
(387, 'Task Created', 'Created new task Api Create(Reliassure)', 'App\\Models\\Project', 81, 'App\\Models\\User', 62, '{\"modal\":\"App\\\\Models\\\\Task\",\"data\":\"of Reliassure\"}', '2022-09-07 17:38:05', '2022-09-07 17:38:05'),
(388, 'Project Assignee Updated', 'Assigned Reliassure to Sheetal Pundir', 'App\\Models\\Project', 81, 'App\\Models\\User', 62, '{\"modal\":\"App\\\\Models\\\\Project\",\"data\":\"\"}', '2022-09-07 17:41:35', '2022-09-07 17:41:35'),
(389, 'Task Created', 'Created new task Quiz', 'App\\Models\\Project', 81, 'App\\Models\\User', 62, '{\"modal\":\"App\\\\Models\\\\Task\",\"data\":\"of Reliassure\"}', '2022-09-07 17:42:19', '2022-09-07 17:42:19'),
(390, 'Task Created', 'Created new task Api created in reltailer portal', 'App\\Models\\Project', 81, 'App\\Models\\User', 62, '{\"modal\":\"App\\\\Models\\\\Task\",\"data\":\"of Reliassure\"}', '2022-09-07 17:48:23', '2022-09-07 17:48:23'),
(391, 'Task Created', 'Created new task Workflow with SDK on UAT', 'App\\Models\\Project', 50, 'App\\Models\\User', 49, '{\"modal\":\"App\\\\Models\\\\Task\",\"data\":\"of Microkred\"}', '2022-09-08 15:50:55', '2022-09-08 15:50:55');

-- --------------------------------------------------------

--
-- Table structure for table `activity_types`
--

CREATE TABLE `activity_types` (
  `id` int(10) UNSIGNED NOT NULL,
  `name` varchar(255) COLLATE utf8mb4_unicode_ci NOT NULL,
  `created_by` int(10) UNSIGNED DEFAULT NULL,
  `deleted_by` int(10) UNSIGNED DEFAULT NULL,
  `created_at` timestamp NULL DEFAULT NULL,
  `updated_at` timestamp NULL DEFAULT NULL,
  `deleted_at` timestamp NULL DEFAULT NULL
) ENGINE=InnoDB DEFAULT CHARSET=utf8mb4 COLLATE=utf8mb4_unicode_ci;

--
-- Dumping data for table `activity_types`
--

INSERT INTO `activity_types` (`id`, `name`, `created_by`, `deleted_by`, `created_at`, `updated_at`, `deleted_at`) VALUES
(1, 'Development', NULL, NULL, '2022-06-16 02:45:21', '2022-06-16 02:45:21', NULL),
(2, 'Management', NULL, NULL, '2022-06-16 02:45:21', '2022-06-16 02:45:21', NULL),
(3, 'Code Review', NULL, NULL, '2022-06-16 02:45:21', '2022-06-16 02:45:21', NULL),
(4, 'Testing', NULL, NULL, '2022-06-16 02:45:21', '2022-06-16 02:45:21', NULL),
(5, 'Documentation', NULL, NULL, '2022-06-16 02:45:21', '2022-06-16 02:45:21', NULL);

-- --------------------------------------------------------

--
-- Table structure for table `category`
--

CREATE TABLE `category` (
  `id` int(11) NOT NULL,
  `name` varchar(250) NOT NULL,
  `status` tinyint(4) NOT NULL DEFAULT '0' COMMENT '0->true,1->false',
  `created_at` datetime NOT NULL DEFAULT CURRENT_TIMESTAMP,
  `updated_at` datetime NOT NULL ON UPDATE CURRENT_TIMESTAMP
) ENGINE=InnoDB DEFAULT CHARSET=latin1;

--
-- Dumping data for table `category`
--

INSERT INTO `category` (`id`, `name`, `status`, `created_at`, `updated_at`) VALUES
(1, 'Sony', 0, '2022-08-04 11:57:00', '2022-08-04 11:57:00'),
(3, 'LG', 0, '2022-08-04 12:12:43', '2022-08-04 12:12:43'),
(4, 'Samsung', 0, '2022-08-04 12:12:51', '2022-08-04 12:12:51'),
(5, 'MI', 0, '2022-08-04 12:42:05', '2022-08-04 12:42:05'),
(6, 'Realme', 0, '2022-08-04 12:44:57', '2022-08-04 12:44:57');

-- --------------------------------------------------------

--
-- Table structure for table `clients`
--

CREATE TABLE `clients` (
  `id` int(10) UNSIGNED NOT NULL,
  `name` varchar(255) COLLATE utf8mb4_unicode_ci NOT NULL,
  `email` varchar(255) COLLATE utf8mb4_unicode_ci NOT NULL,
  `website` varchar(255) COLLATE utf8mb4_unicode_ci NOT NULL,
  `created_by` int(10) UNSIGNED DEFAULT NULL,
  `deleted_by` int(10) UNSIGNED DEFAULT NULL,
  `created_at` timestamp NULL DEFAULT NULL,
  `updated_at` timestamp NULL DEFAULT NULL,
  `deleted_at` timestamp NULL DEFAULT NULL,
  `department_id` bigint(20) UNSIGNED DEFAULT NULL,
  `user_id` int(11) DEFAULT NULL
) ENGINE=InnoDB DEFAULT CHARSET=utf8mb4 COLLATE=utf8mb4_unicode_ci;

--
-- Dumping data for table `clients`
--

INSERT INTO `clients` (`id`, `name`, `email`, `website`, `created_by`, `deleted_by`, `created_at`, `updated_at`, `deleted_at`, `department_id`, `user_id`) VALUES
(1, 'Vidcom', 'admin@vidcom.com', 'https://vidcom.in', 1, NULL, '2022-06-16 19:32:14', '2022-06-16 19:32:14', NULL, 1, NULL),
(2, 'Paysprint', 'admin@paysprint.in', 'https://paysprint.in', 1, NULL, '2022-06-16 19:33:23', '2022-06-16 19:33:23', NULL, 1, NULL),
(3, 'Reliwellness', 'info@reliwellness.in', 'https://reliwellness.in', 1, NULL, '2022-06-20 00:23:09', '2022-06-20 00:23:09', NULL, 1, NULL),
(4, 'RNFI', 'info@rnf.in', 'https://rnfi.in/', 1, NULL, '2022-06-20 00:23:54', '2022-06-20 00:23:54', NULL, 1, NULL),
(5, 'Relimoney', 'info@relimoney.in', 'https://relimoney.in', 1, NULL, '2022-06-20 00:27:06', '2022-06-20 00:27:06', NULL, 1, NULL),
(6, 'Reliconnect', 'info@reliconnect.in', 'https://reliconnect.in', 1, NULL, '2022-06-20 00:27:45', '2022-06-20 00:27:45', NULL, 1, NULL),
(7, 'ReliCollect', 'info@relicollect.in', 'https://relicollect.in', 1, NULL, '2022-06-20 00:28:32', '2022-06-20 00:28:32', NULL, 1, NULL),
(8, 'Cipherpay', 'nikhil@cipherpay.in', 'http://cipherpay.in', 1, NULL, '2022-06-20 01:15:59', '2022-06-20 01:16:50', NULL, 5, NULL),
(9, 'Fino', 'info@fino.com', 'https://fino.in', 1, NULL, '2022-06-21 18:51:14', '2022-06-21 18:51:14', NULL, 1, NULL),
(10, 'Relipay', 'info@relipay.in', '', 1, NULL, '2022-06-22 18:41:54', '2022-06-22 18:41:54', NULL, 1, NULL),
(11, 'Microkred', '', 'https://microkred.com/', 1, NULL, '2022-06-22 18:46:23', '2022-06-22 18:46:23', NULL, 1, NULL),
(12, 'MicroBi', '', '', 1, NULL, '2022-06-22 18:49:47', '2022-06-22 18:49:47', NULL, 6, NULL),
(13, 'Reliassure', 'admin@reliassure.in', 'https://reliassure.in', 1, NULL, '2022-08-01 19:24:14', '2022-08-01 19:24:14', NULL, 1, NULL);

-- --------------------------------------------------------

--
-- Table structure for table `comments`
--

CREATE TABLE `comments` (
  `id` int(10) UNSIGNED NOT NULL,
  `comment` text COLLATE utf8mb4_unicode_ci NOT NULL,
  `task_id` int(10) UNSIGNED NOT NULL,
  `created_by` int(10) UNSIGNED NOT NULL,
  `created_at` timestamp NULL DEFAULT NULL,
  `updated_at` timestamp NULL DEFAULT NULL,
  `deleted_at` timestamp NULL DEFAULT NULL
) ENGINE=InnoDB DEFAULT CHARSET=utf8mb4 COLLATE=utf8mb4_unicode_ci;

--
-- Dumping data for table `comments`
--

INSERT INTO `comments` (`id`, `comment`, `task_id`, `created_by`, `created_at`, `updated_at`, `deleted_at`) VALUES
(1, '<p>ok  i  complete the work as soon as possible</p>', 3, 31, '2022-06-20 01:49:34', '2022-06-20 02:03:32', '2022-06-20 02:03:32'),
(2, '<p>Task completed.</p>', 18, 46, '2022-06-22 18:54:50', '2022-06-22 18:54:50', NULL),
(3, '<p>Please provide credential.</p>', 16, 46, '2022-06-22 18:56:56', '2022-06-22 18:56:56', NULL),
(4, '<p>ok sir, i will check validation api and mnp api . and also add 10 paisa charges per request from partner wallet</p><p><br></p>', 21, 45, '2022-06-22 19:51:50', '2022-06-22 19:56:45', NULL),
(5, '<p>Some minor changes that has to be fixed.</p>', 22, 37, '2022-06-26 18:23:21', '2022-06-26 18:23:21', NULL),
(6, '<p>Start integrating the apis.</p>', 15, 37, '2022-06-26 18:24:00', '2022-06-26 18:24:00', NULL),
(7, '<p style=\"text-align:justify;font-family:Lato, LatoRegular, sans-serif, sans-serif;\"><span><span><span><span style=\"font-size:12pt;\"><span>Please find below web based testing URL.</span></span></span></span></span></p><p style=\"text-align:justify;font-family:Lato, LatoRegular, sans-serif, sans-serif;\"><span style=\"font-size:12pt;\">https://test.assisted-service.egov-nsdl.com/SpringBootFormHandling/newPanReq</span></p><p style=\"text-align:justify;font-family:Lato, LatoRegular, sans-serif, sans-serif;\"><span><span><span><span style=\"font-size:12pt;\"><span>Kindly refer the below URL for Transaction status pull</span></span></span></span></span></p><p style=\"text-align:justify;font-family:Lato, LatoRegular, sans-serif, sans-serif;\"><span><span><span><span style=\"font-size:12pt;\"><span style=\"font-family:Calibri, sans-serif;\">https://test.assisted-service.egov-<span>nsdl</span>.com/SpringBootFormHandling/checkTransactionStatus</span></span></span></span></span></p><p style=\"text-align:justify;font-family:Lato, LatoRegular, sans-serif, sans-serif;\"><span><span><span><span style=\"font-size:12pt;\"><span>Kindly refer the below URL for PAN status pull</span></span></span></span></span></p><p style=\"text-align:justify;font-family:Lato, LatoRegular, sans-serif, sans-serif;\"><span><span><span><span style=\"font-size:12pt;\">https://test.assisted-service.egov-<span>nsdl</span>.com//SpringBootFormHandling/PanStatusReq</span></span></span></span></p>', 15, 37, '2022-06-26 18:25:01', '2022-06-26 18:27:19', NULL),
(8, '<p>Please provide callbackURL to them and provide  saple callback response.</p>', 16, 46, '2022-06-26 18:26:30', '2022-06-26 18:26:30', NULL),
(9, 'Start reading the documentation and do the needfulls', 28, 37, '2022-06-26 18:37:02', '2022-06-26 18:37:02', NULL),
(10, '<p>arranging the cample callback response ... please proivide the callback-url for whitelisting </p>', 16, 37, '2022-06-26 18:37:59', '2022-06-26 18:37:59', NULL),
(11, '<p><span style=\"color:rgb(14,16,26);\">Retailers having ID with RNFI are facing an issue: Pan is linked with another mobile number --- </span><strong><span style=\"font-family:Calibri, sans-serif;\">As discussed with Chintan yesterday evening this issue was solved but the retailer is getting the same issue. As discussed for such a case we are giving an edit tab on the mobile session- I have attached screenshot 1.</span></strong><br></p>', 30, 37, '2022-06-26 19:51:52', '2022-06-26 19:51:52', NULL),
(12, '<div><span style=\"font-family:arial, sans-serif;\">As requested, please find the <span style=\"font-weight:700;\">Sandbox</span> and<span style=\"font-weight:700;\"> API Documentation</span> for the APIs below:</span><br></div><div><br></div><span style=\"font-family:arial, sans-serif;\">Sandbox Details</span><br><span style=\"font-family:arial, sans-serif;\">Token</span><br><span style=\"font-family:arial, sans-serif;\">eyJ0eXAiOiJKV1QiLCJhbGciOiJIUzI1NiJ9.eyJmcmVzaCI6ZmFsc2UsImlhdCI6MTY1NjMyODI4NCwianRpIjoiM2Y5NDA5NjAtOWMzOC00YWIwLTliY2QtNjdkM2MzYzc2MjFjIiwidHlwZSI6ImFjY2VzcyIsImlkZW50aXR5IjoiZGV2LnBheXNwcmludEBzdXJlcGFzcy5pbyIsIm5iZiI6MTY1NjMyODI4NCwiZXhwIjoxNjU4MDU2Mjg0LCJ1c2VyX2NsYWltcyI6eyJzY29wZXMiOlsid2FsbGV0Il19fQ.1sMnMEXzHrRNsU_3bgUORXyzqe7J---1zdZPmn5wB8Q</span><br><span style=\"font-family:arial, sans-serif;\">API Docs*</span><br><span style=\"font-family:arial, sans-serif;\"><a href=\"https://documentation.aadhaarkyc.io/\">https://documentation.aadhaarkyc.io</a></span><br><div><span style=\"font-family:arial, sans-serif;\">* Please change the top-left block to “No Environment” to view documentation for the sandbox environment.</span><br></div><div><span style=\"font-family:arial, sans-serif;\">**Change base endpoint from “kyc-api” to “sandbox…”</span><br></div><div><br></div>', 28, 37, '2022-06-27 00:56:24', '2022-06-27 00:56:24', NULL),
(13, '<p>nsdl pan api is not working properly - nsdl pan request url (new newPanReq url ) not working</p>', 15, 45, '2022-06-27 18:19:31', '2022-06-27 18:20:16', '2022-06-27 18:20:16'),
(14, '<p>NSDL - Pan Card Response</p><p>(</p><p>    [errorMsg] =&gt; Something went wrong please contact admin for more details.</p><p>    [txnStatus] =&gt; 0</p><p>    [txnid] =&gt; PS27795</p><p>    [responseGeneratedTimeStamp] =&gt; 2022-06-28T11:53:38.965</p><p>)</p>', 15, 45, '2022-06-27 19:33:17', '2022-06-27 19:33:17', NULL),
(15, '<p>(NEW RESPONSE FOR - NSDL PAN)<br></p><p>Array</p><p>(</p><p>    [errorMsg] =&gt; ER005 : Entity with provided entityId is not available.</p><p>    [txnStatus] =&gt; 0</p><p>    [txnid] =&gt; PS27897</p><p>    [responseGeneratedTimeStamp] =&gt; 2022-06-28T15:54:44.993</p><p>)</p>', 15, 45, '2022-06-27 23:29:06', '2022-06-27 23:29:06', NULL),
(16, '<p>service wedge api done </p><p>service bar graph api based on amount and service</p><p>pie chart api based on service count and total</p>', 45, 32, '2022-06-28 02:44:50', '2022-06-28 02:44:50', NULL),
(17, '<p>dashboard api integration,pie chart and bar chart integration</p>', 44, 42, '2022-06-28 02:48:21', '2022-06-28 02:48:21', NULL),
(18, '<p>ok</p>', 44, 52, '2022-06-28 03:01:53', '2022-06-28 03:01:53', NULL),
(19, '<p>ok</p>', 45, 52, '2022-06-28 03:02:29', '2022-06-28 03:02:29', NULL),
(20, '<p>(New Response - NSDL PAN)<br></p><p>Array</p><p>(</p><p>    [errorMsg] =&gt; Failed to verify signed request.</p><p>    [txnStatus] =&gt; 0</p><p>    [txnid] =&gt; PS28094</p><p>    [responseGeneratedTimeStamp] =&gt; 2022-06-29T12:48:31.518</p><p>)</p>', 15, 45, '2022-06-28 23:04:43', '2022-06-28 23:04:43', NULL),
(21, '<p>done all api integration in dashboard </p>', 44, 42, '2022-06-29 02:33:28', '2022-06-29 02:33:28', NULL),
(22, '<p>change in piechart api /graph api</p><p>and create report api</p>', 45, 32, '2022-06-29 02:36:49', '2022-06-29 02:36:49', NULL);

-- --------------------------------------------------------

--
-- Table structure for table `dailyworks`
--

CREATE TABLE `dailyworks` (
  `id` int(10) UNSIGNED NOT NULL,
  `userid` int(50) NOT NULL,
  `pname` varchar(255) NOT NULL,
  `taskid` int(11) NOT NULL,
  `pdescription` longtext,
  `ftime` time NOT NULL,
  `ttime` time NOT NULL,
  `tutime` varchar(11) NOT NULL,
  `addeddate` date DEFAULT NULL,
  `created_at` timestamp NOT NULL DEFAULT CURRENT_TIMESTAMP ON UPDATE CURRENT_TIMESTAMP,
  `updated_at` timestamp NULL DEFAULT CURRENT_TIMESTAMP
) ENGINE=InnoDB DEFAULT CHARSET=latin1;

--
-- Dumping data for table `dailyworks`
--

INSERT INTO `dailyworks` (`id`, `userid`, `pname`, `taskid`, `pdescription`, `ftime`, `ttime`, `tutime`, `addeddate`, `created_at`, `updated_at`) VALUES
(1, 62, '9', 0, 'wedw dewjkhdw whd d', '14:26:00', '18:27:00', '1', NULL, '2022-08-31 07:50:09', '2022-08-30 01:25:21'),
(2, 62, '5', 0, 'hw dh d3uhd 3dh d3udh d3uh', '14:27:00', '18:28:00', '2', NULL, '2022-08-30 01:25:21', '2022-08-30 01:25:21'),
(3, 62, '1', 0, 'rfervdfv b rtgtrg', '14:34:00', '17:35:00', '1', NULL, '2022-08-30 01:31:10', '2022-08-30 01:31:10'),
(4, 62, '1', 0, NULL, '13:48:00', '17:49:00', '5', NULL, '2022-08-30 01:46:21', '2022-08-30 01:46:21'),
(5, 39, '13', 0, 'reassure new landing page design', '10:00:00', '03:00:00', '5', NULL, '2022-08-31 08:03:21', '2022-08-31 08:03:21'),
(6, 39, '10', 0, 'Relipay login page Design', '03:00:00', '07:00:00', '4', NULL, '2022-08-31 08:03:21', '2022-08-31 08:03:21'),
(7, 60, '2', 0, 'ostopay bugs , superpay(new portal) modifications', '10:01:00', '19:03:00', '9', NULL, '2022-08-31 08:03:48', '2022-08-31 08:03:48'),
(8, 53, '2', 0, 'ostopay bugs , superpay(new portal) modifications', '10:08:00', '19:06:00', '9', NULL, '2022-08-31 08:06:53', '2022-08-31 08:06:53'),
(9, 45, '2', 0, 'Working on Ott Bundle ,', '10:03:00', '19:04:00', '8', NULL, '2022-08-31 08:07:28', '2022-08-31 08:07:28'),
(10, 46, '2', 0, NULL, '10:05:00', '19:10:00', '8', NULL, '2022-08-31 08:08:17', '2022-08-31 08:08:17'),
(11, 28, '10', 0, 'Flight Markup,Flight Statement,Summer Special fare', '10:13:00', '19:13:00', '8', NULL, '2022-08-31 08:11:14', '2022-08-31 08:11:14'),
(12, 63, '13', 0, 'Create banner view, add permission in all api and solve apis issues', '10:00:00', '07:10:00', '9', NULL, '2022-08-31 08:19:18', '2022-08-31 08:19:18'),
(13, 50, '11', 0, NULL, '10:07:00', '19:09:00', '9', NULL, '2022-09-01 09:39:42', '2022-09-01 09:39:42'),
(14, 35, '8', 0, 'Forgot password ,user permission testing', '10:24:00', '16:03:00', '5', NULL, '2022-09-01 10:35:21', '2022-09-01 14:34:12'),
(15, 48, '3', 0, 'Invoice Module', '10:00:00', '19:00:00', '8', NULL, '2022-09-01 17:07:24', '2022-09-01 17:07:24'),
(16, 69, '13', 0, 'Tried to fix the server migration and database issues', '10:15:00', '18:45:00', '8', NULL, '2022-09-01 17:11:16', '2022-09-01 17:11:16'),
(17, 66, '10', 0, 'whatsapp bugs', '10:12:00', '13:12:00', '3', NULL, '2022-09-01 17:22:07', '2022-09-01 17:22:07'),
(18, 66, '52', 0, 'whatsapp bug fixing', '10:10:00', '14:00:00', '4', NULL, '2022-09-01 17:28:51', '2022-09-01 17:28:51'),
(19, 66, '52', 0, 'whatsapp bugs fixing', '15:05:00', '19:00:00', '4', NULL, '2022-09-01 17:29:48', '2022-09-01 17:29:48'),
(20, 45, '67', 0, 'Adding new modules in Bio', '10:00:00', '19:00:00', '8', NULL, '2022-09-01 17:30:23', '2022-09-01 17:30:23'),
(21, 35, '36', 0, 'review website and meeting', '17:00:00', '19:00:00', '2', NULL, '2022-09-01 17:30:30', '2022-09-01 17:30:30'),
(22, 30, '36', 0, '1. Worked on the contact detail API.\r\n2. Review GST API of paySprint.\r\n3. Working on the Business Details API and Validate detail using gst API. (Pending)', '10:00:00', '19:00:00', '8', NULL, '2022-09-01 17:31:21', '2022-09-01 17:31:21'),
(23, 28, '36', 0, 'Calender Fare Offline booking list,Email Ticket', '09:51:00', '19:01:00', '8', NULL, '2022-09-01 17:32:34', '2022-09-01 17:32:34'),
(24, 25, '13', 0, 'apis created in insurance portal for two wheelers.\r\n1.get rto code\r\n2.brand model & variant\r\n3.auto fetch details\r\n4.enter manual details\r\n5.get vehicle details by id', '10:00:00', '15:17:00', '4', NULL, '2022-09-01 17:33:39', '2022-09-01 17:33:39'),
(25, 25, '13', 0, 'auth token api issue fixed & added validation.', '15:20:00', '17:00:00', '1', NULL, '2022-09-01 17:33:39', '2022-09-01 17:33:39'),
(26, 25, '13', 0, 'apis created in reliassure admin.\r\n1.get lead list by status\r\n2.get lead list\r\n3.get lead overview', '17:00:00', '15:17:00', '3', NULL, '2022-09-01 17:33:39', '2022-09-01 17:33:39'),
(27, 74, '36', 0, 'Today i work on kyc pop-up and kyc stepper and kyc contact detail pages', '10:05:00', '07:05:00', '8', NULL, '2022-09-01 17:38:17', '2022-09-01 17:38:17'),
(28, 27, '38', 0, 'Worked on CMS :\r\n   component created and routing added, (complete)\r\n   cms company api integrated and validation added   (complete)\r\n   cms form api integrated and worked on dynamic form creation  (incomplete)', '10:10:00', '07:10:00', '8', NULL, '2022-09-01 17:41:39', '2022-09-01 17:41:39'),
(29, 66, '52', 0, 'bugs fixing and new requirement', '10:20:00', '17:02:00', '6', NULL, '2022-09-02 15:38:31', '2022-09-02 15:38:31'),
(30, 45, '67', 0, 'Working on new modules in boi', '10:00:00', '19:00:00', '8', NULL, '2022-09-02 17:29:50', '2022-09-02 17:29:50'),
(31, 62, '43', 0, 'AEPS Balance Enquiry and Aadhar Pay testting issue Resolved', '10:40:00', '19:40:00', '8', NULL, '2022-09-02 17:30:15', '2022-09-02 17:30:15'),
(32, 48, '41', 0, 'Invoice Module', '10:00:00', '19:00:00', '8', NULL, '2022-09-02 17:31:50', '2022-09-02 17:31:50'),
(33, 74, '36', 0, 'worked on Business detail page and upload documents', '10:05:00', '07:05:00', '8', NULL, '2022-09-02 17:33:44', '2022-09-02 17:33:44'),
(34, 60, '82', 0, NULL, '10:00:00', '19:04:00', '8', NULL, '2022-09-02 17:34:56', '2022-09-02 17:34:56'),
(35, 31, '81', 0, 'Demo, start-test module (Api Integration, design set)', '10:10:00', '07:10:00', '8', NULL, '2022-09-02 17:39:33', '2022-09-02 17:39:33'),
(36, 53, '82', 0, 'Ostopay Web , App , New portal(Super pay) template integrate and other bug fix', '10:15:00', '19:09:00', '8', NULL, '2022-09-02 17:40:34', '2022-09-02 17:40:34'),
(37, 63, '81', 0, 'change agent total and lead api,Solve API issue and Demo meeting', '10:02:00', '07:10:00', '8', NULL, '2022-09-02 17:42:11', '2022-09-02 17:42:11'),
(38, 69, '81', 0, 'Worked on polishing 4 wheeler insurance and implemented 2 wheeler insurance.\r\nImplemented training sorting in the admin panel.', '10:15:00', '19:15:00', '8', NULL, '2022-09-02 17:42:31', '2022-09-02 17:42:31'),
(39, 54, '81', 0, 'reliassure quiz admin delete option added !!\r\ntime form added', '22:05:00', '19:20:00', '8', NULL, '2022-09-02 17:46:42', '2022-09-02 17:46:42'),
(40, 25, '81', 0, 'apis created in quiz portal for admin panel.\r\n1. delete category.\r\n2.delete questions', '22:00:00', '23:07:00', '1', NULL, '2022-09-02 17:48:32', '2022-09-02 17:48:32'),
(41, 25, '81', 0, 'mitting with nitesh sir for demo.', '11:20:00', '12:12:00', '1', NULL, '2022-09-02 17:48:32', '2022-09-02 17:48:32'),
(42, 25, '81', 0, 'apis created in insurance portal.\r\n1. update 4 wheeler detail.\r\n2.update 2 wheeler detail', '12:30:00', '16:30:00', '4', NULL, '2022-09-02 17:48:32', '2022-09-02 17:48:32'),
(43, 25, '81', 0, 'apis created in quiz portal for admin panel.\r\n1. exam time duration.', '16:40:00', '18:07:00', '1', NULL, '2022-09-02 17:48:32', '2022-09-02 17:48:32'),
(44, 25, '81', 0, 'created count down timer functionality on quize portal with pallavi', '18:00:00', '07:00:00', '1', NULL, '2022-09-02 17:48:32', '2022-09-02 17:48:32'),
(47, 73, '36', 0, 'testing', '10:05:00', '13:59:00', '03:54', '2022-09-05', '2022-09-05 11:26:45', '2022-09-05 14:42:37'),
(48, 73, '36', 0, 'testing', '15:01:00', '16:10:00', '01:09', '2022-09-05', '2022-09-05 11:26:48', '2022-09-05 14:42:37'),
(49, 50, '50', 0, 'kyc bug fixes', '10:05:00', '07:15:00', '02:50', '2022-09-05', '2022-09-05 17:16:50', '2022-09-05 17:16:50'),
(50, 49, '50', 0, NULL, '10:15:00', '19:15:00', '09:00', '2022-09-05', '2022-09-05 17:18:21', '2022-09-05 17:18:21'),
(51, 49, '50', 0, 'KYC Portal Bugs Fixes of 6 APIs and Testing...Server Fixes of AWS also', '10:15:00', '19:15:00', '09:00', '2022-09-05', '2022-09-05 17:19:35', '2022-09-05 17:19:35'),
(52, 49, '52', 0, 'Bugs Fixes & Product Enhancements', '10:15:00', '19:15:00', '09:00', '2022-09-05', '2022-09-05 17:19:35', '2022-09-05 17:19:35'),
(53, 50, '50', 0, 'kyc ui bug fixeing and add new functionality', '10:05:00', '07:15:00', '02:50', '2022-09-05', '2022-09-05 17:19:56', '2022-09-05 17:19:56'),
(54, 50, '52', 0, 'reply facility api in node', '10:05:00', '07:15:00', '02:50', '2022-09-05', '2022-09-05 17:19:56', '2022-09-05 17:19:56'),
(55, 48, '41', 0, 'Invoice Module', '10:00:00', '19:00:00', '09:00', '2022-09-05', '2022-09-05 17:23:10', '2022-09-05 17:23:10'),
(56, 45, '36', 0, 'working on Online BBPS ( Paysprint)', '10:00:00', '19:01:00', '09:01', '2022-09-05', '2022-09-05 17:32:15', '2022-09-05 17:32:15'),
(57, 28, '38', 0, 'Transaction API for DMT Yes Bank , Flight Round Trip response formation', '10:07:00', '19:10:00', '09:03', '2022-09-05', '2022-09-05 17:34:42', '2022-09-05 17:34:42'),
(58, 63, '81', 0, 'worked on Agent API,Lead List and solved API Issues', '10:00:00', '07:05:00', '02:55', '2022-09-05', '2022-09-05 17:37:04', '2022-09-05 17:37:04'),
(59, 31, '81', 0, 'Lead List (Api Integrate in Dashboard),Agent List(Api Integrate In dashboard),Show inPichart', '10:00:00', '09:08:00', '52', '2022-09-05', '2022-09-05 17:39:59', '2022-09-05 17:39:59'),
(60, 27, '38', 0, 'worked on custom dynamic scrollbar\r\nworked on CMS issues and bugs', '10:10:00', '07:10:00', '03:00', '2022-09-05', '2022-09-05 17:40:32', '2022-09-05 17:40:32'),
(61, 25, '36', 0, 'apis created in health insurance portal.\r\n1.get member list according to functionality.\r\n2.get city with pin code.\r\n3.get disease master.\r\n4.create lead of health insurance.', '10:00:00', '19:07:00', '09:07', '2022-09-05', '2022-09-05 17:41:12', '2022-09-05 17:41:12'),
(62, 54, '75', 0, 'works on reliassure front quize', '10:04:00', '19:10:00', '09:06', '2022-09-05', '2022-09-05 17:42:38', '2022-09-05 17:42:38'),
(63, 74, '36', 0, 'working on KYC upload document', '10:10:00', '07:15:00', '02:55', '2022-09-05', '2022-09-05 17:47:03', '2022-09-05 17:47:03'),
(64, 48, '41', 0, 'Invoice module', '10:00:00', '13:00:00', '03:00', '2022-09-06', '2022-09-06 17:32:06', '2022-09-06 17:32:06'),
(65, 42, '41', 0, 'integration of api of invoice module', '23:01:00', '13:01:00', '10:00', '2022-09-06', '2022-09-06 17:32:36', '2022-09-06 17:32:36'),
(66, 42, '75', 0, 'integration of preview all quetions', '14:02:00', '19:03:00', '05:01', '2022-09-06', '2022-09-06 17:33:20', '2022-09-06 17:33:20'),
(67, 48, '85', 0, 'Changes in trandacton', '13:00:00', '16:00:00', '03:00', '2022-09-06', '2022-09-06 17:36:00', '2022-09-06 17:36:00'),
(68, 54, '75', 0, 'works on change-password, forget-password, quize timer login page dashboard, logout', '10:01:00', '19:05:00', '09:04', '2022-09-06', '2022-09-06 17:36:23', '2022-09-06 17:36:23'),
(69, 48, '86', 0, 'Sbi payout', '16:00:00', '19:00:00', '03:00', '2022-09-06', '2022-09-06 17:37:30', '2022-09-06 17:37:30'),
(70, 30, '36', 0, '1. Worked on COI API\r\n2. Worked on GST API\r\n3. Worked on MOA AOA API\r\n4. Worked on Board Resolution API\r\n4. Worked on Aadhar extratction (Pending)', '10:00:00', '19:00:00', '09:00', '2022-09-06', '2022-09-06 17:38:14', '2022-09-06 17:38:14'),
(71, 25, '81', 0, 'apis created in health insurance portal. \r\n1.get member group.\r\n2.get pin code & city according to filter.\r\n3. add group id in create lead api according to default member.\r\n4.timing issue fixed on quize portal of front side.\r\n5.update lead.', '10:00:00', '19:08:00', '09:08', '2022-09-06', '2022-09-06 17:38:21', '2022-09-06 17:38:21'),
(72, 31, '81', 0, 'adminpanel Dasboard work, fix all busy ,testing adminpanel', '10:00:00', '07:10:00', '02:50', '2022-09-06', '2022-09-06 17:41:16', '2022-09-06 17:41:16'),
(73, 63, '81', 0, 'Solved issue in lead total and agent total API ,create API for forget Password,Change Password and logout in Reliassure Quiz', '10:00:00', '07:10:00', '02:50', '2022-09-06', '2022-09-06 17:41:36', '2022-09-06 17:41:36'),
(74, 74, '36', 0, 'work on loader ,upload coi document, gst document,Moa/Aoa document and api intigration of these documents', '10:05:00', '07:10:00', '02:55', '2022-09-06', '2022-09-06 17:42:18', '2022-09-06 17:42:18'),
(75, 33, '82', 132, 'Testing', '10:28:00', '02:57:00', '07:31', '2022-09-07', '2022-09-07 10:24:36', '2022-09-07 10:24:36'),
(76, 30, '87', 133, 'Configure mail service', '10:00:00', '11:30:00', '01:30', '2022-09-07', '2022-09-07 10:32:09', '2022-09-07 10:32:09'),
(77, 30, '88', 134, 'Worked on API of kYC', '11:30:00', '19:00:00', '07:30', '2022-09-07', '2022-09-07 17:26:00', '2022-09-07 17:26:00'),
(78, 74, '88', 134, 'api impliment of upload kyc document and design the Authorised signatory page', '10:10:00', '07:10:00', '03:00', '2022-09-07', '2022-09-07 17:37:27', '2022-09-07 17:37:27'),
(79, 31, '81', 136, 'ApiIntergate in front admin panel  ( Forgot password, validate Otp, Faq List, Update Faq, View Faq By Id)', '10:00:00', '07:08:00', '02:52', '2022-09-07', '2022-09-07 17:39:41', '2022-09-07 17:39:41'),
(80, 63, '81', 136, 'Create FAQ Update, View and List API ,Training Status Update,Exam Status Update,Exam/Training Reset API', '10:15:00', '07:11:00', '03:04', '2022-09-07', '2022-09-07 17:41:30', '2022-09-07 17:41:30'),
(81, 42, '81', 137, 'api invtegration in reliassure website for pdf converter', '22:12:00', '19:12:00', '03:00', '2022-09-07', '2022-09-07 17:42:55', '2022-09-07 17:42:55'),
(82, 54, '81', 137, 'works on start-test', '22:05:00', '19:13:00', '02:52', '2022-09-07', '2022-09-07 17:46:10', '2022-09-07 17:46:10'),
(83, 25, '81', 138, '1.raise question.\r\n\r\n2.revert answer\r\n\r\n3.get question with answer.\r\n\r\n4.time duration issue fixed on quize portal of frontend\r\n\r\n5.name issue fixed on quize portal', '10:00:00', '19:19:00', '09:19', '2022-09-07', '2022-09-07 17:50:05', '2022-09-07 17:50:05'),
(84, 42, '81', 137, 'api integration in retailer', '22:05:00', '19:05:00', '03:00', '2022-09-08', '2022-09-08 17:36:46', '2022-09-08 17:36:46'),
(85, 54, '81', 137, 'api integration in  quize', '10:05:00', '19:06:00', '09:01', '2022-09-08', '2022-09-08 17:38:15', '2022-09-08 17:38:15'),
(86, 25, '81', 138, '1. create gi cretificate & make pdf in retailer portal.\r\n2. fixed sorting ,filter & date format issues in question list.\r\n3. api create to redirect with token on retailer server after after submit answer.', '10:00:00', '19:11:00', '09:11', '2022-09-08', '2022-09-08 17:48:24', '2022-09-08 17:48:24'),
(87, 74, '88', 134, 'integrate api and and design dashboard chart', '10:15:00', '07:10:00', '03:05', '2022-09-08', '2022-09-08 22:11:21', '2022-09-08 22:11:21'),
(88, 25, '81', 138, '1.get banner api list\r\n2.get life insurance master\r\n3.create life insurance lead\r\n4.update lead\r\n5.get lead detail\r\napis created on insurance & retailer poratl', '09:04:00', '19:04:00', '10:00', '2022-09-09', '2022-09-09 17:41:40', '2022-09-09 17:41:40'),
(89, 74, '88', 134, 'Resolve some bugs and apply validation part also', '10:10:00', '07:10:00', '03:00', '2022-09-09', '2022-09-09 17:45:46', '2022-09-09 17:45:46'),
(90, 42, '81', 137, 'api integration in reliassure reatiler panerl', '22:17:00', '19:17:00', '03:00', '2022-09-09', '2022-09-09 17:48:16', '2022-09-09 17:48:16'),
(91, 54, '81', 137, 'api integration  in quiz', '10:00:00', '19:15:00', '09:15', '2022-09-09', '2022-09-09 17:50:20', '2022-09-09 17:50:20'),
(92, 31, '81', 136, 'Api Integrate ( Training reset,Exam Rest, Training Status),Geo Location', '10:00:00', '07:06:00', '02:54', '2022-09-12', '2022-09-12 17:37:32', '2022-09-12 17:37:32'),
(93, 63, '81', 136, 'System Setup and Search API', '10:08:00', '19:09:00', '09:01', '2022-09-12', '2022-09-12 17:39:05', '2022-09-12 17:39:05'),
(94, 54, '81', 137, 'api integration in reliassure front', '10:05:00', '19:12:00', '09:07', '2022-09-12', '2022-09-12 17:43:17', '2022-09-12 17:43:17'),
(95, 74, '88', 134, 'verify authorised signatory Address', '10:10:00', '07:10:00', '03:00', '2022-09-13', '2022-09-13 17:37:27', '2022-09-13 17:37:27'),
(96, 25, '81', 138, 'import vehicles masters in db.\r\nRND on Excel sheets.', '10:00:00', '19:14:00', '09:14', '2022-09-13', '2022-09-13 17:45:50', '2022-09-13 17:45:50'),
(97, 25, '81', 138, 'data table query issue fixed on admin side.\r\nquiz auth validation(from one server to another) issue fixed\r\nchange download certificate api\r\nadded status column on both four_wheel & two wheel table', '10:00:00', '19:02:00', '09:02', '2022-09-14', '2022-09-14 17:31:33', '2022-09-14 17:31:33'),
(98, 31, '81', 136, 'Certificate Download, Twowheeler,FourWheeler(Api Integrate), Exam Status,Training Status', '09:55:00', '07:05:00', '02:50', '2022-09-14', '2022-09-14 17:32:16', '2022-09-14 17:32:16'),
(99, 63, '81', 136, 'Create API of Two wheeler list ,four wheeler list, Two wheeler update, Four wheeler update', '10:00:00', '19:00:00', '09:00', '2022-09-14', '2022-09-14 17:34:02', '2022-09-14 17:34:02'),
(100, 25, '81', 138, '1.create multiple filter with functionality in angular admin panel (front side of admin pannel)\r\n\r\n2.created triggers of four_wheels table.\r\n\r\n3.check kyc status issue fixed.\r\n\r\n4. pincode & city filter issue fixed from json file.\r\n4.', '10:00:00', '19:17:00', '09:17', '2022-09-16', '2022-09-16 17:47:21', '2022-09-16 17:47:21'),
(101, 25, '81', 138, 'create four wheeler proper structure and put into json file.', '10:00:00', '19:12:00', '09:12', '2022-09-19', '2022-09-19 17:43:51', '2022-09-19 17:43:51'),
(102, 63, '81', 136, 'Create Four wheeler update, two wheeler update API, solve staff agent update issue', '10:00:00', '19:00:00', '09:00', '2022-09-21', '2022-09-21 17:26:18', '2022-09-21 17:26:18'),
(103, 31, '81', 136, 'ApiIntegrate(Brand Icon Four Whheler,Two Wheeler, Add List, Update,View),fix some issue', '09:55:00', '07:05:00', '02:50', '2022-09-21', '2022-09-21 17:28:38', '2022-09-21 17:28:38');

-- --------------------------------------------------------

--
-- Table structure for table `departments`
--

CREATE TABLE `departments` (
  `id` int(10) UNSIGNED NOT NULL,
  `name` varchar(170) COLLATE utf8mb4_unicode_ci NOT NULL,
  `description` text COLLATE utf8mb4_unicode_ci,
  `color` varchar(255) COLLATE utf8mb4_unicode_ci NOT NULL,
  `created_at` timestamp NULL DEFAULT NULL,
  `updated_at` timestamp NULL DEFAULT NULL,
  `deleted_at` timestamp NULL DEFAULT NULL
) ENGINE=InnoDB DEFAULT CHARSET=utf8mb4 COLLATE=utf8mb4_unicode_ci;

--
-- Dumping data for table `departments`
--

INSERT INTO `departments` (`id`, `name`, `description`, `color`, `created_at`, `updated_at`, `deleted_at`) VALUES
(1, 'Web Development', '<p>My Department is best department</p>', '#f2c852', '2022-06-16 02:45:21', '2022-06-16 02:45:21', NULL),
(2, 'Web Designing', '<p>My Department is best department</p>', '#f26d52', '2022-06-16 02:45:21', '2022-06-16 02:45:21', NULL),
(3, 'Android Development', '<p>My Department is best department</p>', '#52f28f', '2022-06-16 02:45:21', '2022-06-16 02:45:21', NULL),
(4, 'IOS Development', '<p>My Department is best department</p>', '#52d7f2', '2022-06-16 02:45:21', '2022-06-16 02:45:21', NULL),
(5, 'General', NULL, '#3F51B5', '2022-06-20 01:15:15', '2022-06-20 01:15:15', NULL),
(6, 'Python Development', NULL, '#3F51B5', '2022-06-22 18:45:17', '2022-06-22 18:45:17', NULL);

-- --------------------------------------------------------

--
-- Table structure for table `events`
--

CREATE TABLE `events` (
  `id` int(10) UNSIGNED NOT NULL,
  `title` varchar(255) COLLATE utf8mb4_unicode_ci DEFAULT NULL,
  `description` text COLLATE utf8mb4_unicode_ci,
  `start_date` datetime DEFAULT NULL,
  `end_date` datetime DEFAULT NULL,
  `type` bigint(20) UNSIGNED DEFAULT NULL,
  `added_by` int(10) UNSIGNED DEFAULT NULL,
  `created_at` timestamp NULL DEFAULT NULL,
  `updated_at` timestamp NULL DEFAULT NULL
) ENGINE=InnoDB DEFAULT CHARSET=utf8mb4 COLLATE=utf8mb4_unicode_ci;

-- --------------------------------------------------------

--
-- Table structure for table `expenses`
--

CREATE TABLE `expenses` (
  `id` int(10) UNSIGNED NOT NULL,
  `description` text COLLATE utf8mb4_unicode_ci NOT NULL,
  `amount` int(11) NOT NULL,
  `date` datetime NOT NULL,
  `project_id` int(10) UNSIGNED NOT NULL,
  `client_id` int(10) UNSIGNED NOT NULL,
  `category` int(11) NOT NULL DEFAULT '1',
  `billable` tinyint(1) NOT NULL DEFAULT '0',
  `created_by` int(10) UNSIGNED DEFAULT NULL,
  `deleted_by` int(10) UNSIGNED DEFAULT NULL,
  `created_at` timestamp NULL DEFAULT NULL,
  `updated_at` timestamp NULL DEFAULT NULL,
  `deleted_at` timestamp NULL DEFAULT NULL
) ENGINE=InnoDB DEFAULT CHARSET=utf8mb4 COLLATE=utf8mb4_unicode_ci;

-- --------------------------------------------------------

--
-- Table structure for table `failed_jobs`
--

CREATE TABLE `failed_jobs` (
  `id` int(10) UNSIGNED NOT NULL,
  `uuid` varchar(161) COLLATE utf8mb4_unicode_ci DEFAULT NULL,
  `connection` text COLLATE utf8mb4_unicode_ci NOT NULL,
  `queue` text COLLATE utf8mb4_unicode_ci NOT NULL,
  `payload` longtext COLLATE utf8mb4_unicode_ci NOT NULL,
  `exception` longtext COLLATE utf8mb4_unicode_ci NOT NULL,
  `failed_at` timestamp NOT NULL DEFAULT CURRENT_TIMESTAMP
) ENGINE=InnoDB DEFAULT CHARSET=utf8mb4 COLLATE=utf8mb4_unicode_ci;

-- --------------------------------------------------------

--
-- Table structure for table `invoices`
--

CREATE TABLE `invoices` (
  `id` int(10) UNSIGNED NOT NULL,
  `name` varchar(255) COLLATE utf8mb4_unicode_ci NOT NULL,
  `invoice_number` varchar(255) COLLATE utf8mb4_unicode_ci NOT NULL,
  `issue_date` date NOT NULL,
  `due_date` date DEFAULT NULL,
  `total_hour` varchar(255) COLLATE utf8mb4_unicode_ci NOT NULL,
  `discount` double DEFAULT NULL,
  `tax_id` int(10) UNSIGNED DEFAULT NULL,
  `status` int(11) NOT NULL,
  `amount` double NOT NULL,
  `sub_total` double NOT NULL,
  `notes` text COLLATE utf8mb4_unicode_ci,
  `created_by` int(10) UNSIGNED NOT NULL,
  `created_at` timestamp NULL DEFAULT NULL,
  `updated_at` timestamp NULL DEFAULT NULL,
  `deleted_at` timestamp NULL DEFAULT NULL,
  `discount_type` int(11) NOT NULL DEFAULT '0'
) ENGINE=InnoDB DEFAULT CHARSET=utf8mb4 COLLATE=utf8mb4_unicode_ci;

-- --------------------------------------------------------

--
-- Table structure for table `invoice_clients`
--

CREATE TABLE `invoice_clients` (
  `id` int(10) UNSIGNED NOT NULL,
  `invoice_id` int(10) UNSIGNED NOT NULL,
  `client_id` int(10) UNSIGNED NOT NULL,
  `created_at` timestamp NULL DEFAULT NULL,
  `updated_at` timestamp NULL DEFAULT NULL
) ENGINE=InnoDB DEFAULT CHARSET=utf8mb4 COLLATE=utf8mb4_unicode_ci;

-- --------------------------------------------------------

--
-- Table structure for table `invoice_items`
--

CREATE TABLE `invoice_items` (
  `id` int(10) UNSIGNED NOT NULL,
  `owner_id` int(11) NOT NULL,
  `owner_type` varchar(255) COLLATE utf8mb4_unicode_ci NOT NULL,
  `item_name` varchar(255) COLLATE utf8mb4_unicode_ci NOT NULL,
  `task_id` int(10) UNSIGNED DEFAULT NULL,
  `item_project_id` int(10) UNSIGNED DEFAULT NULL,
  `hours` varchar(255) COLLATE utf8mb4_unicode_ci NOT NULL,
  `task_amount` double DEFAULT NULL,
  `fix_rate` double DEFAULT NULL,
  `description` text COLLATE utf8mb4_unicode_ci,
  `created_at` timestamp NULL DEFAULT NULL,
  `updated_at` timestamp NULL DEFAULT NULL
) ENGINE=InnoDB DEFAULT CHARSET=utf8mb4 COLLATE=utf8mb4_unicode_ci;

-- --------------------------------------------------------

--
-- Table structure for table `invoice_projects`
--

CREATE TABLE `invoice_projects` (
  `id` int(10) UNSIGNED NOT NULL,
  `invoice_id` int(10) UNSIGNED NOT NULL,
  `project_id` int(10) UNSIGNED NOT NULL,
  `created_at` timestamp NULL DEFAULT NULL,
  `updated_at` timestamp NULL DEFAULT NULL
) ENGINE=InnoDB DEFAULT CHARSET=utf8mb4 COLLATE=utf8mb4_unicode_ci;

-- --------------------------------------------------------

--
-- Table structure for table `media`
--

CREATE TABLE `media` (
  `id` bigint(20) UNSIGNED NOT NULL,
  `model_type` varchar(161) COLLATE utf8mb4_unicode_ci NOT NULL,
  `model_id` bigint(20) UNSIGNED NOT NULL,
  `collection_name` varchar(161) COLLATE utf8mb4_unicode_ci NOT NULL,
  `name` varchar(161) COLLATE utf8mb4_unicode_ci NOT NULL,
  `file_name` varchar(161) COLLATE utf8mb4_unicode_ci NOT NULL,
  `mime_type` varchar(161) COLLATE utf8mb4_unicode_ci DEFAULT NULL,
  `disk` varchar(161) COLLATE utf8mb4_unicode_ci NOT NULL,
  `size` bigint(20) UNSIGNED NOT NULL,
  `manipulations` longtext COLLATE utf8mb4_unicode_ci NOT NULL,
  `custom_properties` longtext COLLATE utf8mb4_unicode_ci NOT NULL,
  `responsive_images` longtext COLLATE utf8mb4_unicode_ci NOT NULL,
  `order_column` int(10) UNSIGNED DEFAULT NULL,
  `created_at` timestamp NULL DEFAULT NULL,
  `updated_at` timestamp NULL DEFAULT NULL,
  `conversions_disk` varchar(255) COLLATE utf8mb4_unicode_ci DEFAULT NULL,
  `uuid` char(36) COLLATE utf8mb4_unicode_ci DEFAULT NULL,
  `generated_conversions` text COLLATE utf8mb4_unicode_ci NOT NULL
) ENGINE=InnoDB DEFAULT CHARSET=utf8mb4 COLLATE=utf8mb4_unicode_ci;

--
-- Dumping data for table `media`
--

INSERT INTO `media` (`id`, `model_type`, `model_id`, `collection_name`, `name`, `file_name`, `mime_type`, `disk`, `size`, `manipulations`, `custom_properties`, `responsive_images`, `order_column`, `created_at`, `updated_at`, `conversions_disk`, `uuid`, `generated_conversions`) VALUES
(1, 'App\\Models\\User', 1, 'users', 'download', 'download.png', 'image/png', 'public', 3577, '[]', '[]', '[]', 1, '2022-06-16 03:20:23', '2022-06-16 03:20:23', 'public', '4c9a5201-4d2b-441c-8e76-7a0d0e943864', '[]'),
(2, 'App\\Models\\Client', 8, 'clients', 'icon', 'icon.jpg', 'image/jpeg', 'public', 26178, '[]', '[]', '[]', 2, '2022-06-20 01:16:50', '2022-06-20 01:16:50', 'public', 'ea06c30a-a393-460a-97c6-8e8410ef8227', '[]'),
(3, 'App\\Models\\User', 34, 'users', '268185616_1031893484057124_447771035530663177_n', '268185616_1031893484057124_447771035530663177_n.jpg', 'image/jpeg', 'public', 63116, '[]', '[]', '[]', 3, '2022-06-20 20:54:41', '2022-06-20 20:54:41', 'public', '6d1abca6-44d2-4923-a6d2-e8a8b71908e0', '[]'),
(4, 'App\\Models\\Task', 6, 'attachments', '1655833766830_tim4qut7apji_Screenshot_1', '1655833766830_tim4qut7apji_Screenshot_1.png', 'image/png', 'public', 428959, '[]', '[]', '[]', 4, '2022-06-21 06:49:29', '2022-06-21 06:49:29', 'public', '65e8e87d-84ce-4e27-8058-7708b102e7b1', '[]'),
(5, 'App\\Models\\Task', 7, 'attachments', '1655833890793_o7vjzmvfy1f2_Screenshot_2', '1655833890793_o7vjzmvfy1f2_Screenshot_2.png', 'image/png', 'public', 427648, '[]', '[]', '[]', 5, '2022-06-21 06:51:32', '2022-06-21 06:51:32', 'public', '84fb7c7e-72e8-4cd0-92fc-5873360c7b69', '[]'),
(6, 'App\\Models\\Task', 13, 'attachments', '1655877728456_lznv6qgsr91t_Screenshot_14', '1655877728456_lznv6qgsr91t_Screenshot_14.png', 'image/png', 'public', 206602, '[]', '[]', '[]', 6, '2022-06-21 19:02:10', '2022-06-21 19:02:10', 'public', '2a863e26-23a4-45e0-aa6f-f5d1d3845c97', '[]'),
(7, 'App\\Models\\Client', 11, 'clients', 'logo', 'logo.png', 'image/png', 'public', 27592, '[]', '[]', '[]', 7, '2022-06-22 18:46:23', '2022-06-22 18:46:23', 'public', '64d0867f-731a-4199-98ec-e0f398f5039d', '[]'),
(8, 'App\\Models\\Client', 12, 'clients', 'image_2022_06_23T05_48_28_516Z', 'image_2022_06_23T05_48_28_516Z.png', 'image/png', 'public', 4985, '[]', '[]', '[]', 8, '2022-06-22 18:49:47', '2022-06-22 18:49:47', 'public', 'adf44872-75ad-4cfa-86f1-dc3e2dad27c7', '[]'),
(9, 'App\\Models\\User', 46, 'users', 'dolphin-fish-on-a-white-background-vector-34134997', 'dolphin-fish-on-a-white-background-vector-34134997.jpg', 'image/jpeg', 'public', 80656, '[]', '[]', '[]', 9, '2022-06-22 19:27:49', '2022-06-22 19:27:49', 'public', 'ef3e7ca8-f406-4695-a53c-39c7d4a1052d', '[]'),
(10, 'App\\Models\\User', 35, 'users', 'download', 'download.png', 'image/png', 'public', 3577, '[]', '[]', '[]', 10, '2022-06-23 00:25:55', '2022-06-23 00:25:55', 'public', '0dd2a91a-ff9d-4ae3-bbac-37d806b9288a', '[]'),
(11, 'App\\Models\\Task', 28, 'attachments', '1656308144934_zm1g87it6nwt_VoterIDVerificationAPIProductnote', '1656308144934_zm1g87it6nwt_VoterIDVerificationAPIProductnote.pdf', 'application/pdf', 'public', 178893, '[]', '[]', '[]', 11, '2022-06-26 18:35:43', '2022-06-26 18:35:43', 'public', 'afb99c54-22b9-48be-849b-016024bd2fab', '[]'),
(12, 'App\\Models\\Task', 28, 'attachments', '1656308144938_bt1v85edcu9a_PANVerificationAPIProductnote', '1656308144938_bt1v85edcu9a_PANVerificationAPIProductnote.pdf', 'application/pdf', 'public', 174421, '[]', '[]', '[]', 12, '2022-06-26 18:35:43', '2022-06-26 18:35:43', 'public', 'e8b890e8-8b7e-4832-aedd-bbd628d7e041', '[]'),
(13, 'App\\Models\\Task', 28, 'attachments', '1656308144940_9vnip531azkq_AadhaarVerificationAPIProductnote', '1656308144940_9vnip531azkq_AadhaarVerificationAPIProductnote.pdf', 'application/pdf', 'public', 171116, '[]', '[]', '[]', 13, '2022-06-26 18:35:44', '2022-06-26 18:35:44', 'public', '7b0580b3-a4ba-4bbe-9ca7-6b488f81c5f2', '[]'),
(14, 'App\\Models\\Task', 30, 'attachments', '1656312680438_1auvf6lzzqgw_Screenshot1', '1656312680438_1auvf6lzzqgw_Screenshot1.jpg', 'image/jpeg', 'public', 60419, '[]', '[]', '[]', 14, '2022-06-26 19:51:19', '2022-06-26 19:51:19', 'public', '20b46cb8-fad0-4fab-b4c3-d9e500b88162', '[]'),
(15, 'App\\Models\\User', 37, 'users', 'ezgif.com-gif-maker', 'ezgif.com-gif-maker.jpg', 'image/jpeg', 'public', 6870, '[]', '[]', '[]', 15, '2022-07-07 22:39:29', '2022-07-07 22:39:29', 'public', 'ae933102-be15-4e96-b168-9f2644ee7105', '[]'),
(16, 'App\\Models\\User', 57, 'users', '1646658951525', '1646658951525.jpeg', 'image/jpeg', 'public', 92920, '[]', '[]', '[]', 16, '2022-09-02 11:24:26', '2022-09-02 11:24:26', 'public', '5f711539-3c61-4e95-a8cf-b2785f76bd14', '[]');

-- --------------------------------------------------------

--
-- Table structure for table `migrations`
--

CREATE TABLE `migrations` (
  `id` int(10) UNSIGNED NOT NULL,
  `migration` varchar(255) COLLATE utf8mb4_unicode_ci NOT NULL,
  `batch` int(11) NOT NULL
) ENGINE=InnoDB DEFAULT CHARSET=utf8mb4 COLLATE=utf8mb4_unicode_ci;

--
-- Dumping data for table `migrations`
--

INSERT INTO `migrations` (`id`, `migration`, `batch`) VALUES
(1, '2014_10_12_000000_create_users_table', 1),
(2, '2014_10_12_100000_create_password_resets_table', 1),
(3, '2019_05_02_101439_create_activity_types_table', 1),
(4, '2019_05_02_101619_create_clients_table', 1),
(5, '2019_05_03_043336_create_tags_table', 1),
(6, '2019_05_03_050601_create_projects_table', 1),
(7, '2019_05_03_060503_create_tasks_table', 1),
(8, '2019_05_03_072634_create_task_tags_table', 1),
(9, '2019_05_03_094616_create_time_entries_table', 1),
(10, '2019_05_22_115729_create_table_task_assignees', 1),
(11, '2019_06_11_062240_create_project_users_table', 1),
(12, '2019_06_18_093135_create_table_task_attachment', 1),
(13, '2019_06_19_045436_create_status_table', 1),
(14, '2019_06_21_124817_create_comments_table', 1),
(15, '2019_07_06_121218_create_reports_table', 1),
(16, '2019_07_08_114940_create_table_report_filters', 1),
(17, '2019_07_19_055226_populate_project_users_table', 1),
(18, '2019_08_19_000000_create_failed_jobs_table', 1),
(19, '2019_09_14_060733_create_permission_tables', 1),
(20, '2019_10_15_095114_add_salary_in_users', 1),
(21, '2020_02_19_134502_create_settings_table', 1),
(22, '2020_04_08_105133_create_departments_table', 1),
(23, '2020_04_08_115453_add_department_id_to_clients_table', 1),
(24, '2020_08_06_045725_create_taxes_table', 1),
(25, '2020_08_06_071644_create_invoices_table', 1),
(26, '2020_08_07_110611_create_invoice_items_table', 1),
(27, '2020_08_08_053928_create_media_table', 1),
(28, '2020_09_21_050626_create_report_invoices_table', 1),
(29, '2020_10_05_055541_add_discount_apply_field_to_invoice_table', 1),
(30, '2020_10_05_070445_create_invoice_projects_table', 1),
(31, '2020_10_05_070527_create_invoice_clients_table', 1),
(32, '2020_10_09_063902_add_budget_type_to_projects_table', 1),
(33, '2020_11_06_114032_add_status_feild_to_projects_table', 1),
(34, '2020_11_20_090538_add_meta_to_reports_table', 1),
(35, '2020_11_21_083148_add_calender_view_permission_to_permissions_table', 1),
(36, '2020_11_25_074504_add_group_to_setting_table', 1),
(37, '2020_12_12_092228_add_user_id_to_clients', 1),
(38, '2020_12_12_092404_add_owner_id_and_owner_type_to_users', 1),
(39, '2020_12_15_153246_add_manage_status_permission_to_permissions_table', 1),
(40, '2021_01_02_043241_remove_soft_deleted_tags_from_tags_table', 1),
(41, '2021_01_16_112850_create_expenses_table', 1),
(42, '2021_02_02_091125_change_budget_column_type_in_projects', 1),
(43, '2021_02_04_085602_remove_task_tag_entry_from_pivot_table', 1),
(44, '2021_02_12_050509_make_fields_nullable_of_projects_table', 1),
(45, '2021_02_23_051251_create_activity_log_table', 1),
(46, '2021_03_24_070000_create_notifications_table', 1),
(47, '2021_04_12_112648_create_events_table', 1),
(48, '2021_04_16_084448_add_estimate_field_to_tasks_table', 1),
(49, '2021_05_10_112220_create_user_notifications_table', 1),
(50, '2021_06_29_115255_remove_activity_log_of_users', 1),
(51, '2021_07_12_000000_add_uuid_to_failed_jobs_table', 1),
(52, '2021_07_1_103036_add_conversions_disk_column_in_media_table', 1),
(53, '2021_12_31_041836_add_order_to_status_table', 1),
(54, '2022_05_19_085808_change_column_length_table', 1);

-- --------------------------------------------------------

--
-- Table structure for table `model_has_permissions`
--

CREATE TABLE `model_has_permissions` (
  `permission_id` int(10) UNSIGNED NOT NULL,
  `model_type` varchar(170) COLLATE utf8mb4_unicode_ci NOT NULL,
  `model_id` bigint(20) UNSIGNED NOT NULL
) ENGINE=InnoDB DEFAULT CHARSET=utf8mb4 COLLATE=utf8mb4_unicode_ci;

-- --------------------------------------------------------

--
-- Table structure for table `model_has_roles`
--

CREATE TABLE `model_has_roles` (
  `role_id` int(10) UNSIGNED NOT NULL,
  `model_type` varchar(170) COLLATE utf8mb4_unicode_ci NOT NULL,
  `model_id` bigint(20) UNSIGNED NOT NULL
) ENGINE=InnoDB DEFAULT CHARSET=utf8mb4 COLLATE=utf8mb4_unicode_ci;

--
-- Dumping data for table `model_has_roles`
--

INSERT INTO `model_has_roles` (`role_id`, `model_type`, `model_id`) VALUES
(1, 'App\\Models\\User', 1),
(2, 'App\\Models\\User', 2),
(3, 'App\\Models\\User', 3),
(3, 'App\\Models\\User', 4),
(3, 'App\\Models\\User', 5),
(3, 'App\\Models\\User', 6),
(2, 'App\\Models\\User', 7),
(3, 'App\\Models\\User', 8),
(2, 'App\\Models\\User', 9),
(2, 'App\\Models\\User', 10),
(3, 'App\\Models\\User', 11),
(3, 'App\\Models\\User', 12),
(3, 'App\\Models\\User', 13),
(3, 'App\\Models\\User', 14),
(3, 'App\\Models\\User', 16),
(3, 'App\\Models\\User', 17),
(3, 'App\\Models\\User', 18),
(3, 'App\\Models\\User', 19),
(3, 'App\\Models\\User', 20),
(3, 'App\\Models\\User', 21),
(2, 'App\\Models\\User', 22),
(3, 'App\\Models\\User', 23),
(3, 'App\\Models\\User', 24),
(3, 'App\\Models\\User', 25),
(3, 'App\\Models\\User', 26),
(3, 'App\\Models\\User', 27),
(2, 'App\\Models\\User', 28),
(3, 'App\\Models\\User', 29),
(2, 'App\\Models\\User', 30),
(3, 'App\\Models\\User', 31),
(3, 'App\\Models\\User', 32),
(2, 'App\\Models\\User', 33),
(2, 'App\\Models\\User', 34),
(2, 'App\\Models\\User', 35),
(2, 'App\\Models\\User', 36),
(2, 'App\\Models\\User', 37),
(2, 'App\\Models\\User', 38),
(3, 'App\\Models\\User', 39),
(3, 'App\\Models\\User', 40),
(2, 'App\\Models\\User', 41),
(3, 'App\\Models\\User', 42),
(3, 'App\\Models\\User', 43),
(3, 'App\\Models\\User', 44),
(3, 'App\\Models\\User', 45),
(3, 'App\\Models\\User', 46),
(3, 'App\\Models\\User', 47),
(3, 'App\\Models\\User', 48),
(2, 'App\\Models\\User', 49),
(3, 'App\\Models\\User', 50),
(3, 'App\\Models\\User', 51),
(2, 'App\\Models\\User', 52),
(3, 'App\\Models\\User', 53),
(3, 'App\\Models\\User', 54),
(3, 'App\\Models\\User', 55),
(3, 'App\\Models\\User', 56),
(3, 'App\\Models\\User', 57),
(3, 'App\\Models\\User', 58),
(3, 'App\\Models\\User', 59),
(3, 'App\\Models\\User', 60),
(2, 'App\\Models\\User', 62),
(3, 'App\\Models\\User', 63),
(1, 'App\\Models\\User', 64),
(3, 'App\\Models\\User', 65),
(3, 'App\\Models\\User', 66),
(3, 'App\\Models\\User', 67),
(1, 'App\\Models\\User', 68),
(2, 'App\\Models\\User', 69),
(3, 'App\\Models\\User', 70),
(3, 'App\\Models\\User', 71),
(5, 'App\\Models\\User', 72),
(3, 'App\\Models\\User', 73),
(3, 'App\\Models\\User', 74);

-- --------------------------------------------------------

--
-- Table structure for table `notifications`
--

CREATE TABLE `notifications` (
  `id` bigint(20) UNSIGNED NOT NULL,
  `user_id` int(10) UNSIGNED NOT NULL,
  `first_notification_hour` varchar(255) COLLATE utf8mb4_unicode_ci DEFAULT NULL,
  `second_notification_hour` varchar(255) COLLATE utf8mb4_unicode_ci DEFAULT NULL,
  `third_notification_hour` varchar(255) COLLATE utf8mb4_unicode_ci DEFAULT NULL,
  `created_at` timestamp NULL DEFAULT NULL,
  `updated_at` timestamp NULL DEFAULT NULL
) ENGINE=InnoDB DEFAULT CHARSET=utf8mb4 COLLATE=utf8mb4_unicode_ci;

-- --------------------------------------------------------

--
-- Table structure for table `permissions`
--

CREATE TABLE `permissions` (
  `id` int(10) UNSIGNED NOT NULL,
  `name` varchar(255) COLLATE utf8mb4_unicode_ci NOT NULL,
  `guard_name` varchar(255) COLLATE utf8mb4_unicode_ci NOT NULL,
  `display_name` varchar(255) COLLATE utf8mb4_unicode_ci DEFAULT NULL,
  `description` varchar(255) COLLATE utf8mb4_unicode_ci DEFAULT NULL,
  `created_at` timestamp NULL DEFAULT NULL,
  `updated_at` timestamp NULL DEFAULT NULL
) ENGINE=InnoDB DEFAULT CHARSET=utf8mb4 COLLATE=utf8mb4_unicode_ci;

--
-- Dumping data for table `permissions`
--

INSERT INTO `permissions` (`id`, `name`, `guard_name`, `display_name`, `description`, `created_at`, `updated_at`) VALUES
(1, 'manage_calendar_view', 'web', 'Manage Calendar View', '<p>Able to access Setting tab.</p>', '2022-06-16 02:31:04', '2022-06-16 02:31:04'),
(2, 'manage_status', 'web', 'Manage Status', '<p>Able to access Status tab.</p>', '2022-06-16 02:31:04', '2022-06-16 02:31:04'),
(3, 'manage_clients', 'web', 'Manage Clients', '<p>Visible clients tab and manage it.</p>', '2022-06-16 02:45:21', '2022-06-16 02:45:21'),
(4, 'manage_projects', 'web', 'Manage Projects', '<p>Project tab visible and manage it.</p>', '2022-06-16 02:45:21', '2022-06-16 02:45:21'),
(5, 'manage_all_tasks', 'web', 'Manage Tasks', '<p>All projects list comes into Project filter otherwise comes only related projects.Assignee Filter visible in task module otherwise own assigned and non-assigned.</p>', '2022-06-16 02:45:21', '2022-06-16 02:45:21'),
(6, 'manage_time_entries', 'web', 'Manage Entry', '<p>User can manage own time entry.</p>', '2022-06-16 02:45:21', '2022-06-16 02:45:21'),
(7, 'manage_users', 'web', 'Manage Users', '<p>User tab visible</p>', '2022-06-16 02:45:21', '2022-06-16 02:45:21'),
(8, 'manage_tags', 'web', 'Manage Tags', '<p>Able to access tags tab.</p>', '2022-06-16 02:45:21', '2022-06-16 02:45:21'),
(9, 'manage_activities', 'web', 'Manage Activities', '<p>Able to access Activity tab.</p>', '2022-06-16 02:45:21', '2022-06-16 02:45:21'),
(10, 'manage_reports', 'web', 'Manage Reports', '<p></p>', '2022-06-16 02:45:21', '2022-06-16 02:45:21'),
(11, 'manage_roles', 'web', 'Manage Roles', '<p></p>', '2022-06-16 02:45:21', '2022-06-16 02:45:21'),
(12, 'manage_taxes', 'web', 'Manage Taxes', '<p>Able to access Taxes tab.</p>', '2022-06-16 02:45:21', '2022-06-16 02:45:21'),
(13, 'manage_invoices', 'web', 'Manage Invoices', '<p>Able to access Invoices tab.</p>', '2022-06-16 02:45:21', '2022-06-16 02:45:21'),
(14, 'manage_settings', 'web', 'Manage Settings', '<p>Able to access Setting tab.</p>', '2022-06-16 02:45:21', '2022-06-16 02:45:21'),
(15, 'manage_department', 'web', 'Manage Department', NULL, '2022-06-16 02:45:21', '2022-06-16 02:45:21'),
(16, 'manage_expenses', 'web', 'Manage Expenses', NULL, '2022-06-16 02:45:21', '2022-06-16 02:45:21'),
(17, 'manage_activity_log', 'web', 'Manage Activity Log', NULL, '2022-06-16 02:45:21', '2022-06-16 02:45:21'),
(18, 'manage_events', 'web', 'Manage Events', NULL, '2022-06-16 02:45:21', '2022-06-16 02:45:21'),
(19, 'role_client', 'web', 'Role Client', '<p>Able to access Client Panel.</p>', '2022-06-16 02:45:21', '2022-06-16 02:45:21'),
(20, 'manage_dailywork', 'web', 'Daily Work', '<p>Able to access Daily Work.</p>', '2022-06-16 02:45:21', '2022-06-16 02:45:21');

-- --------------------------------------------------------

--
-- Table structure for table `personal_loans`
--

CREATE TABLE `personal_loans` (
  `id` bigint(20) NOT NULL,
  `region` varchar(255) COLLATE utf8mb4_unicode_ci NOT NULL,
  `zone` varchar(255) COLLATE utf8mb4_unicode_ci NOT NULL,
  `account_number` bigint(255) NOT NULL,
  `loan_amount` int(11) NOT NULL,
  `total_overdue` float NOT NULL,
  `customer_id` varchar(255) COLLATE utf8mb4_unicode_ci NOT NULL,
  `account_name` varchar(255) COLLATE utf8mb4_unicode_ci DEFAULT NULL,
  `emi_amount` varchar(11) COLLATE utf8mb4_unicode_ci DEFAULT NULL,
  `product_name` text COLLATE utf8mb4_unicode_ci,
  `phone` varchar(11) COLLATE utf8mb4_unicode_ci DEFAULT NULL,
  `email` varchar(255) COLLATE utf8mb4_unicode_ci DEFAULT NULL,
  `emi_date` varchar(255) COLLATE utf8mb4_unicode_ci DEFAULT NULL,
  `current_status` varchar(255) COLLATE utf8mb4_unicode_ci NOT NULL,
  `paymet_status` varchar(255) COLLATE utf8mb4_unicode_ci NOT NULL,
  `campaign_type` int(11) DEFAULT NULL COMMENT '1-> pre  2-> post',
  `campaign_start_date` date NOT NULL,
  `campaign_expire_date` date NOT NULL,
  `document_id` int(11) NOT NULL,
  `agent_id` int(11) DEFAULT NULL,
  `recovery_status` int(11) NOT NULL,
  `status` int(11) NOT NULL DEFAULT '1',
  `download_status` int(11) NOT NULL DEFAULT '0',
  `transfer_data` int(11) NOT NULL DEFAULT '0',
  `created_at` timestamp NULL DEFAULT NULL,
  `updated_at` timestamp NULL DEFAULT NULL
) ENGINE=InnoDB DEFAULT CHARSET=utf8mb4 COLLATE=utf8mb4_unicode_ci;

-- --------------------------------------------------------

--
-- Table structure for table `projects`
--

CREATE TABLE `projects` (
  `id` int(10) UNSIGNED NOT NULL,
  `name` varchar(170) COLLATE utf8mb4_unicode_ci NOT NULL,
  `client_id` int(10) UNSIGNED DEFAULT NULL,
  `description` text COLLATE utf8mb4_unicode_ci NOT NULL,
  `price` bigint(20) DEFAULT NULL,
  `currency` int(11) DEFAULT NULL,
  `prefix` varchar(170) COLLATE utf8mb4_unicode_ci NOT NULL,
  `color` varchar(255) COLLATE utf8mb4_unicode_ci NOT NULL,
  `created_by` int(10) UNSIGNED DEFAULT NULL,
  `deleted_by` int(10) UNSIGNED DEFAULT NULL,
  `created_at` timestamp NULL DEFAULT NULL,
  `updated_at` timestamp NULL DEFAULT NULL,
  `deleted_at` timestamp NULL DEFAULT NULL,
  `budget_type` int(11) DEFAULT NULL,
  `status` int(11) NOT NULL DEFAULT '1'
) ENGINE=InnoDB DEFAULT CHARSET=utf8mb4 COLLATE=utf8mb4_unicode_ci;

--
-- Dumping data for table `projects`
--

INSERT INTO `projects` (`id`, `name`, `client_id`, `description`, `price`, `currency`, `prefix`, `color`, `created_by`, `deleted_by`, `created_at`, `updated_at`, `deleted_at`, `budget_type`, `status`) VALUES
(37, 'Book My Forex', 5, '', NULL, NULL, 'BOOKMYFO', '#00BCD4', 1, NULL, '2022-06-20 07:06:46', '2022-06-20 07:06:46', NULL, NULL, 1),
(38, 'ReliPay', 4, '', 33, 1, 'RELIPAY', '#4CAF50', 62, NULL, '2022-06-21 12:12:01', '2022-08-25 02:20:31', NULL, 0, 1),
(39, 'Android  Development', 2, '', NULL, NULL, 'ANDROIDD', '#9C27B0', 36, 36, '2022-06-21 23:44:44', '2022-06-24 00:21:22', '2022-06-24 00:21:22', NULL, 1),
(40, 'Android_vidcom', 1, '', NULL, NULL, 'ANDROIDV', '#FFEB3B', 36, 36, '2022-06-21 23:45:46', '2022-06-21 23:47:12', '2022-06-21 23:47:12', NULL, 1),
(41, 'Reliwellness', 3, '', NULL, NULL, 'RELIWELL', '#3F51B5', 62, NULL, '2022-06-22 00:10:32', '2022-06-22 00:10:32', NULL, NULL, 1),
(42, 'Fino CMS Biller Testing', 2, '', 100, 1, 'FINOCMSB', '#3F51B5', 37, NULL, '2022-06-22 00:12:58', '2022-06-22 00:32:15', NULL, 0, 1),
(43, 'Fino', 9, '', NULL, NULL, 'FINO', '#3F51B5', 62, NULL, '2022-06-22 00:22:55', '2022-06-22 00:22:55', NULL, NULL, 1),
(44, 'Recharge Validation | Get Mobile Port status', 2, '<div>- Mobile portability API facilitates the Partner &amp; their merchant to check whether the mobile no is port previously or not, so the merchant gets the exact mobile operator to process the transaction.<br></div><div>- Fetch recharge API, allow partner and their merchant to check the customer\'s ongoing recharge details.<br></div><div>- Recharge Validation facilitates the partner to check the recharge details, before transacting.<br></div><div><br></div>', 500, 1, 'RECHARGE', '#3F51B5', 37, NULL, '2022-06-22 00:28:20', '2022-06-22 00:54:07', NULL, 0, 1),
(45, 'Gift Voucher', 2, '', NULL, NULL, 'GIFTVOUC', '#3F51B5', 37, NULL, '2022-06-22 00:54:48', '2022-06-22 00:54:48', NULL, NULL, 1),
(46, 'NSDL Pan Card Creation', 2, '', NULL, NULL, 'NSDLPANC', '#3F51B5', 37, NULL, '2022-06-22 00:55:25', '2022-06-22 00:55:25', NULL, NULL, 1),
(47, 'ICICI UPI QR (Dynamic and Intent)', 2, '', NULL, NULL, 'ICICIUPI', '#3F51B5', 37, NULL, '2022-06-22 02:29:09', '2022-06-22 02:29:09', NULL, NULL, 1),
(48, 'VIDCOM Yesbank DMT EKYC', 1, '', NULL, NULL, 'VIDCOMYE', '#3F51B5', 37, NULL, '2022-06-23 00:01:01', '2022-06-23 00:01:01', NULL, NULL, 1),
(49, 'RNFI Yesbank DMT Ekyc', 4, '', 500, 1, 'RNFIYESB', '#3F51B5', 37, NULL, '2022-06-23 00:17:42', '2022-07-04 06:35:37', NULL, 0, 3),
(50, 'Microkred', 11, '', 1, 1, 'MICROKRE', '#41317A', 49, NULL, '2022-06-23 00:21:36', '2022-06-23 00:23:32', NULL, 0, 1),
(51, 'MicroBi', 12, '', 1, 1, 'MICROBI', '#AA2379', 49, NULL, '2022-06-23 00:24:57', '2022-06-23 03:05:11', NULL, 1, 1),
(52, 'WhatsApp Chatbot', 10, '', NULL, NULL, 'WHATSAPP', '#3F51B5', 49, NULL, '2022-06-23 00:25:38', '2022-06-23 00:25:38', NULL, NULL, 1),
(54, 'FinoSdk', 4, '', 1, 1, 'FINOSDK', '#E91E63', 36, NULL, '2022-06-24 00:22:30', '2022-08-02 00:50:03', NULL, 1, 2),
(55, 'Lyra_Rnfi_Integration', 4, '', 1, 1, 'LYRARNFI', '#E91E63', 36, NULL, '2022-06-24 00:23:02', '2022-08-25 00:50:59', NULL, 1, 3),
(56, 'Vidcom', 4, '', NULL, NULL, 'VIDCOM', '#E91E63', 36, 36, '2022-06-24 00:24:23', '2022-06-24 00:34:29', '2022-06-24 00:34:29', NULL, 1),
(57, 'Firebase_Chat_Base', 4, '', 1, 1, 'FIREBASE', '#E91E63', 36, 36, '2022-06-24 00:27:46', '2022-08-02 01:09:28', '2022-08-02 01:09:28', 1, 1),
(58, '#Android_Vidcom', 4, '', NULL, NULL, 'APP', '#E91E63', 36, 36, '2022-06-24 00:35:04', '2022-06-24 00:43:10', '2022-06-24 00:43:10', NULL, 1),
(59, '#Android_Vidcom_app', 4, '', NULL, NULL, 'VIDAPP', '#E91E63', 36, NULL, '2022-06-24 00:44:28', '2022-06-24 00:44:28', NULL, NULL, 1),
(60, 'MobiaOcean', 4, 'Location Service And Printed Code is done for native app', 1, 1, 'MOBIAOCE', '#3F51B5', 36, NULL, '2022-06-24 00:54:33', '2022-09-05 09:43:15', NULL, 1, 3),
(61, 'Surepass Verification Apis', 2, '', NULL, NULL, 'SUREPASS', '#3F51B5', 37, NULL, '2022-06-26 23:58:06', '2022-06-26 23:58:06', NULL, NULL, 1),
(62, 'Apiportal-Paysh', 4, '', 1, 1, 'APIPORTA', '#CDDC39', 33, NULL, '2022-06-27 00:43:36', '2022-06-27 01:55:09', NULL, 1, 1),
(63, 'Ostopay', 4, '', NULL, NULL, 'OSTOPAY', '#CDDC39', 33, NULL, '2022-06-27 00:53:59', '2022-06-27 00:53:59', NULL, NULL, 1),
(64, 'Banksafer', 4, '', NULL, NULL, 'BANKSAFE', '#3F51B5', 33, NULL, '2022-06-27 04:29:42', '2022-06-27 04:29:42', NULL, NULL, 1),
(65, 'Pigopay', 4, '', NULL, NULL, 'PIGOPAY', '#3F51B5', 33, NULL, '2022-06-28 00:12:25', '2022-06-28 00:12:25', NULL, NULL, 1),
(66, 'KYC', 10, '', NULL, NULL, 'KYC', '#23D82A', 52, NULL, '2022-06-28 03:37:22', '2022-06-28 03:37:22', NULL, NULL, 1),
(67, 'Bank of india portal', 4, '', 500, 1, 'BANKOFIN', '#CDDC39', 37, NULL, '2022-07-06 00:33:23', '2022-07-11 23:47:15', NULL, 0, 1),
(68, 'Vidcom-Nsdlpan(App)', 1, '', NULL, NULL, 'VIDCOMNS', '#3F51B5', 33, NULL, '2022-07-06 02:34:47', '2022-07-06 02:34:47', NULL, NULL, 1),
(69, 'Gold issuance - MMTC', 2, '', NULL, NULL, 'GOLDISSU', '#3F51B5', 37, NULL, '2022-07-07 07:14:35', '2022-07-07 07:14:35', NULL, NULL, 1),
(70, 'mosambee_android', 4, 'Pending Due to uat sign off from 3rd party', 1, 1, 'MOSAMBEE', '#4CAF50', 36, NULL, '2022-07-08 01:19:50', '2022-09-02 09:16:06', NULL, 1, 1),
(71, 'Health care (Tele_Consultation)', 2, '', NULL, NULL, 'HEALTHCA', '#3F51B5', 37, NULL, '2022-07-11 23:45:18', '2022-07-11 23:45:18', NULL, NULL, 1),
(72, 'Recon', 4, '', NULL, NULL, 'RECON', '#3F51B5', 62, NULL, '2022-07-20 01:49:50', '2022-07-20 01:49:50', NULL, NULL, 1),
(73, 'ICICI APP _ NATIVE_JAVA_SDK', 8, '<p>User Interface is done<br>Need Api for integration</p>', 1, 1, 'ICICIAPP', '#D41313', 36, NULL, '2022-08-02 01:05:50', '2022-09-05 09:42:11', NULL, 1, 3),
(74, '#ANDROID Pan NSDL VIdcom app plugin', 8, '', NULL, NULL, 'ANDROIDP', '#5A5642', 36, NULL, '2022-08-02 01:17:38', '2022-08-02 01:17:38', NULL, NULL, 1),
(75, 'reliassure front', 13, '', 200, 1, 'RELIASSU', '#3F51B5', 1, NULL, '2022-08-02 01:24:34', '2022-08-02 01:35:26', NULL, 0, 1),
(76, 'Test Project', 13, '', NULL, NULL, 'TESTPROJ', '#3F51B5', 69, NULL, '2022-08-02 01:42:17', '2022-08-02 01:42:17', NULL, NULL, 1),
(77, 'Rnfi Staff Protal APi', 4, '', NULL, NULL, 'RNFISTAF', '#3F51B5', 62, NULL, '2022-08-03 00:32:55', '2022-08-03 00:32:55', NULL, NULL, 1),
(78, 'Fino aar', 9, '', 1, 1, 'FINOAAR', '#3F51B5', 36, NULL, '2022-08-25 00:51:43', '2022-09-02 09:15:46', NULL, 1, 2),
(79, 'Relipay App', 10, '', NULL, NULL, 'RELIPAYA', '#3F51B5', 36, NULL, '2022-08-25 00:52:08', '2022-08-25 00:52:08', NULL, NULL, 1),
(80, 'abc', 8, '', 8, 1, 'ABC', '#3F51B5', 36, 36, '2022-09-02 09:22:06', '2022-09-05 09:14:30', '2022-09-05 09:14:30', 0, 1),
(81, 'Reliassure', 4, '', 5, 1, 'RELIASS', '#3F51B5', 62, NULL, '2022-09-02 17:32:34', '2022-09-14 16:43:45', NULL, 0, 1),
(82, 'API PORTAL', 4, '', NULL, NULL, 'APIPOR', '#3F51B5', 62, NULL, '2022-09-02 17:33:30', '2022-09-02 17:33:30', NULL, NULL, 1),
(83, 'UBER_CMS_SDK', 8, '', NULL, NULL, 'UBERCMSS', '#5A4242', 36, NULL, '2022-09-05 09:38:28', '2022-09-05 09:38:28', NULL, NULL, 1),
(84, 'SHOUTER_NOTIFICATION_READER', 10, '', NULL, NULL, 'SHOUTER', '#3F51B5', 36, NULL, '2022-09-05 10:13:56', '2022-09-05 10:13:56', NULL, NULL, 1),
(85, 'Indo-Nepal', 2, '', NULL, NULL, 'INDONEPA', '#3F51B5', 48, NULL, '2022-09-06 17:35:02', '2022-09-06 17:35:02', NULL, NULL, 1),
(86, 'SBI Payout', 10, '', NULL, NULL, 'SBIPAYOU', '#3F51B5', 48, NULL, '2022-09-06 17:36:31', '2022-09-06 17:36:31', NULL, NULL, 1),
(87, 'ReliConnect', 6, '', NULL, NULL, 'RELICONN', '#3F51B5', 30, NULL, '2022-09-07 09:23:01', '2022-09-07 09:23:01', NULL, NULL, 1),
(88, 'CipherPay', 8, '', NULL, NULL, 'CIPHERPA', '#3F51B5', 30, NULL, '2022-09-07 10:37:23', '2022-09-07 10:37:23', NULL, NULL, 1);

-- --------------------------------------------------------

--
-- Table structure for table `project_user`
--

CREATE TABLE `project_user` (
  `id` int(10) UNSIGNED NOT NULL,
  `project_id` int(10) UNSIGNED NOT NULL,
  `user_id` int(10) UNSIGNED NOT NULL,
  `created_at` timestamp NULL DEFAULT NULL,
  `updated_at` timestamp NULL DEFAULT NULL
) ENGINE=InnoDB DEFAULT CHARSET=utf8mb4 COLLATE=utf8mb4_unicode_ci;

--
-- Dumping data for table `project_user`
--

INSERT INTO `project_user` (`id`, `project_id`, `user_id`, `created_at`, `updated_at`) VALUES
(53, 37, 25, '2022-06-20 07:06:46', '2022-06-20 07:06:46'),
(54, 37, 31, '2022-06-20 07:06:46', '2022-06-20 07:06:46'),
(55, 37, 62, '2022-06-21 02:27:36', '2022-06-21 02:27:36'),
(56, 38, 27, '2022-06-21 12:12:01', '2022-06-21 12:12:01'),
(57, 38, 39, '2022-06-21 12:12:01', '2022-06-21 12:12:01'),
(58, 38, 28, '2022-06-21 12:12:01', '2022-06-21 12:12:01'),
(59, 38, 62, '2022-06-21 12:22:57', '2022-06-21 12:22:57'),
(62, 41, 48, '2022-06-22 00:10:32', '2022-06-22 00:10:32'),
(63, 41, 47, '2022-06-22 00:12:16', '2022-06-22 00:12:16'),
(64, 42, 45, '2022-06-22 00:12:58', '2022-06-22 00:12:58'),
(65, 43, 62, '2022-06-22 00:22:55', '2022-06-22 00:22:55'),
(66, 43, 41, '2022-06-22 00:22:55', '2022-06-22 00:22:55'),
(67, 44, 45, '2022-06-22 00:28:20', '2022-06-22 00:28:20'),
(68, 42, 37, '2022-06-22 00:32:15', '2022-06-22 00:32:15'),
(69, 44, 37, '2022-06-22 00:32:48', '2022-06-22 00:32:48'),
(70, 45, 46, '2022-06-22 00:54:48', '2022-06-22 00:54:48'),
(71, 45, 37, '2022-06-22 00:54:48', '2022-06-22 00:54:48'),
(73, 46, 37, '2022-06-22 00:55:25', '2022-06-22 00:55:25'),
(74, 47, 46, '2022-06-22 02:29:09', '2022-06-22 02:29:09'),
(75, 47, 37, '2022-06-22 02:29:09', '2022-06-22 02:29:09'),
(76, 48, 43, '2022-06-23 00:01:01', '2022-06-23 00:01:01'),
(77, 48, 37, '2022-06-23 00:01:01', '2022-06-23 00:01:01'),
(78, 49, 43, '2022-06-23 00:17:42', '2022-06-23 00:17:42'),
(79, 49, 37, '2022-06-23 00:17:42', '2022-06-23 00:17:42'),
(80, 50, 49, '2022-06-23 00:21:36', '2022-06-23 00:21:36'),
(81, 51, 50, '2022-06-23 00:24:57', '2022-06-23 00:24:57'),
(82, 51, 49, '2022-06-23 00:24:57', '2022-06-23 00:24:57'),
(83, 52, 50, '2022-06-23 00:25:38', '2022-06-23 00:25:38'),
(84, 52, 49, '2022-06-23 00:25:38', '2022-06-23 00:25:38'),
(85, 46, 45, '2022-06-23 00:34:05', '2022-06-23 00:34:05'),
(86, 51, 56, '2022-06-23 03:05:11', '2022-06-23 03:05:11'),
(87, 51, 57, '2022-06-23 03:05:11', '2022-06-23 03:05:11'),
(90, 54, 36, '2022-06-24 00:22:30', '2022-06-24 00:22:30'),
(91, 55, 36, '2022-06-24 00:23:02', '2022-06-24 00:23:02'),
(97, 59, 36, '2022-06-24 00:44:28', '2022-06-24 00:44:28'),
(98, 60, 40, '2022-06-24 00:54:33', '2022-06-24 00:54:33'),
(99, 61, 46, '2022-06-26 23:58:06', '2022-06-26 23:58:06'),
(100, 61, 37, '2022-06-26 23:58:06', '2022-06-26 23:58:06'),
(101, 62, 60, '2022-06-27 00:43:36', '2022-06-27 00:43:36'),
(102, 62, 33, '2022-06-27 00:43:36', '2022-06-27 00:43:36'),
(103, 62, 54, '2022-06-27 00:43:36', '2022-06-27 00:43:36'),
(104, 63, 60, '2022-06-27 00:53:59', '2022-06-27 00:53:59'),
(105, 63, 44, '2022-06-27 00:53:59', '2022-06-27 00:53:59'),
(106, 63, 33, '2022-06-27 00:53:59', '2022-06-27 00:53:59'),
(107, 63, 54, '2022-06-27 00:53:59', '2022-06-27 00:53:59'),
(108, 62, 44, '2022-06-27 01:55:09', '2022-06-27 01:55:09'),
(109, 64, 60, '2022-06-27 04:29:42', '2022-06-27 04:29:42'),
(110, 64, 44, '2022-06-27 04:29:42', '2022-06-27 04:29:42'),
(111, 64, 33, '2022-06-27 04:29:42', '2022-06-27 04:29:42'),
(112, 64, 54, '2022-06-27 04:29:42', '2022-06-27 04:29:42'),
(113, 65, 32, '2022-06-28 00:12:25', '2022-06-28 00:12:25'),
(114, 65, 44, '2022-06-28 00:12:25', '2022-06-28 00:12:25'),
(115, 65, 33, '2022-06-28 00:12:25', '2022-06-28 00:12:25'),
(116, 65, 53, '2022-06-28 00:12:25', '2022-06-28 00:12:25'),
(117, 66, 32, '2022-06-28 03:37:22', '2022-06-28 03:37:22'),
(118, 66, 42, '2022-06-28 03:37:22', '2022-06-28 03:37:22'),
(119, 67, 45, '2022-07-06 00:33:23', '2022-07-06 00:33:23'),
(121, 68, 43, '2022-07-06 02:34:47', '2022-07-06 02:34:47'),
(122, 68, 33, '2022-07-06 02:34:47', '2022-07-06 02:34:47'),
(123, 69, 46, '2022-07-07 07:14:35', '2022-07-07 07:14:35'),
(124, 69, 37, '2022-07-07 07:14:35', '2022-07-07 07:14:35'),
(125, 67, 37, '2022-07-07 08:23:24', '2022-07-07 08:23:24'),
(126, 70, 36, '2022-07-08 01:19:50', '2022-07-08 01:19:50'),
(128, 71, 45, '2022-07-11 23:45:18', '2022-07-11 23:45:18'),
(129, 71, 37, '2022-07-11 23:45:18', '2022-07-11 23:45:18'),
(130, 51, 66, NULL, NULL),
(131, 50, 66, NULL, NULL),
(132, 72, 47, '2022-07-20 01:49:51', '2022-07-20 01:49:51'),
(133, 52, 66, '2022-08-01 01:14:16', '2022-08-01 01:14:16'),
(135, 73, 40, '2022-08-02 01:05:50', '2022-08-02 01:05:50'),
(136, 73, 55, '2022-08-02 01:05:50', '2022-08-02 01:05:50'),
(138, 74, 36, '2022-08-02 01:17:38', '2022-08-02 01:17:38'),
(143, 75, 69, NULL, NULL),
(145, 76, 69, '2022-08-02 01:42:17', '2022-08-02 01:42:17'),
(146, 77, 35, '2022-08-03 00:32:55', '2022-08-03 00:32:55'),
(147, 77, 30, '2022-08-03 00:32:55', '2022-08-03 00:32:55'),
(149, 50, 32, '2022-08-08 04:26:09', '2022-08-08 04:26:09'),
(150, 50, 50, '2022-08-10 00:02:01', '2022-08-10 00:02:01'),
(151, 52, 72, NULL, NULL),
(152, 50, 72, '2022-08-24 07:08:13', '2022-08-24 07:08:13'),
(153, 78, 36, '2022-08-25 00:51:43', '2022-08-25 00:51:43'),
(154, 79, 40, '2022-08-25 00:52:08', '2022-08-25 00:52:08'),
(155, 79, 55, '2022-08-25 00:52:08', '2022-08-25 00:52:08'),
(156, 59, 73, '2022-09-02 09:14:40', '2022-09-02 09:14:40'),
(160, 81, 63, '2022-09-02 17:32:34', '2022-09-02 17:32:34'),
(161, 81, 69, '2022-09-02 17:32:34', '2022-09-02 17:32:34'),
(162, 81, 25, '2022-09-02 17:32:34', '2022-09-02 17:32:34'),
(163, 81, 31, '2022-09-02 17:32:34', '2022-09-02 17:32:34'),
(164, 81, 54, '2022-09-02 17:32:34', '2022-09-02 17:32:34'),
(165, 82, 60, '2022-09-02 17:33:30', '2022-09-02 17:33:30'),
(166, 82, 64, '2022-09-02 17:33:30', '2022-09-02 17:33:30'),
(167, 82, 33, '2022-09-02 17:33:30', '2022-09-02 17:33:30'),
(168, 82, 53, '2022-09-02 17:33:30', '2022-09-02 17:33:30'),
(169, 83, 40, '2022-09-05 09:38:28', '2022-09-05 09:38:28'),
(170, 84, 36, '2022-09-05 10:13:56', '2022-09-05 10:13:56'),
(171, 85, 48, '2022-09-06 17:35:02', '2022-09-06 17:35:02'),
(172, 86, 48, '2022-09-06 17:36:31', '2022-09-06 17:36:31'),
(173, 87, 66, '2022-09-07 09:23:01', '2022-09-07 09:23:01'),
(174, 87, 30, '2022-09-07 09:23:01', '2022-09-07 09:23:01'),
(177, 88, 35, '2022-09-07 10:37:23', '2022-09-07 10:37:23'),
(178, 88, 30, '2022-09-07 10:37:23', '2022-09-07 10:37:23'),
(179, 88, 74, '2022-09-07 10:37:23', '2022-09-07 10:37:23'),
(180, 81, 42, '2022-09-07 17:41:35', '2022-09-07 17:41:35');

-- --------------------------------------------------------

--
-- Table structure for table `reports`
--

CREATE TABLE `reports` (
  `id` int(10) UNSIGNED NOT NULL,
  `name` varchar(255) COLLATE utf8mb4_unicode_ci NOT NULL,
  `owner_id` int(10) UNSIGNED NOT NULL,
  `start_date` date NOT NULL,
  `end_date` date NOT NULL,
  `report_type` int(11) NOT NULL DEFAULT '1',
  `report_data` text COLLATE utf8mb4_unicode_ci,
  `invoice_generate` tinyint(1) NOT NULL DEFAULT '0',
  `meta` text COLLATE utf8mb4_unicode_ci,
  `created_at` timestamp NULL DEFAULT NULL,
  `updated_at` timestamp NULL DEFAULT NULL,
  `deleted_at` timestamp NULL DEFAULT NULL
) ENGINE=InnoDB DEFAULT CHARSET=utf8mb4 COLLATE=utf8mb4_unicode_ci;

-- --------------------------------------------------------

--
-- Table structure for table `report_filters`
--

CREATE TABLE `report_filters` (
  `id` bigint(20) UNSIGNED NOT NULL,
  `report_id` int(10) UNSIGNED NOT NULL,
  `param_type` varchar(255) COLLATE utf8mb4_unicode_ci NOT NULL,
  `param_id` int(10) UNSIGNED NOT NULL,
  `created_at` timestamp NULL DEFAULT NULL,
  `updated_at` timestamp NULL DEFAULT NULL
) ENGINE=InnoDB DEFAULT CHARSET=utf8mb4 COLLATE=utf8mb4_unicode_ci;

-- --------------------------------------------------------

--
-- Table structure for table `report_invoices`
--

CREATE TABLE `report_invoices` (
  `id` int(10) UNSIGNED NOT NULL,
  `invoice_id` int(10) UNSIGNED NOT NULL,
  `report_id` int(10) UNSIGNED NOT NULL,
  `created_at` timestamp NULL DEFAULT NULL,
  `updated_at` timestamp NULL DEFAULT NULL
) ENGINE=InnoDB DEFAULT CHARSET=utf8mb4 COLLATE=utf8mb4_unicode_ci;

-- --------------------------------------------------------

--
-- Table structure for table `roles`
--

CREATE TABLE `roles` (
  `id` int(10) UNSIGNED NOT NULL,
  `name` varchar(255) COLLATE utf8mb4_unicode_ci NOT NULL,
  `display_name` varchar(255) COLLATE utf8mb4_unicode_ci DEFAULT NULL,
  `description` text COLLATE utf8mb4_unicode_ci,
  `guard_name` varchar(255) COLLATE utf8mb4_unicode_ci NOT NULL,
  `created_at` timestamp NULL DEFAULT NULL,
  `updated_at` timestamp NULL DEFAULT NULL
) ENGINE=InnoDB DEFAULT CHARSET=utf8mb4 COLLATE=utf8mb4_unicode_ci;

--
-- Dumping data for table `roles`
--

INSERT INTO `roles` (`id`, `name`, `display_name`, `description`, `guard_name`, `created_at`, `updated_at`) VALUES
(1, 'Admin', 'Admin', '<p>Admin</p>', 'web', '2022-06-16 08:15:21', '2022-06-16 08:15:21'),
(2, 'Team Lead', 'Team Member', '<p>Team Member</p>', 'web', '2022-06-16 08:15:21', '2022-06-16 09:00:29'),
(3, 'Developer', 'Developer', '<p>Developer</p>', 'web', '2022-06-16 08:15:21', '2022-06-16 08:15:21'),
(5, 'UI/UX Designer', 'Designer', '<p>Designer</p>', 'web', '2022-06-16 09:00:55', '2022-06-16 09:01:15');

-- --------------------------------------------------------

--
-- Table structure for table `role_has_permissions`
--

CREATE TABLE `role_has_permissions` (
  `permission_id` int(10) UNSIGNED NOT NULL,
  `role_id` int(10) UNSIGNED NOT NULL
) ENGINE=InnoDB DEFAULT CHARSET=utf8mb4 COLLATE=utf8mb4_unicode_ci;

--
-- Dumping data for table `role_has_permissions`
--

INSERT INTO `role_has_permissions` (`permission_id`, `role_id`) VALUES
(1, 1),
(2, 1),
(3, 1),
(4, 1),
(5, 1),
(6, 1),
(7, 1),
(8, 1),
(9, 1),
(10, 1),
(11, 1),
(12, 1),
(13, 1),
(14, 1),
(15, 1),
(16, 1),
(17, 1),
(18, 1),
(20, 1),
(4, 2),
(5, 2),
(6, 2),
(7, 2),
(8, 2),
(10, 2),
(17, 2),
(20, 2),
(2, 3),
(4, 3),
(5, 3),
(17, 3),
(20, 3),
(5, 5),
(20, 5);

-- --------------------------------------------------------

--
-- Table structure for table `status`
--

CREATE TABLE `status` (
  `id` int(10) UNSIGNED NOT NULL,
  `status` int(11) NOT NULL,
  `name` varchar(170) COLLATE utf8mb4_unicode_ci NOT NULL,
  `order` double DEFAULT NULL,
  `created_at` timestamp NULL DEFAULT NULL,
  `updated_at` timestamp NULL DEFAULT NULL
) ENGINE=InnoDB DEFAULT CHARSET=utf8mb4 COLLATE=utf8mb4_unicode_ci;

--
-- Dumping data for table `status`
--

INSERT INTO `status` (`id`, `status`, `name`, `order`, `created_at`, `updated_at`) VALUES
(1, 0, 'Pending', NULL, '2022-06-16 08:15:21', '2022-06-16 08:15:21'),
(2, 1, 'Completed', NULL, '2022-06-16 08:15:21', '2022-06-16 08:15:21'),
(3, 2, 'In Process', 1, '2022-06-16 12:29:22', '2022-06-16 12:29:22');

-- --------------------------------------------------------

--
-- Table structure for table `subcategory`
--

CREATE TABLE `subcategory` (
  `id` int(11) NOT NULL,
  `catid` int(11) DEFAULT NULL,
  `name` varchar(250) DEFAULT NULL
) ENGINE=InnoDB DEFAULT CHARSET=latin1;

--
-- Dumping data for table `subcategory`
--

INSERT INTO `subcategory` (`id`, `catid`, `name`) VALUES
(1, NULL, 'a'),
(2, 1, 'b'),
(3, 2, 'c'),
(4, 3, 'd'),
(5, 1, '1'),
(6, NULL, '5'),
(7, 6, '6'),
(8, 6, '8'),
(9, 2, 'z');

-- --------------------------------------------------------

--
-- Table structure for table `tags`
--

CREATE TABLE `tags` (
  `id` int(10) UNSIGNED NOT NULL,
  `name` varchar(170) COLLATE utf8mb4_unicode_ci NOT NULL,
  `created_by` int(10) UNSIGNED DEFAULT NULL,
  `deleted_by` int(10) UNSIGNED DEFAULT NULL,
  `created_at` timestamp NULL DEFAULT NULL,
  `updated_at` timestamp NULL DEFAULT NULL,
  `deleted_at` timestamp NULL DEFAULT NULL
) ENGINE=InnoDB DEFAULT CHARSET=utf8mb4 COLLATE=utf8mb4_unicode_ci;

--
-- Dumping data for table `tags`
--

INSERT INTO `tags` (`id`, `name`, `created_by`, `deleted_by`, `created_at`, `updated_at`, `deleted_at`) VALUES
(1, '#important', 1, NULL, '2022-06-21 12:32:53', '2022-06-21 12:32:53', NULL);

-- --------------------------------------------------------

--
-- Table structure for table `tasks`
--

CREATE TABLE `tasks` (
  `id` int(10) UNSIGNED NOT NULL,
  `priority` varchar(255) COLLATE utf8mb4_unicode_ci DEFAULT NULL,
  `title` varchar(255) COLLATE utf8mb4_unicode_ci NOT NULL,
  `description` text COLLATE utf8mb4_unicode_ci NOT NULL,
  `project_id` int(10) UNSIGNED NOT NULL,
  `status` int(11) NOT NULL DEFAULT '0',
  `due_date` date DEFAULT NULL,
  `completed_on` date DEFAULT NULL,
  `task_number` int(10) UNSIGNED NOT NULL,
  `created_by` int(10) UNSIGNED DEFAULT NULL,
  `deleted_by` int(10) UNSIGNED DEFAULT NULL,
  `created_at` timestamp NULL DEFAULT NULL,
  `updated_at` timestamp NULL DEFAULT NULL,
  `deleted_at` timestamp NULL DEFAULT NULL,
  `estimate_time` varchar(255) COLLATE utf8mb4_unicode_ci DEFAULT NULL,
  `estimate_time_type` bigint(20) UNSIGNED DEFAULT NULL
) ENGINE=InnoDB DEFAULT CHARSET=utf8mb4 COLLATE=utf8mb4_unicode_ci;

--
-- Dumping data for table `tasks`
--

INSERT INTO `tasks` (`id`, `priority`, `title`, `description`, `project_id`, `status`, `due_date`, `completed_on`, `task_number`, `created_by`, `deleted_by`, `created_at`, `updated_at`, `deleted_at`, `estimate_time`, `estimate_time_type`) VALUES
(2, 'medium', 'CipherPay Website Designing', '', 36, 1, '2022-06-20', '2022-06-21', 1, 1, 1, '2022-06-20 06:49:54', '2022-09-07 10:36:27', '2022-09-07 10:36:27', '30', 1),
(3, 'high', 'Code setup', '&lt;p&gt;Please do task in time&lt;/p&gt;', 37, 1, '2022-06-22', NULL, 1, 1, NULL, '2022-06-20 07:16:27', '2022-06-21 12:31:05', NULL, '2', 1),
(5, 'low', 'Demo Tomorrow', 'do demo to nitesh sir', 37, 1, '2022-06-21', NULL, 2, 1, NULL, '2022-06-20 07:46:08', '2022-06-21 12:30:40', NULL, '1', 1),
(6, 'medium', 'DMT', '&lt;p&gt;&lt;br&gt;&lt;/p&gt;&lt;p&gt;DMT STATEMENT&lt;/p&gt;&lt;div&gt;&lt;div&gt;Start Date:&lt;/div&gt;&lt;/div&gt;&lt;div&gt;&lt;div&gt;End Date:&lt;/div&gt;&lt;/div&gt;&lt;div&gt;&lt;div&gt;&lt;div&gt;&lt;div&gt;&lt;div&gt;SEARCH BY:&nbsp;&nbsp;TXNID&nbsp;&nbsp;&nbsp;&nbsp;MOBILE&nbsp;&nbsp;&nbsp;&nbsp;ACCNO&lt;/div&gt;&lt;/div&gt;&lt;/div&gt;&lt;/div&gt;&lt;/div&gt;&lt;div&gt;&lt;div&gt;&lt;div&gt;&lt;div&gt;&lt;div&gt;SEARCH FROM:&nbsp;&nbsp;Current&nbsp;&nbsp;&nbsp;&nbsp;Archive&lt;/div&gt;&lt;/div&gt;&lt;/div&gt;&lt;/div&gt;&lt;/div&gt;&lt;div&gt;&lt;div&gt;Enter keyword&lt;/div&gt;&lt;/div&gt;&lt;div&gt;&lt;div&gt;Transaction Status&nbsp;&nbsp; &nbsp;&nbsp; &nbsp;&nbsp; &nbsp;&nbsp; &nbsp;&nbsp; &nbsp;&nbsp; &nbsp;&nbsp; &nbsp;Select&nbsp; &nbsp;&nbsp; &nbsp;&nbsp; &nbsp;&nbsp; &nbsp;&nbsp; &nbsp;&nbsp; &nbsp;&nbsp; &nbsp;Refund&nbsp; &nbsp;&nbsp; &nbsp;&nbsp; &nbsp;&nbsp; &nbsp;&nbsp; &nbsp;&nbsp; &nbsp;&nbsp; &nbsp;Complete&nbsp; &nbsp;&nbsp; &nbsp;&nbsp; &nbsp;&nbsp; &nbsp;&nbsp; &nbsp;&nbsp; &nbsp;&nbsp; &nbsp;In Process&nbsp; &nbsp;&nbsp; &nbsp;&nbsp; &nbsp;&nbsp; &nbsp;&nbsp; &nbsp;&nbsp; &nbsp;&nbsp; &nbsp;Sent To Bank&nbsp; &nbsp;&nbsp; &nbsp;&nbsp; &nbsp;&nbsp; &nbsp;&nbsp; &nbsp;&nbsp; &nbsp;&nbsp; &nbsp;On Hold&nbsp; &nbsp;&nbsp; &nbsp;&nbsp; &nbsp;&nbsp; &nbsp;&nbsp; &nbsp;&nbsp; &nbsp;&nbsp; &nbsp;Failed&nbsp; &nbsp; &nbsp;&nbsp; &nbsp;&nbsp; &nbsp;&nbsp; &nbsp;&nbsp; &nbsp;&lt;span&gt;&lt;span&gt;&lt;span style=&quot;font-size:15px;color:rgb(146,145,145);background-color:rgb(255,255,255);&quot;&gt;&lt;span&gt;&lt;span&gt;Transaction Status&lt;/span&gt;&lt;/span&gt;&lt;/span&gt;&lt;/span&gt;&lt;/span&gt;&lt;/div&gt;&lt;/div&gt;&lt;div&gt;&lt;div&gt;Select Wallet&lt;/div&gt;&lt;/div&gt;', 38, 1, '2022-06-22', NULL, 1, 62, NULL, '2022-06-21 12:17:10', '2022-06-22 08:31:11', NULL, '1', 1),
(7, 'medium', 'BBPS STATEMENT', '', 38, 1, '2022-06-22', NULL, 2, 62, NULL, '2022-06-21 12:21:04', '2022-06-22 08:31:36', NULL, '1', 1),
(8, 'medium', 'AEPS Favorite Bank', '&lt;p&gt;AEPS Favorite Bank :&nbsp;&lt;br&gt;you get the default 5 bank from Api then you show that on Portal.&lt;/p&gt;', 38, 1, '2022-06-22', NULL, 3, 62, NULL, '2022-06-21 12:26:00', '2022-06-22 08:16:23', NULL, '1', 1),
(9, 'medium', 'Profile Section', 'Impliment the Design Done By Raman , and Comple How Much you can Then Rest of Part that will pending You can comment .', 38, 1, '2022-06-22', NULL, 4, 62, NULL, '2022-06-21 12:27:26', '2022-06-22 08:16:07', NULL, '1', 1),
(10, 'highest', 'Fino bank sdk', 'under the guidance of Vivek Sir.', 38, 0, NULL, NULL, 5, 36, 36, '2022-06-21 23:43:16', '2022-06-21 23:43:37', '2022-06-21 23:43:37', NULL, NULL),
(11, 'highest', 'Marg Api Intregration On Reliwellness', '&lt;p&gt;Marg Api Intregration On Reliwellness !&lt;br&gt;&nbsp; Please make api&nbsp; and Consume the Marg Api&nbsp; and Decrypt the response get Back to the Reliwellness Api.&lt;/p&gt;', 41, 1, '2022-06-22', '2022-06-22', 1, 62, NULL, '2022-06-22 00:14:32', '2022-06-22 05:28:31', NULL, '1', 1),
(12, 'highest', 'Create Jwt Token For Paysprint', '&lt;p&gt;Very Urgent :&nbsp;&lt;/p&gt;&lt;p&gt;Make Api For Genrate Token in Paysprint&nbsp;&lt;br&gt;for Refrense Please check this&nbsp; :&nbsp;&lt;br&gt;&lt;a href=&quot;https://pay-sprint.readme.io/reference/authentication-1&quot;&gt;https://pay-sprint.readme.io/reference/authentication-1&lt;/a&gt;&lt;br&gt;For Credentials :&nbsp;&lt;br&gt;https://pay-sprint.readme.io/reference/credentials&lt;/p&gt;&lt;p&gt;&lt;br&gt;&lt;br&gt;&lt;/p&gt;', 41, 1, '2022-06-22', NULL, 2, 62, NULL, '2022-06-22 00:18:46', '2022-06-22 02:15:47', NULL, '05:00', 0),
(13, 'highest', 'Fixed the Design Issue', '&lt;p&gt;Please Fixed the Scrolling Issue Of Fino Portal ASAP !&lt;br&gt;&lt;br&gt;&lt;/p&gt;', 43, 1, '2022-06-22', NULL, 1, 62, NULL, '2022-06-22 00:24:32', '2022-07-05 23:22:53', NULL, '1', 1),
(14, 'highest', 'Biller testing', 'we have tested the billers and share the logs with gaurav', 42, 1, NULL, '2022-06-23', 1, 37, NULL, '2022-06-22 02:30:40', '2022-06-23 01:18:21', NULL, NULL, NULL),
(15, 'high', 'NSDL Pan documentation reading', '&lt;p&gt;We have studed the api documentation and have a call with nsdl team to clarify the process....&lt;/p&gt;&lt;p&gt;We are now waitnig for the redirect module documentation from nsdl.&lt;/p&gt;', 46, 1, NULL, '2022-07-04', 1, 37, NULL, '2022-06-22 02:42:54', '2022-07-04 02:47:44', NULL, NULL, NULL),
(16, 'medium', 'Start Implementing', 'Start Implementing the Api', 47, 1, NULL, '2022-07-04', 1, 37, NULL, '2022-06-22 02:54:20', '2022-07-04 02:47:50', NULL, NULL, NULL),
(17, 'high', 'Test the biller details', '&lt;p&gt;Anisha Please test these billers -&nbsp;&lt;/p&gt;&lt;p&gt;&lt;br&gt;&lt;/p&gt;&lt;p&gt;chaitanya MFI Agent &ndash; 165&nbsp; &nbsp;- Uniqe ids= 46802,48644,48674&lt;/p&gt;&lt;p&gt;Annapurna MFI Customer &ndash; 203&nbsp; Uniqe ids= 10769679,10769686,10769690&lt;/p&gt;&lt;p&gt;Annapurna MFI Group &ndash; 204&nbsp; &nbsp; &nbsp;Uniqe ids= 10769679,10769686,10769690&lt;/p&gt;&lt;p&gt;Arman MFI Customer &ndash; 131&nbsp; &nbsp; - please check and update fieldmaster api and client master api.&lt;/p&gt;', 42, 1, '2022-06-23', '2022-06-23', 2, 37, NULL, '2022-06-22 23:40:42', '2022-06-23 01:18:28', NULL, '12:00', 0),
(18, 'highest', 'Test Gift Voucher', '&lt;p&gt;Test Transaction status api by using the reference no of the transact api.&lt;/p&gt;&lt;p&gt;Test and update.&lt;/p&gt;', 45, 1, '2022-06-23', NULL, 1, 37, NULL, '2022-06-22 23:45:33', '2022-06-23 00:35:11', NULL, '12:00', 0),
(19, 'highest', 'Ledger Creation In SUPERADMIN', '&lt;p&gt;Please create the ledger for superadmin same as in retailer and live the service for the ids that i will provide&lt;/p&gt;', 48, 1, '2022-06-23', '2022-06-23', 1, 37, NULL, '2022-06-23 00:02:35', '2022-06-23 00:20:51', NULL, '1', 1),
(20, 'high', 'Cron creation', 'Create a url in schedular folder in vidcom live for cron to requery the yesbank dmt transactions on hourly basis.', 48, 1, '2022-06-27', NULL, 2, 37, NULL, '2022-06-23 00:08:13', '2022-07-04 02:45:27', NULL, '1', 1),
(21, 'highest', 'Recahrge Validation and MNP Testing', '&lt;p&gt;Anisha please test the recharge validation apis and mnp apis also implemenmt the 10paisa charges per request from the partner wallet.&lt;/p&gt;', 44, 1, '2022-06-23', '2022-06-24', 1, 37, NULL, '2022-06-23 00:15:59', '2022-06-24 01:23:48', NULL, '1', 1),
(22, 'highest', 'Test and verify Bene Add and transaction flow', '&lt;p&gt;We have to complete the flow of beneadd and transaction once got the response from the yesbank team.&lt;/p&gt;', 49, 1, '2022-06-23', '2022-06-27', 1, 37, NULL, '2022-06-23 00:22:04', '2022-06-27 00:03:50', NULL, '1', 1),
(23, 'high', 'Two way user interface', '', 52, 1, '2022-06-24', NULL, 1, 49, NULL, '2022-06-23 02:49:36', '2022-06-24 08:32:22', NULL, '2', 1),
(24, 'medium', 'Connect Module (Upload Part Only)', '', 51, 1, '2022-06-24', '2022-07-20', 1, 49, NULL, '2022-06-23 02:55:00', '2022-07-20 01:26:55', NULL, '2', 1),
(25, 'medium', 'Branch Transaction Report Fixes', '', 50, 1, '2022-06-23', NULL, 1, 49, NULL, '2022-06-23 04:36:38', '2022-06-23 04:48:01', NULL, '1', 1),
(26, 'medium', '#vidcom_reports', '', 58, 1, NULL, '2022-06-24', 1, 36, 36, '2022-06-24 00:36:42', '2022-06-24 00:43:10', '2022-06-24 00:43:10', NULL, NULL),
(27, 'highest', 'Agent Assigning on checking online or offline', '', 52, 1, '2022-06-28', NULL, 2, 49, NULL, '2022-06-24 08:32:16', '2022-06-30 04:52:35', NULL, NULL, NULL),
(28, 'high', 'Start studing and implementation of the apis', '&lt;p&gt;&lt;span style=&quot;font-family:LatoRegular, Roboto, sans-serif;font-size:15.5px;&quot;&gt;API Doc-&nbsp;&lt;/span&gt;&lt;a href=&quot;https://documentation.surepass.io/&quot;&gt;https://documentation.surepass.io/&lt;/a&gt;&lt;span style=&quot;font-family:LatoRegular, Roboto, sans-serif;font-size:15.5px;&quot;&gt;&nbsp;&lt;/span&gt;&lt;br&gt;&lt;/p&gt;', 61, 1, NULL, '2022-07-04', 1, 37, NULL, '2022-06-26 23:59:16', '2022-07-04 02:46:49', NULL, NULL, NULL),
(29, 'high', '270622', '&lt;div&gt;&lt;span style=&quot;color:rgb(80,0,80);&quot;&gt;1) moe filter option not work in all ledger&lt;/span&gt;&lt;br&gt;&lt;/div&gt;&lt;div&gt;&lt;span style=&quot;color:rgb(80,0,80);&quot;&gt;2)&nbsp;&lt;/span&gt;tds not show properly - if commission is below 10 rs then tds 0 and at 10 rs tds is 1 - aeps statement&lt;/div&gt;&lt;div&gt;3)&nbsp; tds not show in adhar&nbsp;pay&lt;/div&gt;&lt;div&gt;4) matm commission flow not work&nbsp;properly&lt;/div&gt;&lt;div&gt;5) mobile number must be unique- now multiple id created with same number&lt;/div&gt;&lt;div&gt;6)&nbsp;&lt;span style=&quot;font-family:Calibri;font-size:11pt;&quot;&gt;Plz add provision to delete account in payout section&lt;/span&gt;&lt;/div&gt;', 63, 1, NULL, '2022-06-28', 1, 33, NULL, '2022-06-27 00:55:56', '2022-06-28 00:17:57', NULL, NULL, NULL),
(30, 'highest', 'Agent Mobile Edit On Validation Errros', '&lt;p&gt;Make the mobile number filed editable if we got some validation error in agent ekyc.&lt;/p&gt;', 48, 1, '2022-06-27', NULL, 3, 37, NULL, '2022-06-27 01:00:36', '2022-07-04 02:44:49', NULL, '1', 1),
(31, 'highest', 'Retailer onboarding Process issue /recommendation', '&lt;p style=&quot;color:rgb(29,34,40);&quot;&gt;&lt;span style=&quot;color:rgb(14,16,26);&quot;&gt;2) Retailer onboarding Process issue /recommendation&nbsp;&lt;/span&gt;&lt;/p&gt;&lt;p style=&quot;color:rgb(29,34,40);&quot;&gt;&lt;span style=&quot;color:rgb(14,16,26);&quot;&gt;&nbsp;2.1 Process: Once the retailer clicks on onboarding, it asks for OTP on that page we need to give&nbsp;&lt;strong&gt;&lt;span style=&quot;font-family:Calibri, sans-serif;&quot;&gt;resend OTP option&lt;/span&gt;&lt;/strong&gt;&nbsp;if the OTP is not generated then the retailer needs to go back.&lt;/span&gt;&lt;/p&gt;&lt;p style=&quot;color:rgb(29,34,40);&quot;&gt;&lt;span style=&quot;color:rgb(14,16,26);&quot;&gt;2.2 Once he adds the OTP on the next page he adds the Retailers Aadhar card and he needs to select the EKYC machine. The issue on this page is until he doesn&rsquo;t edit the Aadhar number and clicks on the side the&nbsp;&lt;strong&gt;&lt;span style=&quot;font-family:Calibri, sans-serif;&quot;&gt;check device tab is greyed out&lt;/span&gt;&lt;/strong&gt;. We need to change this process&lt;/span&gt;&lt;/p&gt;&lt;p style=&quot;color:rgb(29,34,40);&quot;&gt;&lt;span style=&quot;color:rgb(14,16,26);&quot;&gt;2.3 Retailers using&nbsp;&lt;strong&gt;&lt;span style=&quot;font-family:Calibri, sans-serif;&quot;&gt;Startek and Morpho for the Retailer onboarding process&lt;/span&gt;&lt;/strong&gt;&nbsp;are facing a problem.&lt;/span&gt;&lt;/p&gt;', 48, 1, '2022-06-27', '2022-07-04', 4, 37, NULL, '2022-06-27 01:24:09', '2022-07-04 02:40:53', NULL, '1', 1),
(32, NULL, 'Changes In ledger', '&lt;p style=&quot;color:rgb(29,34,40);&quot;&gt;&lt;span style=&quot;color:rgb(14,16,26);&quot;&gt;4) In the wallet statement there should be 4 entries for the transactions&nbsp;&lt;/span&gt;&lt;/p&gt;&lt;p style=&quot;color:rgb(29,34,40);&quot;&gt;&lt;span style=&quot;color:rgb(14,16,26);&quot;&gt;&nbsp;1) Amount which is sent &ndash; Debited&nbsp;&lt;/span&gt;&lt;/p&gt;&lt;p style=&quot;color:rgb(29,34,40);&quot;&gt;&lt;span style=&quot;color:rgb(14,16,26);&quot;&gt;2) Charges which is added &ndash; Debited&lt;/span&gt;&lt;/p&gt;&lt;p style=&quot;color:rgb(29,34,40);&quot;&gt;&lt;span style=&quot;color:rgb(14,16,26);&quot;&gt;3)&nbsp;&lt;/span&gt;&lt;span style=&quot;color:rgb(14,16,26);&quot;&gt;Commission &ndash; Credited&nbsp;&lt;/span&gt;&lt;/p&gt;&lt;p style=&quot;color:rgb(29,34,40);&quot;&gt;&lt;span style=&quot;color:rgb(14,16,26);&quot;&gt;4) TDS on the commission &ndash; Debited&nbsp;&lt;/span&gt;&lt;/p&gt;&lt;p style=&quot;color:rgb(29,34,40);&quot;&gt;&lt;span style=&quot;color:rgb(14,16,26);&quot;&gt;&nbsp;&lt;/span&gt;&lt;/p&gt;&lt;p style=&quot;color:rgb(29,34,40);&quot;&gt;&lt;strong&gt;&lt;span style=&quot;font-family:Calibri, sans-serif;color:rgb(14,16,26);&quot;&gt;Please note the charges aren&rsquo;t as per the amount structure for example screenshot in the ppt for 49000 charges should be 250 but it shows 183 &ndash; Please check slides 4 and 5 in the ppt&nbsp;&lt;/span&gt;&lt;/strong&gt;&lt;/p&gt;', 48, 1, '2022-06-27', '2022-07-04', 5, 37, NULL, '2022-06-27 01:27:20', '2022-07-04 02:40:54', NULL, '01:00', 0),
(33, 'highest', 'Refund with OTP in Both cases', '&lt;strong&gt;&lt;span style=&quot;font-family:Calibri, sans-serif;color:rgb(14,16,26);&quot;&gt;5) We need to have a refund and pending as we have in non KYC- Current it is shown wallet statement &ndash; please find in slide 6&lt;/span&gt;&lt;/strong&gt;', 48, 1, '2022-06-27', '2022-07-04', 6, 37, NULL, '2022-06-27 01:28:11', '2022-07-04 02:40:57', NULL, '1', 1),
(34, NULL, 'Penedrop changes', '&lt;strong&gt;&lt;span style=&quot;font-family:Calibri, sans-serif;color:rgb(14,16,26);&quot;&gt;&nbsp;6) When the Customer does Bene Verification only 1 Rupee entry is shown it should be as per the non-KYC process &ndash; please find in slide 7&lt;/span&gt;&lt;/strong&gt;', 48, 1, '2022-06-27', '2022-07-04', 7, 37, NULL, '2022-06-27 01:29:14', '2022-07-04 02:40:48', NULL, '1', 1),
(35, NULL, 'Make the ledger just like the not kyc dmt process.', '&lt;p style=&quot;color:rgb(29,34,40);&quot;&gt;&lt;strong&gt;&lt;span style=&quot;font-family:Calibri, sans-serif;color:rgb(14,16,26);&quot;&gt;7)&nbsp;&lt;/span&gt;&lt;/strong&gt;&lt;strong&gt;&lt;span style=&quot;font-family:Calibri, sans-serif;color:rgb(14,16,26);&quot;&gt;The New Ekyc Transition report should be similar to the non-EKYC&ndash; Please find in slide 8. Kindly add Yes Bank EYC Transition Report.&lt;/span&gt;&lt;/strong&gt;&lt;strong&gt;&lt;span style=&quot;font-family:Calibri, sans-serif;color:rgb(14,16,26);&quot;&gt;&nbsp;&lt;/span&gt;&lt;/strong&gt;&lt;/p&gt;&lt;p style=&quot;color:rgb(29,34,40);&quot;&gt;&lt;strong&gt;&lt;span style=&quot;font-family:Calibri, sans-serif;color:rgb(14,16,26);&quot;&gt;&nbsp;All information is not added to the Transaction report. Like which wallet, Action &ndash; Dispute /create a ticket, Remarks&lt;/span&gt;&lt;/strong&gt;&lt;/p&gt;', 48, 1, '2022-06-27', '2022-07-04', 8, 37, NULL, '2022-06-27 01:30:42', '2022-07-04 02:40:59', NULL, '1', 1),
(36, NULL, 'make default transaction type to IMPS', '&lt;p&gt;&lt;strong&gt;&lt;span style=&quot;font-family:Calibri, sans-serif;color:rgb(14,16,26);&quot;&gt;8) In the Transaction page, the default should be imps but instead it is NEFT- The page should as per the non-EKYC page where we have information on which bank is down and only neft is allowed, wallet selection tab missing and Bank information detail is missing---- Slide 9&nbsp;&lt;/span&gt;&lt;/strong&gt;&lt;/p&gt;&lt;p&gt;&lt;strong&gt;&lt;span style=&quot;font-family:Calibri, sans-serif;color:rgb(14,16,26);&quot;&gt;&lt;br&gt;&lt;/span&gt;&lt;/strong&gt;&lt;/p&gt;', 48, 1, '2022-06-27', '2022-07-04', 9, 37, NULL, '2022-06-27 01:32:21', '2022-07-04 02:40:44', NULL, '1', 1),
(37, NULL, 'Login with MPIN', '&lt;strong&gt;&lt;span style=&quot;font-family:Calibri, sans-serif;color:rgb(14,16,26);&quot;&gt;9) We need to add another tab that shows Limit available and the Sender login tab is missing --- Page should be as per the non-EKYCpage : Slide 10&lt;/span&gt;&lt;/strong&gt;', 48, 1, '2022-06-27', '2022-07-04', 10, 37, NULL, '2022-06-27 01:34:37', '2022-07-04 02:40:46', NULL, '1', 1),
(38, NULL, 'changes in bene registartrion form', '&lt;strong&gt;&lt;span style=&quot;font-family:Calibri, sans-serif;color:rgb(14,16,26);&quot;&gt;Bene bank registration should be as per our non-eKYC page, slide 11&lt;/span&gt;&lt;/strong&gt;', 48, 1, '2022-07-27', '2022-07-04', 11, 37, NULL, '2022-06-27 01:35:25', '2022-07-04 02:40:41', NULL, '1', 1),
(39, NULL, 'Mobile number edit option in new customer add form', '&lt;strong&gt;&lt;span style=&quot;font-family:Calibri, sans-serif;color:rgb(14,16,26);&quot;&gt;Edit option to be given when Retailer add the new number as we have in non-ekyc&nbsp;&lt;/span&gt;&lt;/strong&gt;', 48, 1, '2022-06-27', NULL, 12, 37, NULL, '2022-06-27 01:36:53', '2022-07-04 02:44:32', NULL, '1', 1),
(40, NULL, 'New changes', '&lt;p&gt;1.Why Blank Page for some seconds instead you can show &quot; Welcome Back #Retailer&quot; page with some design&lt;/p&gt;&lt;p&gt;&nbsp;App is not taking any location once it is logged in.. how can we know from where he did transaction.. for any transaction i need latitude and longitude should be logged in to the database.&nbsp; &lt;/p&gt;&lt;p&gt;2. During logout and login also it is not taking properly taking only second time.. not taking precision location. If this is scenorio Google Play Store won\'t allow to upload in playstore&lt;/p&gt;&lt;p&gt;This card is really dissapointed not good to see.. expected something like card type it is like boxes very bad&lt;/p&gt;&lt;p&gt;5. After EKYC it is not getting activated if and if we go with website again&lt;/p&gt;&lt;p&gt;Amount loaded by load money must credit in main wallet&lt;/p&gt;&lt;p&gt;7. Make sure in the print reciept...opening, closing balance and commission not required for customer&lt;/p&gt;&lt;p&gt;&lt;br&gt;&lt;/p&gt;', 62, 1, NULL, NULL, 1, 33, NULL, '2022-06-27 01:59:02', '2022-06-27 04:56:39', NULL, NULL, NULL),
(41, NULL, 'App bug points', '&lt;p&gt;1.Balance enquiry me Cashwithdrawal ka option aata hai&nbsp;&lt;/p&gt;&lt;div&gt;&lt;br&gt;&lt;/div&gt;&lt;div&gt;2.Application Banner me Dashboard ka banner rahega sirf kiyuki login page ka Banner application small lagta hai sir isliye login page wala banner application se hide kare&lt;/div&gt;&lt;div&gt;&lt;br&gt;&lt;/div&gt;&lt;div&gt;3..LOGIN Page me Welcome to BankSafar hoga BankSafar ke badle Banksafer likha hua hai&lt;/div&gt;&lt;div&gt;&lt;br&gt;&lt;/div&gt;&lt;div&gt;4.Application me Services wale icon ko medium rakhe sir aaur balance enquiry and cash withdrawal highlights rahega&lt;/div&gt;&lt;div&gt;&lt;br&gt;&lt;/div&gt;&lt;div&gt;&lt;br&gt;&lt;/div&gt;&lt;div&gt;5.. daily&nbsp; business report and commission earning ka option nhi hai sir live kare&lt;/div&gt;&lt;div&gt;&lt;br&gt;&lt;/div&gt;&lt;div&gt;6.. Contact our support team&lt;/div&gt;&lt;div&gt;8507-887766&lt;/div&gt;&lt;div&gt;&lt;a href=&quot;mailto:Info@banksafarservices.com&quot;&gt;Info@banksafarservices.com&lt;/a&gt;&lt;/div&gt;&lt;div&gt;&lt;br&gt;&lt;/div&gt;&lt;div&gt;Baad me ivr lagne pe change kar denge sir&lt;/div&gt;&lt;div&gt;&lt;br&gt;&lt;/div&gt;&lt;div&gt;&lt;br&gt;&lt;/div&gt;&lt;div&gt;7.laat me niche ke icon ke samne Home 🏡 contact us&nbsp; and Report text dale sir&lt;/div&gt;&lt;div&gt;&lt;br&gt;&lt;/div&gt;', 64, 1, '2022-07-07', '2022-06-28', 1, 33, NULL, '2022-06-27 04:30:16', '2022-09-01 08:47:59', NULL, NULL, NULL),
(42, 'highest', 'Complete Connect Module', '', 51, 1, '2022-07-01', '2022-07-20', 2, 49, NULL, '2022-06-27 23:52:28', '2022-07-20 01:26:58', NULL, '5', 1),
(43, 'high', 'KYC Portal', '', 66, 0, '2022-07-01', NULL, 1, 52, 52, '2022-06-28 03:39:56', '2022-06-28 03:40:57', '2022-06-28 03:40:57', '10', 1),
(44, 'high', 'Frontend Development', '&lt;p&gt;All dashboard api&nbsp; and report&lt;br&gt;&lt;/p&gt;', 66, 1, '2022-06-30', '2022-06-29', 2, 52, NULL, '2022-06-28 04:15:56', '2022-06-29 08:03:48', NULL, '3', 1),
(45, 'high', 'Backend Development', '&lt;p&gt;complete in time dashboard api&nbsp; and report&lt;br&gt;&lt;/p&gt;', 66, 0, '2022-06-30', NULL, 3, 52, NULL, '2022-06-28 04:17:09', '2022-06-29 08:14:36', NULL, '3', 1),
(46, 'highest', 'Voter ID section fixes', '', 50, 1, '2022-06-30', NULL, 2, 49, NULL, '2022-06-30 04:53:36', '2022-06-30 06:34:15', NULL, '01:00', 0),
(48, NULL, 'Device testing', '', 48, 1, '2022-07-05', '2022-07-07', 13, 37, NULL, '2022-07-04 07:55:00', '2022-07-07 07:05:46', NULL, '2', 1),
(49, 'highest', 'MicroBi Python Code Deployment on AWS', '', 51, 1, '2022-07-05', NULL, 3, 49, NULL, '2022-07-04 08:14:31', '2022-07-08 01:05:06', NULL, NULL, NULL),
(50, 'medium', 'Changes', '&lt;p&gt;1-Employee-&lt;/p&gt;&lt;p&gt;*- Add zone for Csp Employee&lt;/p&gt;&lt;p&gt;*- Add State For All Type Employee&lt;/p&gt;&lt;p&gt;*- Remove Zone For ALl Type Employee&lt;/p&gt;&lt;p&gt;&lt;br&gt;&lt;/p&gt;&lt;p&gt;&lt;br&gt;&lt;/p&gt;&lt;p&gt;2- Csp Data Upload&lt;/p&gt;&lt;p&gt;*- Remove Zone Validation Form All CSP Data Upload File&lt;/p&gt;&lt;p&gt;*- Remove Branch Validation Form All CSP Data Upload File&lt;/p&gt;&lt;p&gt;*- Change Header For APY Enrollement Report&lt;/p&gt;&lt;p&gt;*- Change Header For Details Txn Report&lt;/p&gt;&lt;p&gt;*- Change Commssion Chart For Online Commission Report For Csp&lt;/p&gt;&lt;p&gt;&lt;br&gt;&lt;/p&gt;&lt;p&gt;3- Lead-&lt;/p&gt;&lt;p&gt;*-Show Zone According TO their Assign State for Every User&lt;/p&gt;&lt;p&gt;*-Check Lead Module is working Correct or not&lt;/p&gt;&lt;p&gt;&lt;br&gt;&lt;/p&gt;&lt;p&gt;Upload Document Module for CSP LOGIN&lt;/p&gt;&lt;p&gt;&lt;br&gt;&lt;/p&gt;&lt;p&gt;1- create a view for file upload&lt;/p&gt;&lt;p&gt;2- Upload File in folder&lt;/p&gt;&lt;p&gt;3- Add file data in database&lt;/p&gt;&lt;p&gt;4- update a lead table according to condition&lt;/p&gt;&lt;p&gt;1- Create a Inspection module for csp login&nbsp;&lt;/p&gt;&lt;p&gt;2- create a inspection module for superadmin&lt;/p&gt;&lt;p&gt;3- create a user login logs in database&lt;/p&gt;&lt;p&gt;4- changes in details txn report&lt;/p&gt;&lt;p&gt;5-changes in header file&lt;/p&gt;&lt;p&gt;6-create a upload document module for csp&lt;/p&gt;', 67, 1, '2022-07-06', '2022-07-06', 1, 37, NULL, '2022-07-06 00:35:47', '2022-07-06 00:35:55', NULL, '1', 1),
(51, 'highest', 'NsdlPan -App', '', 68, 1, NULL, NULL, 1, 33, NULL, '2022-07-06 02:36:16', '2022-08-01 04:36:24', NULL, NULL, NULL),
(52, 'highest', 'Aadhar verification Api', '&lt;p&gt;Aadhar verification Api is done&lt;/p&gt;', 61, 1, NULL, '2022-07-07', 2, 37, NULL, '2022-07-07 07:06:37', '2022-07-07 07:09:24', NULL, NULL, NULL),
(53, 'highest', 'Voter Id Verification', '&lt;p&gt;Done&lt;/p&gt;&lt;p&gt;&lt;br&gt;&lt;/p&gt;', 61, 1, NULL, '2022-07-07', 3, 37, NULL, '2022-07-07 07:07:25', '2022-07-07 07:09:23', NULL, NULL, NULL),
(54, 'highest', 'Driving Licence Api', 'Done', 61, 1, NULL, '2022-07-07', 4, 37, NULL, '2022-07-07 07:09:17', '2022-07-07 07:09:22', NULL, NULL, NULL),
(55, 'highest', 'Gst Verification', '&lt;p&gt;Done&lt;/p&gt;', 61, 1, NULL, '2022-07-07', 5, 37, NULL, '2022-07-07 07:10:14', '2022-07-07 07:12:40', NULL, NULL, NULL),
(56, 'highest', 'Passport Verification', 'Working on it', 61, 1, NULL, '2022-07-12', 6, 37, NULL, '2022-07-07 07:11:54', '2022-07-11 23:42:33', NULL, NULL, NULL),
(57, 'highest', 'Udhyam Aadhar Verification', 'Alligned', 61, 1, NULL, '2022-07-13', 7, 37, NULL, '2022-07-07 07:12:34', '2022-07-12 23:48:59', NULL, NULL, NULL),
(58, 'high', 'Creating the logs for 7 days', '&lt;p&gt;You have to prepare the logs for 7 days&nbsp;&lt;/p&gt;', 69, 1, NULL, '2022-07-15', 1, 37, NULL, '2022-07-07 07:15:29', '2022-07-14 23:39:40', NULL, NULL, NULL),
(59, 'highest', 'Complete the UAT', '&lt;p&gt;Complete all the uat process&lt;/p&gt;', 46, 1, NULL, NULL, 2, 37, NULL, '2022-07-07 07:19:23', '2022-07-13 00:36:07', NULL, NULL, NULL),
(60, 'highest', 'MicroBi Connect Module with some basic visualization', '', 51, 1, '2022-07-12', '2022-07-20', 4, 49, NULL, '2022-07-08 01:06:09', '2022-07-20 01:27:06', NULL, NULL, NULL),
(61, 'highest', 'Svatantra Flow Change', '', 50, 1, '2022-07-11', NULL, 3, 49, NULL, '2022-07-08 01:06:46', '2022-07-11 04:47:46', NULL, NULL, NULL),
(62, 'highest', 'Connection and Key Injection', '', 70, 0, NULL, NULL, 1, 36, NULL, '2022-07-08 01:22:05', '2022-07-08 07:59:48', NULL, NULL, NULL),
(63, 'medium', 'chat', '', 57, 0, NULL, NULL, 1, 36, 36, '2022-07-08 01:22:39', '2022-08-02 01:09:28', '2022-08-02 01:09:28', NULL, NULL),
(64, 'medium', 'Research and Test', '', 60, 0, NULL, NULL, 1, 36, NULL, '2022-07-08 01:24:03', '2022-07-08 01:24:03', NULL, NULL, NULL),
(65, NULL, 'Settlement Service', '', 59, 1, NULL, '2022-08-25', 1, 36, 36, '2022-07-08 01:29:48', '2022-08-25 02:54:33', '2022-08-25 02:54:33', NULL, NULL),
(66, 'medium', 'Payments GWay', '', 59, 1, NULL, '2022-09-05', 2, 36, NULL, '2022-07-08 01:30:32', '2022-09-05 09:26:20', NULL, NULL, NULL),
(67, 'highest', 'Set Fino aar in Demo code', '', 54, 1, NULL, '2022-08-02', 1, 36, NULL, '2022-07-08 01:31:06', '2022-08-02 00:44:20', NULL, NULL, NULL),
(68, 'high', 'New Suggested Changes  by Obulesu(Mantra)', '', 55, 0, NULL, NULL, 1, 36, 36, '2022-07-08 01:32:01', '2022-08-25 02:54:40', '2022-08-25 02:54:40', NULL, NULL),
(69, 'medium', 'vidcom slip Download and Share', '', 59, 0, NULL, NULL, 3, 36, NULL, '2022-07-08 01:32:55', '2022-07-08 01:32:55', NULL, NULL, NULL),
(70, 'highest', 'ITR Verification Apis', '&lt;p&gt;Done from developement side , waitning for ui and documentation upload&lt;/p&gt;', 61, 1, '2022-07-12', '2022-07-14', 8, 37, NULL, '2022-07-11 23:44:27', '2022-07-13 23:00:58', NULL, '1', 1),
(71, 'highest', 'Process the uat', '&lt;p&gt;Start testing the apis.&lt;/p&gt;', 71, 0, '2022-07-13', NULL, 1, 37, NULL, '2022-07-11 23:46:40', '2022-07-11 23:46:40', NULL, '2', 1),
(72, 'highest', 'Dynamic Dashboard for Client user only', '', 51, 1, '2022-07-15', '2022-07-18', 5, 49, NULL, '2022-07-12 08:14:10', '2022-07-18 00:23:20', NULL, NULL, NULL),
(73, 'high', 'Connect Module changes', '', 51, 1, '2022-07-15', NULL, 6, 49, NULL, '2022-07-14 01:11:04', '2022-07-14 23:53:49', NULL, NULL, NULL),
(74, 'medium', 'Properties, Tutorials &amp; Content Dynamic section for API and frontend', '', 51, 1, '2022-07-15', '2022-07-18', 7, 49, NULL, '2022-07-14 02:02:26', '2022-07-18 00:23:23', NULL, NULL, NULL),
(75, 'medium', 'Dynamic Report Module', '&lt;p&gt;Make the csp report dynamic in such a manner that the super admin can create the report dynamically in single or bulk format also superadmin can create the report columns dynamically and can edit single column also in bulk.&lt;/p&gt;&lt;p&gt;User can then add the data in report via csv file.&lt;/p&gt;', 67, 1, NULL, NULL, 2, 37, NULL, '2022-07-14 23:45:23', '2022-08-08 00:21:33', NULL, NULL, NULL),
(76, 'highest', 'Dashboard API enhancements & filters addons  ', '', 51, 1, '2022-07-20', '2022-07-20', 8, 49, NULL, '2022-07-18 00:40:56', '2022-07-20 08:17:38', NULL, NULL, NULL),
(77, 'highest', 'Superadmin sections', '', 51, 1, '2022-07-19', '2022-07-19', 9, 49, NULL, '2022-07-18 04:16:34', '2022-07-19 06:26:00', NULL, NULL, NULL),
(78, 'highest', 'Aadhaar verification', '', 50, 1, '2022-07-19', NULL, 4, 49, NULL, '2022-07-19 04:44:56', '2022-07-19 06:23:59', NULL, NULL, NULL),
(79, 'medium', 'Superadmin forms addons & Design Fixes ', '', 51, 1, '2022-07-20', '2022-07-20', 10, 49, NULL, '2022-07-19 06:27:42', '2022-07-20 08:17:42', NULL, NULL, NULL),
(80, NULL, 'Reconn Full Project', '', 72, 1, '2022-08-10', '2022-08-02', 1, 62, NULL, '2022-07-20 01:51:27', '2022-08-02 04:32:27', NULL, '8', 1),
(81, 'highest', 'Week Releases', '&lt;p&gt;&lt;b&gt;1. Pendo Setup&lt;br&gt;2. Complete Connect Module&lt;br&gt;3. Complete Create Module&lt;br&gt;4. Reports Section&lt;br&gt;5. Design Fixes&lt;br&gt;6. SuperAdmin portal of all client sections&lt;/b&gt;&lt;/p&gt;', 51, 1, '2022-07-22', NULL, 11, 49, NULL, '2022-07-20 01:55:12', '2022-07-22 08:21:19', NULL, NULL, NULL),
(82, 'high', 'Whatsapp chatbot template handle', '', 52, 1, '2022-07-26', '2022-07-26', 3, 49, NULL, '2022-07-20 02:38:36', '2022-07-26 07:38:41', NULL, NULL, NULL),
(83, 'medium', 'Client Dashboard Changes', '', 51, 1, '2022-07-21', '2022-07-21', 12, 49, NULL, '2022-07-20 23:36:31', '2022-07-21 07:54:07', NULL, NULL, NULL),
(84, 'highest', 'Reports Section for Client Dashboard (API) ', '', 51, 1, '2022-07-22', '2022-07-21', 13, 49, NULL, '2022-07-21 05:08:32', '2022-07-21 07:55:33', NULL, NULL, NULL),
(85, 'highest', 'Report Section for Client (Frontend)', '', 51, 1, '2022-07-22', '2022-07-22', 14, 49, NULL, '2022-07-21 07:55:18', '2022-07-22 08:21:05', NULL, NULL, NULL),
(86, 'highest', 'client dashboard changes &amp; bugs fixes', '', 51, 1, '2022-07-25', NULL, 15, 49, NULL, '2022-07-25 03:06:18', '2022-07-25 07:45:29', NULL, NULL, NULL),
(87, 'highest', 'Design Fixes of Client Dashboard & SuperAdmin', '', 51, 1, '2022-07-26', '2022-07-26', 16, 49, NULL, '2022-07-25 23:30:36', '2022-07-26 08:11:52', NULL, NULL, NULL),
(88, 'highest', 'Prediction Module', '', 51, 1, '2022-07-26', '2022-07-26', 17, 49, NULL, '2022-07-25 23:33:51', '2022-07-25 23:42:00', NULL, NULL, NULL),
(90, 'medium', 'Prediction Module', '', 51, 1, '2022-08-05', '2022-08-08', 18, 49, NULL, '2022-07-25 23:40:19', '2022-08-08 00:15:56', NULL, NULL, NULL),
(91, 'medium', 'MIS Report Changes', '', 50, 1, '2022-07-26', '2022-07-26', 5, 49, NULL, '2022-07-26 02:31:46', '2022-07-26 07:38:32', NULL, NULL, NULL),
(92, 'highest', 'Whatsapp Checks Maintain', '', 52, 1, '2022-07-28', '2022-07-29', 4, 49, NULL, '2022-07-27 00:41:59', '2022-07-29 01:35:34', NULL, NULL, NULL),
(93, 'highest', 'Whatsapp Media (Attachments) maintain on frontend and backend', '', 52, 1, '2022-07-29', '2022-07-29', 5, 49, NULL, '2022-07-29 01:36:35', '2022-07-29 08:18:18', NULL, NULL, NULL),
(94, 'highest', 'Crons Setup and final bugs fixes in part of functionality', '', 52, 1, '2022-08-01', '2022-08-02', 6, 49, NULL, '2022-08-01 01:14:44', '2022-08-02 00:42:13', NULL, NULL, NULL),
(95, 'highest', 'Product Enhancement', '', 52, 1, '2022-08-05', '2022-08-08', 7, 49, NULL, '2022-08-02 00:42:56', '2022-08-08 00:16:01', NULL, NULL, NULL),
(96, 'highest', 'PHP Code Change to Lumen', '', 52, 1, '2022-08-02', '2022-08-03', 8, 49, NULL, '2022-08-02 00:43:36', '2022-08-02 23:44:15', NULL, NULL, NULL),
(97, 'high', 'statements', '', 74, 1, NULL, '2022-09-02', 1, 36, NULL, '2022-08-02 01:19:53', '2022-09-02 09:19:31', NULL, NULL, NULL),
(98, 'high', 'new application', '', 74, 1, NULL, '2022-09-02', 2, 36, NULL, '2022-08-02 01:20:24', '2022-09-02 09:19:30', NULL, NULL, NULL),
(99, 'medium', 'Merging  Code of multi module', '', 59, 0, NULL, NULL, 4, 36, NULL, '2022-08-02 01:21:31', '2022-09-05 09:26:13', NULL, NULL, NULL),
(100, 'high', 'TEST', '', 75, 0, '2022-08-18', NULL, 1, 1, NULL, '2022-08-02 01:40:41', '2022-08-02 01:40:41', NULL, NULL, NULL),
(101, 'medium', 'Test 1', '', 76, 1, '2022-08-03', '2022-08-02', 1, 69, NULL, '2022-08-02 01:43:43', '2022-08-02 04:33:37', NULL, '03:00', 0),
(102, 'medium', 'login api', '', 77, 1, '2022-08-03', '2022-08-16', 1, 62, NULL, '2022-08-03 00:34:09', '2022-08-16 02:45:17', NULL, NULL, NULL),
(103, 'high', 'pan biomatric', '', 74, 1, NULL, '2022-09-02', 3, 36, NULL, '2022-08-03 04:46:46', '2022-09-02 09:20:55', NULL, NULL, NULL),
(104, 'high', 'UI', '', 73, 0, NULL, NULL, 1, 36, NULL, '2022-08-03 07:24:43', '2022-08-03 07:24:43', NULL, NULL, NULL),
(105, 'high', 'UI', '', 73, 1, NULL, '2022-08-03', 2, 36, 36, '2022-08-03 07:24:54', '2022-08-03 07:26:17', '2022-08-03 07:26:17', NULL, NULL),
(106, NULL, 'UI', '', 73, 1, NULL, '2022-08-24', 3, 36, NULL, '2022-08-03 07:25:03', '2022-08-24 00:45:02', NULL, NULL, NULL),
(107, 'high', 'API_INIT', '', 73, 1, NULL, '2022-08-24', 4, 36, NULL, '2022-08-03 07:25:31', '2022-08-24 00:28:19', NULL, NULL, NULL),
(108, 'highest', 'Multiple Numbers Handle &amp; UI Fixes', '', 52, 1, '2022-08-09', '2022-08-10', 9, 49, NULL, '2022-08-08 00:18:04', '2022-08-10 00:02:32', NULL, NULL, NULL),
(109, 'high', 'KYC portal with Aadhaar & AI APIs', '', 50, 1, '2022-08-19', '2022-08-22', 6, 49, NULL, '2022-08-08 04:27:03', '2022-08-21 23:26:50', NULL, NULL, NULL),
(110, 'high', 'UI Fixes &amp; Template Dynamic', '', 52, 1, '2022-08-16', '2022-08-17', 10, 49, NULL, '2022-08-10 00:04:22', '2022-08-17 04:09:40', NULL, NULL, NULL),
(111, 'high', 'AA Flow Ready', '', 50, 1, '2022-08-18', '2022-08-18', 7, 49, NULL, '2022-08-17 01:55:49', '2022-08-18 05:22:48', NULL, NULL, NULL),
(112, 'highest', 'UI Fixes &amp; Media Management', '', 52, 1, '2022-08-19', '2022-08-22', 11, 49, NULL, '2022-08-17 04:12:13', '2022-08-21 23:26:43', NULL, NULL, NULL),
(113, 'medium', 'Probability Module Deployment', '', 51, 1, '2022-08-18', '2022-08-19', 19, 49, NULL, '2022-08-18 00:21:19', '2022-08-19 01:25:53', NULL, NULL, NULL),
(114, 'medium', 'Prediction &amp; Probability Module in frontend', '', 51, 1, '2022-08-19', '2022-08-22', 20, 49, NULL, '2022-08-19 01:27:55', '2022-08-21 23:26:32', NULL, NULL, NULL),
(115, 'highest', 'Bank Verification Sandbox Module - KYC', '', 50, 1, '2022-08-23', '2022-08-22', 8, 49, NULL, '2022-08-21 23:27:47', '2022-08-22 08:24:12', NULL, NULL, NULL),
(116, 'highest', 'Service List &amp; Approval of corporate', '', 50, 1, '2022-08-23', '2022-08-24', 9, 49, NULL, '2022-08-23 04:12:16', '2022-08-24 07:09:38', NULL, NULL, NULL),
(117, 'highest', 'Complete API Verifications Module with AI APIs', '', 50, 1, '2022-08-25', '2022-09-01', 10, 49, NULL, '2022-08-23 04:13:35', '2022-09-01 16:58:42', NULL, NULL, NULL),
(118, 'highest', 'Whatsapp Layout Changes', '', 52, 1, '2022-08-23', '2022-08-24', 12, 49, NULL, '2022-08-23 04:27:52', '2022-08-24 07:08:40', NULL, NULL, NULL),
(119, 'medium', 'KYC Portal Design Changes', '', 50, 1, '2022-08-25', '2022-08-31', 11, 49, NULL, '2022-08-24 07:09:21', '2022-08-31 08:02:30', NULL, NULL, NULL),
(120, 'highest', 'FINO ANDROID 12 issue', '', 78, 1, NULL, '2022-09-02', 1, 36, NULL, '2022-08-25 02:52:23', '2022-09-02 09:15:21', NULL, NULL, NULL),
(121, NULL, 'demo', '', 80, 0, NULL, NULL, 1, 36, 36, '2022-09-02 09:30:07', '2022-09-05 09:14:30', '2022-09-05 09:14:30', NULL, NULL),
(122, 'highest', 'check and Test all Reports Section .', 'Reports Section Test - than we&nbsp; move on other ssection and navbar section', 59, 0, NULL, NULL, 5, 36, NULL, '2022-09-05 09:25:59', '2022-09-05 09:25:59', NULL, NULL, NULL),
(123, 'highest', 'Reports Section Test', '', 59, 0, NULL, NULL, 6, 36, NULL, '2022-09-05 09:30:19', '2022-09-05 09:30:19', NULL, NULL, NULL),
(124, 'highest', 'DMT_SERVICES', '', 79, 0, NULL, NULL, 1, 36, NULL, '2022-09-05 09:48:45', '2022-09-05 09:48:45', NULL, NULL, NULL),
(125, 'highest', 'DMT_SERVICES', '', 79, 0, NULL, NULL, 2, 36, NULL, '2022-09-05 09:51:16', '2022-09-05 09:51:16', NULL, NULL, NULL),
(126, 'highest', 'UTILITY', '', 79, 0, NULL, NULL, 3, 36, NULL, '2022-09-05 10:01:05', '2022-09-05 10:01:05', NULL, NULL, NULL),
(127, 'high', 'KEY INJECTION PROCCESS SETUP', 'Make injection in matm', 70, 0, NULL, NULL, 2, 36, NULL, '2022-09-05 10:15:34', '2022-09-05 10:15:34', NULL, NULL, NULL),
(128, 'highest', 'notifiaction', '', 84, 0, NULL, NULL, 1, 36, NULL, '2022-09-05 10:15:58', '2022-09-05 10:15:58', NULL, NULL, NULL),
(129, 'highest', 'Dashboard Fixes of KYC Portal', '', 50, 1, '2022-09-06', '2022-09-08', 12, 49, NULL, '2022-09-05 17:27:05', '2022-09-08 15:50:18', NULL, NULL, NULL),
(130, NULL, 'GST, Forgery &amp; Video Verification API Integration in KYC Portal', '', 50, 1, '2022-09-06', '2022-09-08', 13, 49, NULL, '2022-09-05 17:28:18', '2022-09-08 15:50:13', NULL, NULL, NULL),
(131, 'high', 'Multi-Number management &amp; some fixes', '', 52, 1, '2022-09-08', '2023-03-20', 13, 49, NULL, '2022-09-05 17:29:25', '2023-03-20 09:16:34', NULL, NULL, NULL),
(132, 'highest', 'Api bug', '&lt;p&gt;very good&lt;/p&gt;', 82, 0, '2022-09-16', NULL, 1, 1, NULL, '2022-09-07 10:23:09', '2022-09-07 10:23:09', NULL, '23:55', 0),
(133, 'highest', 'SMTP Mail', '&lt;p&gt;Testing of Mail Service&lt;/p&gt;', 87, 0, '2022-09-07', NULL, 1, 30, NULL, '2022-09-07 10:29:08', '2022-09-07 10:29:08', NULL, '01:30', 0),
(134, 'highest', 'api integration -Kyc', '&lt;p&gt;please integrate&lt;/p&gt;', 88, 0, '2022-09-15', NULL, 1, 1, NULL, '2022-09-07 10:40:01', '2022-09-07 10:40:01', NULL, '01:00', 0),
(135, NULL, 'check functions', '', 74, 0, NULL, NULL, 4, 36, NULL, '2022-09-07 12:16:36', '2022-12-15 12:03:31', NULL, NULL, NULL),
(136, 'highest', 'Api Create(Reliassure)', '', 81, 0, '2022-09-22', NULL, 1, 62, NULL, '2022-09-07 17:38:02', '2022-09-07 17:38:02', NULL, '01:00', 0),
(137, 'highest', 'Quiz', '', 76, 1, '2022-09-15', NULL, 2, 62, NULL, '2022-09-07 17:42:15', '2022-09-14 16:48:33', NULL, '01:00', 0),
(138, 'highest', 'Api created in reltailer portal', '&lt;p&gt;1.raise question.&lt;/p&gt;&lt;p&gt;2.revert answer&lt;/p&gt;&lt;p&gt;3.get question with answer.&lt;/p&gt;&lt;p&gt;4.time duration issue fixed on quize portal of frontend&lt;/p&gt;&lt;p&gt;5.&lt;/p&gt;', 81, 0, '2022-09-14', NULL, 3, 62, NULL, '2022-09-07 17:48:22', '2022-09-07 17:48:22', NULL, '01:00', 0),
(139, 'highest', 'Workflow with SDK on UAT', '', 50, 1, '2022-09-10', '2023-03-20', 14, 49, NULL, '2022-09-08 15:50:50', '2023-03-20 09:16:36', NULL, NULL, NULL);

-- --------------------------------------------------------

--
-- Table structure for table `task_assignees`
--

CREATE TABLE `task_assignees` (
  `id` bigint(20) UNSIGNED NOT NULL,
  `task_id` int(10) UNSIGNED NOT NULL,
  `user_id` int(10) UNSIGNED NOT NULL
) ENGINE=InnoDB DEFAULT CHARSET=utf8mb4 COLLATE=utf8mb4_unicode_ci;

--
-- Dumping data for table `task_assignees`
--

INSERT INTO `task_assignees` (`id`, `task_id`, `user_id`) VALUES
(2, 2, 34),
(3, 3, 25),
(4, 3, 31),
(7, 5, 25),
(8, 5, 31),
(9, 6, 28),
(10, 7, 28),
(11, 8, 27),
(12, 9, 27),
(14, 11, 47),
(15, 12, 47),
(16, 13, 41),
(17, 14, 37),
(18, 14, 45),
(19, 15, 37),
(21, 16, 37),
(22, 16, 46),
(23, 17, 37),
(24, 17, 45),
(25, 18, 37),
(26, 18, 46),
(27, 19, 37),
(28, 19, 43),
(29, 20, 37),
(30, 21, 37),
(31, 21, 45),
(32, 22, 37),
(33, 22, 43),
(34, 15, 45),
(35, 23, 49),
(36, 23, 50),
(37, 24, 49),
(38, 24, 56),
(39, 24, 57),
(40, 25, 49),
(41, 26, 36),
(42, 26, 40),
(43, 27, 49),
(44, 27, 50),
(45, 28, 37),
(46, 28, 46),
(47, 29, 60),
(48, 30, 37),
(49, 31, 37),
(50, 31, 43),
(51, 32, 37),
(52, 32, 43),
(53, 33, 37),
(54, 33, 43),
(55, 34, 37),
(56, 34, 43),
(57, 35, 37),
(58, 35, 43),
(59, 36, 37),
(60, 36, 43),
(61, 37, 37),
(62, 37, 43),
(63, 38, 37),
(64, 38, 43),
(65, 39, 37),
(66, 40, 33),
(67, 40, 44),
(68, 40, 60),
(69, 29, 33),
(70, 41, 33),
(71, 41, 44),
(72, 41, 60),
(73, 29, 44),
(74, 42, 49),
(75, 42, 50),
(76, 42, 56),
(77, 42, 57),
(79, 44, 42),
(80, 45, 32),
(81, 46, 49),
(84, 48, 37),
(85, 48, 43),
(86, 49, 49),
(87, 50, 45),
(88, 51, 33),
(89, 51, 40),
(90, 51, 43),
(91, 52, 37),
(92, 52, 46),
(93, 53, 37),
(94, 53, 46),
(95, 54, 37),
(96, 54, 46),
(97, 55, 37),
(98, 55, 46),
(99, 56, 37),
(100, 56, 46),
(101, 57, 37),
(102, 57, 46),
(103, 58, 37),
(104, 58, 46),
(105, 59, 37),
(106, 59, 45),
(107, 60, 49),
(108, 60, 50),
(109, 60, 56),
(110, 60, 57),
(111, 61, 49),
(112, 62, 55),
(113, 63, 55),
(116, 66, 36),
(117, 67, 36),
(119, 69, 40),
(120, 64, 40),
(121, 70, 37),
(122, 70, 46),
(123, 71, 37),
(124, 72, 49),
(125, 72, 50),
(126, 73, 49),
(127, 73, 50),
(128, 74, 49),
(129, 74, 50),
(130, 75, 37),
(131, 75, 45),
(132, 76, 49),
(133, 76, 56),
(134, 76, 57),
(135, 77, 49),
(136, 77, 66),
(137, 78, 49),
(138, 78, 66),
(139, 79, 49),
(140, 79, 66),
(141, 80, 62),
(142, 81, 49),
(143, 82, 49),
(144, 82, 50),
(145, 83, 49),
(146, 83, 66),
(147, 84, 49),
(148, 84, 56),
(149, 84, 57),
(150, 85, 49),
(151, 85, 50),
(152, 85, 66),
(153, 86, 49),
(154, 86, 50),
(155, 86, 56),
(156, 86, 57),
(157, 86, 66),
(158, 87, 49),
(159, 87, 50),
(160, 87, 66),
(161, 88, 49),
(162, 88, 56),
(163, 88, 57),
(164, 90, 49),
(165, 90, 56),
(166, 90, 57),
(167, 91, 49),
(168, 91, 66),
(169, 92, 49),
(170, 92, 50),
(171, 93, 49),
(172, 93, 50),
(173, 94, 49),
(174, 94, 50),
(175, 94, 66),
(176, 95, 49),
(177, 95, 50),
(178, 95, 66),
(179, 96, 49),
(180, 97, 36),
(181, 98, 36),
(182, 99, 36),
(183, 100, 69),
(184, 101, 69),
(185, 102, 30),
(186, 102, 35),
(187, 103, 36),
(190, 106, 55),
(191, 107, 40),
(192, 108, 49),
(193, 108, 50),
(194, 108, 66),
(195, 109, 32),
(196, 109, 49),
(197, 109, 50),
(198, 110, 49),
(199, 110, 50),
(200, 110, 66),
(201, 111, 49),
(202, 112, 49),
(203, 112, 50),
(204, 112, 66),
(205, 113, 49),
(206, 113, 56),
(207, 114, 49),
(208, 114, 50),
(209, 115, 32),
(210, 115, 49),
(211, 115, 50),
(212, 116, 32),
(213, 116, 49),
(214, 116, 50),
(215, 117, 32),
(216, 117, 49),
(217, 117, 50),
(218, 117, 66),
(219, 118, 49),
(220, 118, 72),
(221, 119, 49),
(222, 119, 72),
(223, 120, 36),
(224, 121, 36),
(225, 121, 35),
(226, 122, 73),
(227, 123, 73),
(228, 124, 55),
(229, 125, 55),
(230, 126, 40),
(231, 126, 55),
(232, 127, 36),
(233, 128, 36),
(234, 129, 32),
(235, 129, 49),
(236, 130, 32),
(237, 130, 49),
(238, 130, 50),
(239, 130, 66),
(240, 131, 49),
(241, 131, 50),
(242, 131, 66),
(243, 132, 33),
(244, 133, 30),
(245, 134, 30),
(246, 134, 74),
(247, 135, 36),
(248, 136, 31),
(249, 136, 63),
(250, 137, 42),
(251, 137, 54),
(252, 138, 25),
(253, 139, 32),
(254, 139, 49),
(255, 139, 50),
(256, 139, 66);

-- --------------------------------------------------------

--
-- Table structure for table `task_attachments`
--

CREATE TABLE `task_attachments` (
  `id` int(10) UNSIGNED NOT NULL,
  `task_id` int(10) UNSIGNED NOT NULL,
  `file` varchar(255) COLLATE utf8mb4_unicode_ci DEFAULT NULL,
  `created_at` timestamp NULL DEFAULT NULL,
  `updated_at` timestamp NULL DEFAULT NULL
) ENGINE=InnoDB DEFAULT CHARSET=utf8mb4 COLLATE=utf8mb4_unicode_ci;

-- --------------------------------------------------------

--
-- Table structure for table `task_tags`
--

CREATE TABLE `task_tags` (
  `id` int(10) UNSIGNED NOT NULL,
  `task_id` int(10) UNSIGNED NOT NULL,
  `tag_id` int(10) UNSIGNED NOT NULL
) ENGINE=InnoDB DEFAULT CHARSET=utf8mb4 COLLATE=utf8mb4_unicode_ci;

--
-- Dumping data for table `task_tags`
--

INSERT INTO `task_tags` (`id`, `task_id`, `tag_id`) VALUES
(2, 14, 1),
(3, 17, 1),
(4, 18, 1),
(5, 19, 1),
(6, 20, 1),
(7, 21, 1),
(8, 22, 1),
(10, 29, 1),
(11, 30, 1),
(12, 31, 1),
(13, 32, 1),
(14, 33, 1),
(15, 34, 1),
(16, 35, 1),
(17, 36, 1),
(18, 37, 1),
(19, 38, 1),
(20, 39, 1),
(22, 44, 1),
(23, 45, 1),
(25, 48, 1),
(26, 50, 1),
(27, 51, 1),
(28, 53, 1),
(29, 54, 1),
(30, 55, 1),
(31, 56, 1),
(32, 57, 1),
(33, 59, 1),
(34, 60, 1),
(35, 61, 1),
(36, 70, 1),
(37, 71, 1),
(38, 75, 1),
(39, 76, 1),
(40, 77, 1),
(41, 78, 1),
(42, 85, 1),
(43, 101, 1),
(44, 124, 1),
(45, 126, 1),
(46, 132, 1),
(47, 133, 1),
(48, 134, 1),
(49, 136, 1),
(50, 137, 1);

-- --------------------------------------------------------

--
-- Table structure for table `taxes`
--

CREATE TABLE `taxes` (
  `id` int(10) UNSIGNED NOT NULL,
  `name` varchar(255) COLLATE utf8mb4_unicode_ci NOT NULL,
  `tax` double NOT NULL,
  `created_at` timestamp NULL DEFAULT NULL,
  `updated_at` timestamp NULL DEFAULT NULL
) ENGINE=InnoDB DEFAULT CHARSET=utf8mb4 COLLATE=utf8mb4_unicode_ci;

--
-- Dumping data for table `taxes`
--

INSERT INTO `taxes` (`id`, `name`, `tax`, `created_at`, `updated_at`) VALUES
(1, '5% of your taxable income', 5, '2022-06-16 08:15:21', '2022-06-16 08:15:21'),
(2, '10% of your taxable salary', 10, '2022-06-16 08:15:21', '2022-06-16 08:15:21'),
(3, '15% of your taxable expense', 15, '2022-06-16 08:15:21', '2022-06-16 08:15:21');

-- --------------------------------------------------------

--
-- Table structure for table `time_entries`
--

CREATE TABLE `time_entries` (
  `id` int(10) UNSIGNED NOT NULL,
  `task_id` int(10) UNSIGNED NOT NULL,
  `activity_type_id` int(10) UNSIGNED NOT NULL,
  `user_id` int(10) UNSIGNED NOT NULL,
  `start_time` varchar(255) COLLATE utf8mb4_unicode_ci DEFAULT NULL,
  `end_time` varchar(255) COLLATE utf8mb4_unicode_ci DEFAULT NULL,
  `duration` int(11) NOT NULL,
  `entry_type` int(11) NOT NULL DEFAULT '1',
  `note` text COLLATE utf8mb4_unicode_ci NOT NULL,
  `deleted_by` int(10) UNSIGNED DEFAULT NULL,
  `created_at` timestamp NULL DEFAULT NULL,
  `updated_at` timestamp NULL DEFAULT NULL,
  `deleted_at` timestamp NULL DEFAULT NULL
) ENGINE=InnoDB DEFAULT CHARSET=utf8mb4 COLLATE=utf8mb4_unicode_ci;

--
-- Dumping data for table `time_entries`
--

INSERT INTO `time_entries` (`id`, `task_id`, `activity_type_id`, `user_id`, `start_time`, `end_time`, `duration`, `entry_type`, `note`, `deleted_by`, `created_at`, `updated_at`, `deleted_at`) VALUES
(1, 121, 1, 35, '2022-09-02 11:02:45', '2022-09-02 11:03:58', 1, 1, 'de mo testing', 36, '2022-09-02 09:33:58', '2022-09-05 09:14:30', '2022-09-05 09:14:30'),
(2, 122, 1, 73, '2022-09-05 11:05:28', '2022-09-05 15:26:04', 260, 1, 'Reports receipt', NULL, '2022-09-05 13:56:04', '2022-09-05 13:56:04', NULL);

-- --------------------------------------------------------

--
-- Table structure for table `user_notifications`
--

CREATE TABLE `user_notifications` (
  `id` bigint(20) UNSIGNED NOT NULL,
  `title` varchar(255) COLLATE utf8mb4_unicode_ci DEFAULT NULL,
  `type` varchar(255) COLLATE utf8mb4_unicode_ci DEFAULT NULL,
  `description` text COLLATE utf8mb4_unicode_ci,
  `read_at` timestamp NULL DEFAULT NULL,
  `user_id` int(10) UNSIGNED DEFAULT NULL,
  `created_at` timestamp NULL DEFAULT NULL,
  `updated_at` timestamp NULL DEFAULT NULL
) ENGINE=InnoDB DEFAULT CHARSET=utf8mb4 COLLATE=utf8mb4_unicode_ci;

--
-- Dumping data for table `user_notifications`
--

INSERT INTO `user_notifications` (`id`, `title`, `type`, `description`, `read_at`, `user_id`, `created_at`, `updated_at`) VALUES
(1, 'New Project Assigned', 'App\\Models\\Project', '#Android_Vidcom_app assigned to you', '2022-09-05 09:27:15', 73, '2022-09-02 09:14:40', '2022-09-05 09:27:15'),
(2, 'Project Status Changed', 'App\\Models\\Project', 'Project Status changed from Ongoing to Finished', NULL, 36, '2022-09-02 09:15:46', '2022-09-02 09:15:46'),
(3, 'New Project Assigned', 'App\\Models\\Project', 'You are assigned to abc', NULL, 35, '2022-09-02 09:22:06', '2022-09-02 09:22:06'),
(4, 'Project Status Changed', 'App\\Models\\Project', 'Project Status changed from Ongoing to OnHold', NULL, 40, '2022-09-02 09:26:06', '2022-09-02 09:26:06'),
(5, 'Project Status Changed', 'App\\Models\\Project', 'Project Status changed from Ongoing to OnHold', NULL, 55, '2022-09-02 09:26:06', '2022-09-02 09:26:06'),
(6, 'New Project Assigned', 'App\\Models\\Project', 'You are assigned to abc', NULL, 65, '2022-09-02 09:27:31', '2022-09-02 09:27:31'),
(7, 'New User Assigned to Project', 'App\\Models\\Project', 'Pinki Sharma assigned to abc', NULL, 35, '2022-09-02 09:27:31', '2022-09-02 09:27:31'),
(8, 'New Project Assigned', 'App\\Models\\Project', 'abc assigned to you', '2022-09-02 09:45:21', 36, '2022-09-02 09:28:58', '2022-09-02 09:45:21'),
(9, 'Removed From Project', 'App\\Models\\Project', 'You removed from abc', NULL, 65, '2022-09-02 09:28:58', '2022-09-02 09:28:58'),
(10, 'New Task Assigned', 'App\\Models\\Task', 'demo assigned to you', NULL, 35, '2022-09-02 09:30:25', '2022-09-02 09:30:25'),
(11, 'Removed From Project', 'App\\Models\\Project', 'You removed from ReliPay', NULL, 53, '2022-09-02 17:27:44', '2022-09-02 17:27:44'),
(12, 'Removed From Project', 'App\\Models\\Project', 'You removed from ReliPay', NULL, 69, '2022-09-02 17:27:44', '2022-09-02 17:27:44'),
(13, 'New Project Assigned', 'App\\Models\\Project', 'You are assigned to Reliassure', NULL, 25, '2022-09-02 17:32:34', '2022-09-02 17:32:34'),
(14, 'New Project Assigned', 'App\\Models\\Project', 'You are assigned to Reliassure', NULL, 31, '2022-09-02 17:32:34', '2022-09-02 17:32:34'),
(15, 'New Project Assigned', 'App\\Models\\Project', 'You are assigned to Reliassure', NULL, 54, '2022-09-02 17:32:34', '2022-09-02 17:32:34'),
(16, 'New Project Assigned', 'App\\Models\\Project', 'You are assigned to Reliassure', NULL, 63, '2022-09-02 17:32:34', '2022-09-02 17:32:34'),
(17, 'New Project Assigned', 'App\\Models\\Project', 'You are assigned to Reliassure', NULL, 69, '2022-09-02 17:32:34', '2022-09-02 17:32:34'),
(18, 'New Project Assigned', 'App\\Models\\Project', 'You are assigned to API PORTAL', NULL, 33, '2022-09-02 17:33:30', '2022-09-02 17:33:30'),
(19, 'New Project Assigned', 'App\\Models\\Project', 'You are assigned to API PORTAL', NULL, 53, '2022-09-02 17:33:30', '2022-09-02 17:33:30'),
(20, 'New Project Assigned', 'App\\Models\\Project', 'You are assigned to API PORTAL', NULL, 60, '2022-09-02 17:33:30', '2022-09-02 17:33:30'),
(21, 'New Project Assigned', 'App\\Models\\Project', 'You are assigned to API PORTAL', NULL, 64, '2022-09-02 17:33:30', '2022-09-02 17:33:30'),
(22, 'Project Status Changed', 'App\\Models\\Project', 'Project Status changed from Ongoing to OnHold', NULL, 40, '2022-09-05 09:23:32', '2022-09-05 09:23:32'),
(23, 'New Task Assigned', 'App\\Models\\Task', 'check and Test all Reports Section . assigned to you', '2022-09-05 09:27:14', 73, '2022-09-05 09:26:01', '2022-09-05 09:27:14'),
(24, 'New Task Assigned', 'App\\Models\\Task', 'Reports Section Test assigned to you', '2022-09-05 09:31:16', 73, '2022-09-05 09:30:20', '2022-09-05 09:31:16'),
(25, 'New Project Assigned', 'App\\Models\\Project', 'You are assigned to UBER_CMS_SDK', NULL, 40, '2022-09-05 09:38:28', '2022-09-05 09:38:28'),
(26, 'New Task Assigned', 'App\\Models\\Task', 'DMT_SERVICES assigned to you', NULL, 55, '2022-09-05 09:48:46', '2022-09-05 09:48:46'),
(27, 'New Task Assigned', 'App\\Models\\Task', 'DMT_SERVICES assigned to you', NULL, 55, '2022-09-05 09:51:17', '2022-09-05 09:51:17'),
(28, 'New Task Assigned', 'App\\Models\\Task', 'UTILITY assigned to you', NULL, 40, '2022-09-05 10:01:06', '2022-09-05 10:01:06'),
(29, 'New Task Assigned', 'App\\Models\\Task', 'UTILITY assigned to you', NULL, 55, '2022-09-05 10:01:07', '2022-09-05 10:01:07'),
(30, 'New Project Assigned', 'App\\Models\\Project', 'You are assigned to SHOUTER_NOTIFICATION_READER', NULL, 36, '2022-09-05 10:13:56', '2022-09-05 10:13:56'),
(31, 'New Task Assigned', 'App\\Models\\Task', 'Dashboard Fixes of KYC Portal assigned to you', NULL, 32, '2022-09-05 17:27:07', '2022-09-05 17:27:07'),
(32, 'New Task Assigned', 'App\\Models\\Task', 'GST, Forgery &amp; Video Verification API Integration in KYC Portal assigned to you', NULL, 32, '2022-09-05 17:28:19', '2022-09-05 17:28:19'),
(33, 'New Task Assigned', 'App\\Models\\Task', 'GST, Forgery &amp; Video Verification API Integration in KYC Portal assigned to you', NULL, 50, '2022-09-05 17:28:21', '2022-09-05 17:28:21'),
(34, 'New Task Assigned', 'App\\Models\\Task', 'GST, Forgery &amp; Video Verification API Integration in KYC Portal assigned to you', NULL, 66, '2022-09-05 17:28:22', '2022-09-05 17:28:22'),
(35, 'New Task Assigned', 'App\\Models\\Task', 'Multi-Number management &amp; some fixes assigned to you', NULL, 50, '2022-09-05 17:29:27', '2022-09-05 17:29:27'),
(36, 'New Task Assigned', 'App\\Models\\Task', 'Multi-Number management &amp; some fixes assigned to you', NULL, 66, '2022-09-05 17:29:28', '2022-09-05 17:29:28'),
(37, 'New Project Assigned', 'App\\Models\\Project', 'You are assigned to Indo-Nepal', NULL, 48, '2022-09-06 17:35:02', '2022-09-06 17:35:02'),
(38, 'New Project Assigned', 'App\\Models\\Project', 'You are assigned to SBI Payout', NULL, 48, '2022-09-06 17:36:31', '2022-09-06 17:36:31'),
(39, 'New Project Assigned', 'App\\Models\\Project', 'You are assigned to ReliConnect', '2022-12-15 11:32:00', 30, '2022-09-07 09:23:01', '2022-12-15 11:32:00'),
(40, 'New Project Assigned', 'App\\Models\\Project', 'You are assigned to ReliConnect', NULL, 66, '2022-09-07 09:23:01', '2022-09-07 09:23:01'),
(41, 'New Project Assigned', 'App\\Models\\Project', 'CipherPay assigned to you', '2022-12-15 11:32:00', 30, '2022-09-07 09:24:59', '2022-12-15 11:32:00'),
(42, 'New Task Assigned', 'App\\Models\\Task', 'Api bug assigned to you', NULL, 33, '2022-09-07 10:23:10', '2022-09-07 10:23:10'),
(43, 'New Project Assigned', 'App\\Models\\Project', 'CipherPay assigned to you', NULL, 74, '2022-09-07 10:29:40', '2022-09-07 10:29:40'),
(44, 'New Project Assigned', 'App\\Models\\Project', 'You are assigned to CipherPay', '2022-12-15 11:31:59', 30, '2022-09-07 10:37:23', '2022-12-15 11:31:59'),
(45, 'New Project Assigned', 'App\\Models\\Project', 'You are assigned to CipherPay', NULL, 35, '2022-09-07 10:37:23', '2022-09-07 10:37:23'),
(46, 'New Project Assigned', 'App\\Models\\Project', 'You are assigned to CipherPay', NULL, 74, '2022-09-07 10:37:23', '2022-09-07 10:37:23'),
(47, 'New Task Assigned', 'App\\Models\\Task', 'api integration -Kyc assigned to you', '2022-12-15 11:31:58', 30, '2022-09-07 10:40:02', '2022-12-15 11:31:58'),
(48, 'New Task Assigned', 'App\\Models\\Task', 'api integration -Kyc assigned to you', NULL, 74, '2022-09-07 10:40:03', '2022-09-07 10:40:03'),
(49, 'New Task Assigned', 'App\\Models\\Task', 'Api Create(Reliassure) assigned to you', NULL, 31, '2022-09-07 17:38:04', '2022-09-07 17:38:04'),
(50, 'New Task Assigned', 'App\\Models\\Task', 'Api Create(Reliassure) assigned to you', NULL, 63, '2022-09-07 17:38:05', '2022-09-07 17:38:05'),
(51, 'New Project Assigned', 'App\\Models\\Project', 'Reliassure assigned to you', NULL, 42, '2022-09-07 17:41:35', '2022-09-07 17:41:35'),
(52, 'New Task Assigned', 'App\\Models\\Task', 'Quiz assigned to you', NULL, 42, '2022-09-07 17:42:17', '2022-09-07 17:42:17'),
(53, 'New Task Assigned', 'App\\Models\\Task', 'Quiz assigned to you', NULL, 54, '2022-09-07 17:42:19', '2022-09-07 17:42:19'),
(54, 'New Task Assigned', 'App\\Models\\Task', 'Api created in reltailer portal assigned to you', NULL, 25, '2022-09-07 17:48:23', '2022-09-07 17:48:23'),
(55, 'New Task Assigned', 'App\\Models\\Task', 'Workflow with SDK on UAT assigned to you', NULL, 32, '2022-09-08 15:50:52', '2022-09-08 15:50:52'),
(56, 'New Task Assigned', 'App\\Models\\Task', 'Workflow with SDK on UAT assigned to you', NULL, 50, '2022-09-08 15:50:54', '2022-09-08 15:50:54'),
(57, 'New Task Assigned', 'App\\Models\\Task', 'Workflow with SDK on UAT assigned to you', NULL, 66, '2022-09-08 15:50:55', '2022-09-08 15:50:55');

--
-- Indexes for dumped tables
--

--
-- Indexes for table `activity_log`
--
ALTER TABLE `activity_log`
  ADD PRIMARY KEY (`id`),
  ADD KEY `subject` (`subject_type`,`subject_id`),
  ADD KEY `causer` (`causer_type`,`causer_id`),
  ADD KEY `activity_log_log_name_index` (`log_name`);

--
-- Indexes for table `activity_types`
--
ALTER TABLE `activity_types`
  ADD PRIMARY KEY (`id`),
  ADD KEY `activity_types_created_by_foreign` (`created_by`),
  ADD KEY `activity_types_deleted_by_foreign` (`deleted_by`);

--
-- Indexes for table `category`
--
ALTER TABLE `category`
  ADD PRIMARY KEY (`id`);

--
-- Indexes for table `clients`
--
ALTER TABLE `clients`
  ADD PRIMARY KEY (`id`),
  ADD KEY `clients_created_by_foreign` (`created_by`),
  ADD KEY `clients_deleted_by_foreign` (`deleted_by`),
  ADD KEY `clients_department_id_foreign` (`department_id`);

--
-- Indexes for table `comments`
--
ALTER TABLE `comments`
  ADD PRIMARY KEY (`id`),
  ADD KEY `comments_created_by_foreign` (`created_by`),
  ADD KEY `comments_task_id_foreign` (`task_id`);

--
-- Indexes for table `dailyworks`
--
ALTER TABLE `dailyworks`
  ADD PRIMARY KEY (`id`);

--
-- Indexes for table `departments`
--
ALTER TABLE `departments`
  ADD PRIMARY KEY (`id`),
  ADD UNIQUE KEY `departments_name_unique` (`name`);

--
-- Indexes for table `events`
--
ALTER TABLE `events`
  ADD PRIMARY KEY (`id`),
  ADD KEY `events_added_by_foreign` (`added_by`);

--
-- Indexes for table `expenses`
--
ALTER TABLE `expenses`
  ADD PRIMARY KEY (`id`),
  ADD KEY `expenses_client_id_foreign` (`client_id`),
  ADD KEY `expenses_project_id_foreign` (`project_id`),
  ADD KEY `expenses_created_by_foreign` (`created_by`),
  ADD KEY `expenses_deleted_by_foreign` (`deleted_by`);

--
-- Indexes for table `failed_jobs`
--
ALTER TABLE `failed_jobs`
  ADD PRIMARY KEY (`id`),
  ADD UNIQUE KEY `failed_jobs_uuid_unique` (`uuid`);

--
-- Indexes for table `invoices`
--
ALTER TABLE `invoices`
  ADD PRIMARY KEY (`id`),
  ADD KEY `invoices_tax_id_foreign` (`tax_id`),
  ADD KEY `invoices_created_by_foreign` (`created_by`);

--
-- Indexes for table `invoice_clients`
--
ALTER TABLE `invoice_clients`
  ADD PRIMARY KEY (`id`),
  ADD KEY `invoice_clients_invoice_id_foreign` (`invoice_id`),
  ADD KEY `invoice_clients_client_id_foreign` (`client_id`);

--
-- Indexes for table `invoice_items`
--
ALTER TABLE `invoice_items`
  ADD PRIMARY KEY (`id`),
  ADD KEY `invoice_items_task_id_foreign` (`task_id`),
  ADD KEY `invoice_items_item_project_id_foreign` (`item_project_id`);

--
-- Indexes for table `invoice_projects`
--
ALTER TABLE `invoice_projects`
  ADD PRIMARY KEY (`id`),
  ADD KEY `invoice_projects_invoice_id_foreign` (`invoice_id`),
  ADD KEY `invoice_projects_project_id_foreign` (`project_id`);

--
-- Indexes for table `media`
--
ALTER TABLE `media`
  ADD PRIMARY KEY (`id`),
  ADD UNIQUE KEY `media_uuid_unique` (`uuid`),
  ADD KEY `media_model_type_model_id_index` (`model_type`,`model_id`);

--
-- Indexes for table `migrations`
--
ALTER TABLE `migrations`
  ADD PRIMARY KEY (`id`);

--
-- Indexes for table `model_has_permissions`
--
ALTER TABLE `model_has_permissions`
  ADD PRIMARY KEY (`permission_id`,`model_id`,`model_type`),
  ADD KEY `model_has_permissions_model_id_model_type_index` (`model_id`,`model_type`);

--
-- Indexes for table `model_has_roles`
--
ALTER TABLE `model_has_roles`
  ADD PRIMARY KEY (`role_id`,`model_id`,`model_type`),
  ADD KEY `model_has_roles_model_id_model_type_index` (`model_id`,`model_type`);

--
-- Indexes for table `notifications`
--
ALTER TABLE `notifications`
  ADD PRIMARY KEY (`id`),
  ADD KEY `notifications_user_id_foreign` (`user_id`);

--
-- Indexes for table `permissions`
--
ALTER TABLE `permissions`
  ADD PRIMARY KEY (`id`);

--
-- Indexes for table `personal_loans`
--
ALTER TABLE `personal_loans`
  ADD PRIMARY KEY (`id`),
  ADD KEY `Regionwise Report` (`document_id`,`status`);

--
-- Indexes for table `projects`
--
ALTER TABLE `projects`
  ADD PRIMARY KEY (`id`),
  ADD UNIQUE KEY `projects_prefix_unique` (`prefix`),
  ADD UNIQUE KEY `projects_name_unique` (`name`),
  ADD KEY `projects_client_id_foreign` (`client_id`),
  ADD KEY `projects_created_by_foreign` (`created_by`),
  ADD KEY `projects_deleted_by_foreign` (`deleted_by`);

--
-- Indexes for table `project_user`
--
ALTER TABLE `project_user`
  ADD PRIMARY KEY (`id`),
  ADD KEY `project_user_project_id_foreign` (`project_id`),
  ADD KEY `project_user_user_id_foreign` (`user_id`);

--
-- Indexes for table `reports`
--
ALTER TABLE `reports`
  ADD PRIMARY KEY (`id`),
  ADD KEY `reports_owner_id_foreign` (`owner_id`);

--
-- Indexes for table `report_filters`
--
ALTER TABLE `report_filters`
  ADD PRIMARY KEY (`id`),
  ADD KEY `report_filters_report_id_foreign` (`report_id`);

--
-- Indexes for table `report_invoices`
--
ALTER TABLE `report_invoices`
  ADD PRIMARY KEY (`id`),
  ADD KEY `report_invoices_invoice_id_foreign` (`invoice_id`),
  ADD KEY `report_invoices_report_id_foreign` (`report_id`);

--
-- Indexes for table `roles`
--
ALTER TABLE `roles`
  ADD PRIMARY KEY (`id`);

--
-- Indexes for table `role_has_permissions`
--
ALTER TABLE `role_has_permissions`
  ADD PRIMARY KEY (`permission_id`,`role_id`),
  ADD KEY `role_has_permissions_role_id_foreign` (`role_id`);

--
-- Indexes for table `status`
--
ALTER TABLE `status`
  ADD PRIMARY KEY (`id`),
  ADD UNIQUE KEY `status_status_unique` (`status`),
  ADD UNIQUE KEY `status_name_unique` (`name`);

--
-- Indexes for table `subcategory`
--
ALTER TABLE `subcategory`
  ADD PRIMARY KEY (`id`);

--
-- Indexes for table `tags`
--
ALTER TABLE `tags`
  ADD PRIMARY KEY (`id`),
  ADD UNIQUE KEY `tags_name_unique` (`name`),
  ADD KEY `tags_created_by_foreign` (`created_by`),
  ADD KEY `tags_deleted_by_foreign` (`deleted_by`);

--
-- Indexes for table `tasks`
--
ALTER TABLE `tasks`
  ADD PRIMARY KEY (`id`),
  ADD UNIQUE KEY `tasks_task_number_project_id_unique` (`task_number`,`project_id`),
  ADD KEY `tasks_deleted_by_foreign` (`deleted_by`),
  ADD KEY `tasks_project_id_foreign` (`project_id`),
  ADD KEY `tasks_created_by_foreign` (`created_by`);

--
-- Indexes for table `task_assignees`
--
ALTER TABLE `task_assignees`
  ADD PRIMARY KEY (`id`),
  ADD KEY `task_assignees_task_id_foreign` (`task_id`),
  ADD KEY `task_assignees_user_id_foreign` (`user_id`);

--
-- Indexes for table `task_attachments`
--
ALTER TABLE `task_attachments`
  ADD PRIMARY KEY (`id`),
  ADD KEY `task_attachments_task_id_foreign` (`task_id`);

--
-- Indexes for table `task_tags`
--
ALTER TABLE `task_tags`
  ADD PRIMARY KEY (`id`),
  ADD KEY `task_tags_task_id_foreign` (`task_id`),
  ADD KEY `task_tags_tag_id_foreign` (`tag_id`);

--
-- Indexes for table `taxes`
--
ALTER TABLE `taxes`
  ADD PRIMARY KEY (`id`);

--
-- Indexes for table `time_entries`
--
ALTER TABLE `time_entries`
  ADD PRIMARY KEY (`id`),
  ADD KEY `time_entries_deleted_by_foreign` (`deleted_by`),
  ADD KEY `time_entries_task_id_foreign` (`task_id`),
  ADD KEY `time_entries_activity_type_id_foreign` (`activity_type_id`),
  ADD KEY `time_entries_user_id_foreign` (`user_id`);

--
-- Indexes for table `user_notifications`
--
ALTER TABLE `user_notifications`
  ADD PRIMARY KEY (`id`);

--
-- AUTO_INCREMENT for dumped tables
--

--
-- AUTO_INCREMENT for table `activity_log`
--
ALTER TABLE `activity_log`
  MODIFY `id` bigint(20) UNSIGNED NOT NULL AUTO_INCREMENT, AUTO_INCREMENT=392;

--
-- AUTO_INCREMENT for table `activity_types`
--
ALTER TABLE `activity_types`
  MODIFY `id` int(10) UNSIGNED NOT NULL AUTO_INCREMENT, AUTO_INCREMENT=6;

--
-- AUTO_INCREMENT for table `category`
--
ALTER TABLE `category`
  MODIFY `id` int(11) NOT NULL AUTO_INCREMENT, AUTO_INCREMENT=7;

--
-- AUTO_INCREMENT for table `clients`
--
ALTER TABLE `clients`
  MODIFY `id` int(10) UNSIGNED NOT NULL AUTO_INCREMENT, AUTO_INCREMENT=14;

--
-- AUTO_INCREMENT for table `comments`
--
ALTER TABLE `comments`
  MODIFY `id` int(10) UNSIGNED NOT NULL AUTO_INCREMENT, AUTO_INCREMENT=23;

--
-- AUTO_INCREMENT for table `dailyworks`
--
ALTER TABLE `dailyworks`
  MODIFY `id` int(10) UNSIGNED NOT NULL AUTO_INCREMENT, AUTO_INCREMENT=104;

--
-- AUTO_INCREMENT for table `departments`
--
ALTER TABLE `departments`
  MODIFY `id` int(10) UNSIGNED NOT NULL AUTO_INCREMENT, AUTO_INCREMENT=7;

--
-- AUTO_INCREMENT for table `events`
--
ALTER TABLE `events`
  MODIFY `id` int(10) UNSIGNED NOT NULL AUTO_INCREMENT;

--
-- AUTO_INCREMENT for table `expenses`
--
ALTER TABLE `expenses`
  MODIFY `id` int(10) UNSIGNED NOT NULL AUTO_INCREMENT;

--
-- AUTO_INCREMENT for table `failed_jobs`
--
ALTER TABLE `failed_jobs`
  MODIFY `id` int(10) UNSIGNED NOT NULL AUTO_INCREMENT;

--
-- AUTO_INCREMENT for table `invoices`
--
ALTER TABLE `invoices`
  MODIFY `id` int(10) UNSIGNED NOT NULL AUTO_INCREMENT;

--
-- AUTO_INCREMENT for table `invoice_clients`
--
ALTER TABLE `invoice_clients`
  MODIFY `id` int(10) UNSIGNED NOT NULL AUTO_INCREMENT;

--
-- AUTO_INCREMENT for table `invoice_items`
--
ALTER TABLE `invoice_items`
  MODIFY `id` int(10) UNSIGNED NOT NULL AUTO_INCREMENT;

--
-- AUTO_INCREMENT for table `invoice_projects`
--
ALTER TABLE `invoice_projects`
  MODIFY `id` int(10) UNSIGNED NOT NULL AUTO_INCREMENT;

--
-- AUTO_INCREMENT for table `media`
--
ALTER TABLE `media`
  MODIFY `id` bigint(20) UNSIGNED NOT NULL AUTO_INCREMENT, AUTO_INCREMENT=17;

--
-- AUTO_INCREMENT for table `migrations`
--
ALTER TABLE `migrations`
  MODIFY `id` int(10) UNSIGNED NOT NULL AUTO_INCREMENT, AUTO_INCREMENT=55;

--
-- AUTO_INCREMENT for table `notifications`
--
ALTER TABLE `notifications`
  MODIFY `id` bigint(20) UNSIGNED NOT NULL AUTO_INCREMENT;

--
-- AUTO_INCREMENT for table `permissions`
--
ALTER TABLE `permissions`
  MODIFY `id` int(10) UNSIGNED NOT NULL AUTO_INCREMENT, AUTO_INCREMENT=21;

--
-- AUTO_INCREMENT for table `personal_loans`
--
ALTER TABLE `personal_loans`
  MODIFY `id` bigint(20) NOT NULL AUTO_INCREMENT;

--
-- AUTO_INCREMENT for table `projects`
--
ALTER TABLE `projects`
  MODIFY `id` int(10) UNSIGNED NOT NULL AUTO_INCREMENT, AUTO_INCREMENT=89;

--
-- AUTO_INCREMENT for table `project_user`
--
ALTER TABLE `project_user`
  MODIFY `id` int(10) UNSIGNED NOT NULL AUTO_INCREMENT, AUTO_INCREMENT=181;

--
-- AUTO_INCREMENT for table `reports`
--
ALTER TABLE `reports`
  MODIFY `id` int(10) UNSIGNED NOT NULL AUTO_INCREMENT;

--
-- AUTO_INCREMENT for table `report_filters`
--
ALTER TABLE `report_filters`
  MODIFY `id` bigint(20) UNSIGNED NOT NULL AUTO_INCREMENT;

--
-- AUTO_INCREMENT for table `report_invoices`
--
ALTER TABLE `report_invoices`
  MODIFY `id` int(10) UNSIGNED NOT NULL AUTO_INCREMENT;

--
-- AUTO_INCREMENT for table `roles`
--
ALTER TABLE `roles`
  MODIFY `id` int(10) UNSIGNED NOT NULL AUTO_INCREMENT, AUTO_INCREMENT=6;

--
-- AUTO_INCREMENT for table `status`
--
ALTER TABLE `status`
  MODIFY `id` int(10) UNSIGNED NOT NULL AUTO_INCREMENT, AUTO_INCREMENT=4;

--
-- AUTO_INCREMENT for table `subcategory`
--
ALTER TABLE `subcategory`
  MODIFY `id` int(11) NOT NULL AUTO_INCREMENT, AUTO_INCREMENT=10;

--
-- AUTO_INCREMENT for table `tags`
--
ALTER TABLE `tags`
  MODIFY `id` int(10) UNSIGNED NOT NULL AUTO_INCREMENT, AUTO_INCREMENT=2;

--
-- AUTO_INCREMENT for table `tasks`
--
ALTER TABLE `tasks`
  MODIFY `id` int(10) UNSIGNED NOT NULL AUTO_INCREMENT, AUTO_INCREMENT=140;

--
-- AUTO_INCREMENT for table `task_assignees`
--
ALTER TABLE `task_assignees`
  MODIFY `id` bigint(20) UNSIGNED NOT NULL AUTO_INCREMENT, AUTO_INCREMENT=257;

--
-- AUTO_INCREMENT for table `task_attachments`
--
ALTER TABLE `task_attachments`
  MODIFY `id` int(10) UNSIGNED NOT NULL AUTO_INCREMENT;

--
-- AUTO_INCREMENT for table `task_tags`
--
ALTER TABLE `task_tags`
  MODIFY `id` int(10) UNSIGNED NOT NULL AUTO_INCREMENT, AUTO_INCREMENT=51;

--
-- AUTO_INCREMENT for table `taxes`
--
ALTER TABLE `taxes`
  MODIFY `id` int(10) UNSIGNED NOT NULL AUTO_INCREMENT, AUTO_INCREMENT=4;

--
-- AUTO_INCREMENT for table `time_entries`
--
ALTER TABLE `time_entries`
  MODIFY `id` int(10) UNSIGNED NOT NULL AUTO_INCREMENT, AUTO_INCREMENT=3;

--
-- AUTO_INCREMENT for table `user_notifications`
--
ALTER TABLE `user_notifications`
  MODIFY `id` bigint(20) UNSIGNED NOT NULL AUTO_INCREMENT, AUTO_INCREMENT=58;
COMMIT;

